000
CXUS54 KLZK 011130
CF6FLP
PRELIMINARY LOCAL CLIMATOLOGICAL DATA (WS FORM: F-6)
STATION: Flippin
MONTH: JUNE
YEAR: 2020
LATITUDE: 36 17 N
LONGITUDE: 92 28 W
TEMPERATURE IN F: :PCPN: SNOW: WIND :SUNSHINE: SKY :PK WND
================================================================================
1 2 3 4 5 6A 6B 7 8 9 10 11 12 13 14 15 16 17 18
12Z AVG MX 2MIN
DY MAX MIN AVG DEP HDD CDD WTR SNW DPTH SPD SPD DIR MIN PSBL S-S WX SPD DR
================================================================================
1 84 56 70 M 0 5 0.00 M M 1.8 7 140 M M 0 M M
2 87 57 72 M 0 7 0.00 M M 2.6 8 260 M M 0 1 M M
3 89 63 76 M 0 11 0.31 M M 3.1 10 270 M M 2 13 16 270
4 82 65 74 M 0 9 0.11 M M 3.9 9 260 M M 3 M M
5 93 68 81 M 0 16 0.00 M M 2.8 12 210 M M 2 M M
6 92 72 82 M 0 17 0.00 M M 2.5 7 99 M M 3 12 M M
7 92 67 80 M 0 15 0.00 M M 3.5 10 80 M M 0 1 M M
8 81 70 76 M 0 11 2.17 M M 6.9 16 30 M M 4 1 23 30
9 91 73 82 M 0 17 0.31 M M 8.7 17 250 M M 4 1 25 210
10 77 57 67 M 0 2 0.00 M M 10.5 20 290 M M 5 31 260
11 85 54 70 M 0 5 0.00 M M 1.6 6 350 M M 0 M M
12 89 57 73 M 0 8 0.00 M M 1.6 6 280 M M 0 M M
13 91 62 77 M 0 12 0.00 M M 1.7 6 360 M M 0 3 M M
14 91 63 77 M 0 12 0.00 M M 1.5 6 120 M M 0 M M
15 89 66 78 M 0 13 0.00 M M 1.8 5 80 M M 0 M M
16 83 62 73 M 0 8 0.00 M M 2.6 7 100 M M 3 M M
17 85 56 71 M 0 6 0.00 M M 1.6 7 130 M M 2 M M
18 87 59 73 M 0 8 0.00 M M 2.3 6 120 M M 0 M M
19 88 63 76 M 0 11 0.00 M M 2.6 7 160 M M 1 3 M M
20 88 66 77 M 0 12 0.08 M M 2.7 9 220 M M 3 3 16 220
21 87 64 76 M 0 11 0.01 M M 1.8 7 99 M M 4 123 M M
22 86 67 77 M 0 12 0.03 M M 3.2 8 260 M M 3 1 M M
23 86 66 76 M 0 11 0.16 M M 3.8 9 20 M M 2 13 M M
24 86 60 73 M 0 8 0.00 M M 2.1 6 20 M M 0 M M
25 89 61 75 M 0 10 0.00 M M 3.0 8 130 M M 0 M M
26 88 65 77 M 0 12 0.00 M M 4.7 12 200 M M 2 17 210
27 88 68 78 M 0 13 0.00 M M 5.7 12 230 M M 2 17 220
28 92 73 83 M 0 18 0.00 M M 6.3 13 240 M M 3 22 180
29 84 74 79 M 0 14 0.00 M M 5.5 10 160 M M 5 1 17 170
30 92 74 83 M 0 18 0.00 M M 4.9 10 270 M M 5 17 220
================================================================================
SM 2622 1928 0 332 3.18 M 107.3 M 58
================================================================================
AV 87.4 64.3 3.6 FASTST M M 2 MAX(MPH)
MISC ----> # 20 290 # 31 260
================================================================================
NOTES:
# LAST OF SEVERAL OCCURRENCES
COLUMN 17 PEAK WIND IN M.P.H.
PRELIMINARY LOCAL CLIMATOLOGICAL DATA (WS FORM: F-6) , PAGE 2
STATION: Flippin
MONTH: JUNE
YEAR: 2020
LATITUDE: 36 17 N
LONGITUDE: 92 28 W
[TEMPERATURE DATA] [PRECIPITATION DATA] SYMBOLS USED IN COLUMN 16
AVERAGE MONTHLY: 75.8 TOTAL FOR MONTH: 3.18 1 = FOG OR MIST
DPTR FM NORMAL: M DPTR FM NORMAL: M 2 = FOG REDUCING VISIBILITY
HIGHEST: 93 ON 5 GRTST 24HR 2.17 ON 8- 8 TO 1/4 MILE OR LESS
LOWEST: 54 ON 11 3 = THUNDER
SNOW, ICE PELLETS, HAIL 4 = ICE PELLETS
TOTAL MONTH: M 5 = HAIL
GRTST 24HR M ON M 6 = FREEZING RAIN OR DRIZZLE
GRTST DEPTH: M ON M 7 = DUSTSTORM OR SANDSTORM:
VSBY 1/2 MILE OR LESS
8 = SMOKE OR HAZE
[NO. OF DAYS WITH] [WEATHER - DAYS WITH] 9 = BLOWING SNOW
X = TORNADO
MAX 32 OR BELOW: 0 0.01 INCH OR MORE: 8
MAX 90 OR ABOVE: 8 0.10 INCH OR MORE: 5
MIN 32 OR BELOW: 0 0.50 INCH OR MORE: 1
MIN 0 OR BELOW: 0 1.00 INCH OR MORE: 1
[HDD (BASE 65) ]
TOTAL THIS MO. 0 CLEAR (SCALE 0-3) 22
DPTR FM NORMAL M PTCLDY (SCALE 4-7) 8
TOTAL FM JUL 1 3615 CLOUDY (SCALE 8-10) 0
DPTR FM NORMAL M
[CDD (BASE 65) ]
TOTAL THIS MO. 332
DPTR FM NORMAL M [PRESSURE DATA]
TOTAL FM JAN 1 460 HIGHEST SLP 30.34 ON 12
DPTR FM NORMAL M LOWEST SLP 29.39 ON 9
[REMARKS]
#FINAL-06-20#