000
CXUS55 KBOU 010900
CF6FNL
PRELIMINARY LOCAL CLIMATOLOGICAL DATA (WS FORM: F-6)
STATION: FT COLLINS/LOVELAND CO
MONTH: JUNE
YEAR: 2021
LATITUDE: 40 27 N
LONGITUDE: 105 1 W
TEMPERATURE IN F: :PCPN: SNOW: WIND :SUNSHINE: SKY :PK WND
================================================================================
1 2 3 4 5 6A 6B 7 8 9 10 11 12 13 14 15 16 17 18
12Z AVG MX 2MIN
DY MAX MIN AVG DEP HDD CDD WTR SNW DPTH SPD SPD DIR MIN PSBL S-S WX SPD DR
================================================================================
1 73 43 58 M 7 0 0.00 M M 5.3 13 260 M M 2 M M
2 79 47 63 M 2 0 0.00 M M 4.2 7 140 M M 0 M M
3 86 49 68 M 0 3 0.00 M M 5.3 8 150 M M 0 M M
4 93 54 74 M 0 9 0.00 M M 4.7 9 150 M M 0 M M
5 95 53 74 M 0 9 0.00 M M 5.2 13 340 M M 1 M M
6 90 58 74 M 0 9 0.00 M M 7.5 22 130 M M 1 43 180
7 93 53 73 M 0 8 0.00 M M 4.5 16 170 M M 1 3 46 130
8 94 51 73 M 0 8 0.00 M M 7.5 15 330 M M 0 20 200
9 92 58 75 M 0 10 0.00 M M 6.8 14 120 M M 0 M M
10 97 57 77 M 0 12 0.00 M M 8.2 21 270 M M 0 35 280
11 81 49 65 M 0 0 0.00 M M 10.3 18 360 M M 0 23 360
12 91 46 69 M 0 4 0.00 M M 6.5 15 80 M M 0 M M
13 96 59 78 M 0 13 0.01 M M 8.1 25 140 M M 1 37 130
14 99 59 79 M 0 14 0.00 M M 5.2 9 20 M M 0 M M
15 103 58 81 M 0 16 0.00 M M 5.4 8 140 M M 0 M M
16 100 62 81 M 0 16 0.00 M M 5.8 30 310 M M 0 47 350
17 105 60 83 M 0 18 0.00 M M 5.1 13 190 M M 0 M M
18 91 62 77 M 0 12 T M M 8.8 15 20 M M 0 M M
19 89 57 73 M 0 8 T M M 7.3 17 150 M M 0 3 24 360
20 85 53 69 M 0 4 0.01 M M 10.4 24 30 M M 2 30 10
21 78 53 66 M 0 1 T M M 7.3 14 30 M M 6 20 140
22 96 48 72 M 0 7 0.00 M M 5.7 12 350 M M 0 20 350
23 99 57 78 M 0 13 0.00 M M 5.1 13 330 M M 1 8 32 330
24 91 61 76 M 0 11 0.03 M M 7.1 21 270 M M 3 38 35 270
25 81 57 69 M 0 4 0.02 M M 6.9 18 30 M M 6 3 26 60
26 72 56 64 M 1 0 0.01 M M 7.3 14 330 M M 7 30 30
27 75 54 65 M 0 0 T M M 8.3 22 30 M M 6 33 30
28 75 53 64 M 1 0 0.00 M M 6.3 21 30 M M 5 28 30
29 85 50 68 M 0 3 0.00 M M 7.0 14 120 M M 2 20 140
30 88 53 71 M 0 6 0.00 M M 7.0 14 30 M M 1 M M
================================================================================
SM 2672 1630 11 218 0.08 M 200.1 M 45
================================================================================
AV 89.1 54.3 6.7 FASTST M M 2 MAX(MPH)
MISC ----> 30 310 47 350
================================================================================
NOTES:
# LAST OF SEVERAL OCCURRENCES
COLUMN 17 PEAK WIND IN M.P.H.
PRELIMINARY LOCAL CLIMATOLOGICAL DATA (WS FORM: F-6) , PAGE 2
STATION: FT COLLINS/LOVELAND CO
MONTH: JUNE
YEAR: 2021
LATITUDE: 40 27 N
LONGITUDE: 105 1 W
[TEMPERATURE DATA] [PRECIPITATION DATA] SYMBOLS USED IN COLUMN 16
AVERAGE MONTHLY: 71.7 TOTAL FOR MONTH: 0.08 1 = FOG OR MIST
DPTR FM NORMAL: 0.0 DPTR FM NORMAL: M 2 = FOG REDUCING VISIBILITY
HIGHEST: 105 ON 17 GRTST 24HR 0.05 ON 24-25 TO 1/4 MILE OR LESS
LOWEST: 43 ON 1 3 = THUNDER
SNOW, ICE PELLETS, HAIL 4 = ICE PELLETS
TOTAL MONTH: M 5 = HAIL
GRTST 24HR M ON M 6 = FREEZING RAIN OR DRIZZLE
GRTST DEPTH: M ON M 7 = DUSTSTORM OR SANDSTORM:
VSBY 1/2 MILE OR LESS
8 = SMOKE OR HAZE
[NO. OF DAYS WITH] [WEATHER - DAYS WITH] 9 = BLOWING SNOW
X = TORNADO
MAX 32 OR BELOW: 0 0.01 INCH OR MORE: 5
MAX 90 OR ABOVE: 17 0.10 INCH OR MORE: 0
MIN 32 OR BELOW: 0 0.50 INCH OR MORE: 0
MIN 0 OR BELOW: 0 1.00 INCH OR MORE: 0
[HDD (BASE 65) ]
TOTAL THIS MO. 11 CLEAR (SCALE 0-3) 25
DPTR FM NORMAL M PTCLDY (SCALE 4-7) 5
TOTAL FM JUL 1 6191 CLOUDY (SCALE 8-10) 0
DPTR FM NORMAL M
[CDD (BASE 65) ]
TOTAL THIS MO. 218
DPTR FM NORMAL M [PRESSURE DATA]
TOTAL FM JAN 1 223 HIGHEST SLP 30.20 ON 29
DPTR FM NORMAL M LOWEST SLP 29.52 ON 10
[REMARKS]
#FINAL-06-21#