000
CDUS43 KFSD 232225
CLIFSD


CLIMATE REPORT
NATIONAL WEATHER SERVICE SIOUX FALLS SD
524 PM CDT MON APR 23 2018


...................................

...THE SIOUX FALLS SD CLIMATE SUMMARY FOR APRIL 23 2018...
VALID TODAY AS OF 0500 PM LOCAL TIME.

CLIMATE NORMAL PERIOD 1981 TO 2010
CLIMATE RECORD PERIOD 1893 TO 2018


WEATHER ITEM   OBSERVED TIME   RECORD YEAR NORMAL DEPARTURE LAST
                VALUE   (LST)  VALUE       VALUE  FROM      YEAR
                                                  NORMAL
..................................................................
TEMPERATURE (F)
 TODAY
  MAXIMUM         70    359 PM  91    2009  62      8       71
  MINIMUM         33    454 AM  20    1996  38     -5       46
                                      1967
  AVERAGE         52                        50      2       59

PRECIPITATION (IN)
  TODAY            0.00          1.52 1929   0.10  -0.10     0.00
  MONTH TO DATE    3.14                      2.27   0.87     1.20
  SINCE MAR 1      5.20                      4.03   1.17     1.74
  SINCE JAN 1      6.74                      5.19   1.55     2.85

SNOWFALL (IN)
  TODAY            0.0           1.4  2001   0.1   -0.1      0.0
  MONTH TO DATE   31.4                       4.0   27.4       T
  SINCE MAR 1     38.8                      12.4   26.4      8.0
  SINCE JUL 1     70.4                      43.9   26.5     39.4
  SNOW DEPTH       0

DEGREE DAYS
 HEATING
  TODAY           13                        15     -2        6
  MONTH TO DATE  728                       464    264      313
  SINCE MAR 1   1694                      1459    235     1223
  SINCE JUL 1   7346                      7309     37     6029

 COOLING
  TODAY            0                         0      0        0
  MONTH TO DATE    0                         0      0        1
  SINCE MAR 1      0                         0      0        1
  SINCE JAN 1      0                         0      0        1
..................................................................


WIND (MPH)
  HIGHEST WIND SPEED    12   HIGHEST WIND DIRECTION     E (70)
  HIGHEST GUST SPEED    15   HIGHEST GUST DIRECTION    SE (120)
  AVERAGE WIND SPEED     4.5


SKY COVER
  POSSIBLE SUNSHINE  MM
  AVERAGE SKY COVER 0.1


WEATHER CONDITIONS
 THE FOLLOWING WEATHER WAS RECORDED TODAY.
  NO SIGNIFICANT WEATHER WAS OBSERVED.


RELATIVE HUMIDITY (PERCENT)
 HIGHEST    89           500 AM
 LOWEST     26           200 PM
 AVERAGE    58

..........................................................


THE SIOUX FALLS SD CLIMATE NORMALS FOR TOMORROW
                         NORMAL    RECORD    YEAR
 MAXIMUM TEMPERATURE (F)   63        89      1906
 MINIMUM TEMPERATURE (F)   38        20      1967


SUNRISE AND SUNSET
APRIL 23 2018.........SUNRISE   631 AM CDT   SUNSET   820 PM CDT
APRIL 24 2018.........SUNRISE   630 AM CDT   SUNSET   821 PM CDT


-  INDICATES NEGATIVE NUMBERS.
R  INDICATES RECORD WAS SET OR TIED.
MM INDICATES DATA IS MISSING.
T  INDICATES TRACE AMOUNT.




$$
