000
CDUS43 KFSD 100643
CLIFSD


CLIMATE REPORT
NATIONAL WEATHER SERVICE SIOUX FALLS SD
142 AM CDT TUE APR 10 2018


...................................

...THE SIOUX FALLS SD CLIMATE SUMMARY FOR APRIL 9 2018...

CLIMATE NORMAL PERIOD 1981 TO 2010
CLIMATE RECORD PERIOD 1893 TO 2018


WEATHER ITEM   OBSERVED TIME   RECORD YEAR NORMAL DEPARTURE LAST
                VALUE   (LST)  VALUE       VALUE  FROM      YEAR
                                                  NORMAL
..................................................................
TEMPERATURE (F)
 YESTERDAY
  MAXIMUM         37    359 PM  88    1977  56    -19       65
  MINIMUM         27    818 AM  10    1997  32     -5       47
  AVERAGE         32                        44    -12       56

PRECIPITATION (IN)
  YESTERDAY        T             1.42 2013   0.10  -0.10     0.01
  MONTH TO DATE    0.77                      0.82  -0.05     0.10
  SINCE MAR 1      2.83                      2.58   0.25     0.64
  SINCE JAN 1      4.37                      3.74   0.63     1.75

SNOWFALL (IN)
  YESTERDAY        T             5.9  1995   0.2   -0.2      0.0
  MONTH TO DATE   10.7                       1.8    8.9      0.0
  SINCE MAR 1     18.1                      10.2    7.9      8.0
  SINCE JUL 1     49.7                      41.7    8.0     39.4
  SNOW DEPTH       4

DEGREE DAYS
 HEATING
  YESTERDAY       33                        21     12        9
  MONTH TO DATE  348                       209    139      120
  SINCE MAR 1   1314                      1204    110     1030
  SINCE JUL 1   6966                      7054    -88     5836

 COOLING
  YESTERDAY        0                         0      0        0
  MONTH TO DATE    0                         0      0        1
  SINCE MAR 1      0                         0      0        1
  SINCE JAN 1      0                         0      0        1
..................................................................


WIND (MPH)
  HIGHEST WIND SPEED    15   HIGHEST WIND DIRECTION    NE (60)
  HIGHEST GUST SPEED    19   HIGHEST GUST DIRECTION     E (90)
  AVERAGE WIND SPEED     6.7


SKY COVER
  POSSIBLE SUNSHINE  MM
  AVERAGE SKY COVER 0.9


WEATHER CONDITIONS
 THE FOLLOWING WEATHER WAS RECORDED YESTERDAY.
  LIGHT SNOW


RELATIVE HUMIDITY (PERCENT)
 HIGHEST    92           200 AM
 LOWEST     52           400 PM
 AVERAGE    72

..........................................................


THE SIOUX FALLS SD CLIMATE NORMALS FOR TODAY
                         NORMAL    RECORD    YEAR
 MAXIMUM TEMPERATURE (F)   56        83      1977
                                             1930
                                             1910
 MINIMUM TEMPERATURE (F)   32        18      1989


SUNRISE AND SUNSET
APRIL 10 2018.........SUNRISE   653 AM CDT   SUNSET   804 PM CDT
APRIL 11 2018.........SUNRISE   651 AM CDT   SUNSET   806 PM CDT


-  INDICATES NEGATIVE NUMBERS.
R  INDICATES RECORD WAS SET OR TIED.
MM INDICATES DATA IS MISSING.
T  INDICATES TRACE AMOUNT.




$$
