000
CDUS43 KFSD 072225
CLIFSD


CLIMATE REPORT
NATIONAL WEATHER SERVICE SIOUX FALLS SD
525 PM CDT MON MAY 7 2018


...................................

...THE SIOUX FALLS SD CLIMATE SUMMARY FOR MAY 7 2018...
VALID TODAY AS OF 0500 PM LOCAL TIME.

CLIMATE NORMAL PERIOD 1981 TO 2010
CLIMATE RECORD PERIOD 1893 TO 2018


WEATHER ITEM   OBSERVED TIME   RECORD YEAR NORMAL DEPARTURE LAST
                VALUE   (LST)  VALUE       VALUE  FROM      YEAR
                                                  NORMAL
..................................................................
TEMPERATURE (F)
 TODAY
  MAXIMUM         81    342 PM  92    1916  67     14       82
  MINIMUM         51    519 AM  26    1991  43      8       46
  AVERAGE         66                        55     11       64

PRECIPITATION (IN)
  TODAY            0.00          1.87 1993   0.10  -0.10     0.00
  MONTH TO DATE    T                         0.75  -0.75     0.54
  SINCE MAR 1      5.40                      5.52  -0.12     3.95
  SINCE JAN 1      6.94                      6.68   0.26     5.06

SNOWFALL (IN)
  TODAY            0.0           T    1938   0.0    0.0      0.0
  MONTH TO DATE    0.0                       0.3   -0.3      2.2
  SINCE MAR 1     38.8                      13.3   25.5     11.5
  SINCE JUL 1     70.4                      44.8   25.6     42.9
  SNOW DEPTH       0

DEGREE DAYS
 HEATING
  TODAY            0                        10    -10        1
  MONTH TO DATE   28                        79    -51       77
  SINCE MAR 1   1818                      1636    182     1461
  SINCE JUL 1   7470                      7486    -16     6267

 COOLING
  TODAY            1                         1      0        0
  MONTH TO DATE    3                         3      0        0
  SINCE MAR 1     10                         8      2        1
  SINCE JAN 1     10                         8      2        1
..................................................................


WIND (MPH)
  HIGHEST WIND SPEED    24   HIGHEST WIND DIRECTION     S (190)
  HIGHEST GUST SPEED    35   HIGHEST GUST DIRECTION     S (160)
  AVERAGE WIND SPEED    10.4


SKY COVER
  POSSIBLE SUNSHINE  MM
  AVERAGE SKY COVER 0.1


WEATHER CONDITIONS
 THE FOLLOWING WEATHER WAS RECORDED TODAY.
  NO SIGNIFICANT WEATHER WAS OBSERVED.


RELATIVE HUMIDITY (PERCENT)
 HIGHEST    59           500 AM
 LOWEST     23           200 PM
 AVERAGE    41

..........................................................


THE SIOUX FALLS SD CLIMATE NORMALS FOR TOMORROW
                         NORMAL    RECORD    YEAR
 MAXIMUM TEMPERATURE (F)   68        96      1934
 MINIMUM TEMPERATURE (F)   43        26      1980


SUNRISE AND SUNSET
MAY  7 2018...........SUNRISE   611 AM CDT   SUNSET   836 PM CDT
MAY  8 2018...........SUNRISE   610 AM CDT   SUNSET   837 PM CDT


-  INDICATES NEGATIVE NUMBERS.
R  INDICATES RECORD WAS SET OR TIED.
MM INDICATES DATA IS MISSING.
T  INDICATES TRACE AMOUNT.




$$
