000
CDUS43 KFSD 030624
CLIFSD


CLIMATE REPORT
NATIONAL WEATHER SERVICE SIOUX FALLS SD
124 AM CDT THU MAY 3 2018


...................................

...THE SIOUX FALLS SD CLIMATE SUMMARY FOR MAY 2 2018...

CLIMATE NORMAL PERIOD 1981 TO 2010
CLIMATE RECORD PERIOD 1893 TO 2018


WEATHER ITEM   OBSERVED TIME   RECORD YEAR NORMAL DEPARTURE LAST
                VALUE   (LST)  VALUE       VALUE  FROM      YEAR
                                                  NORMAL
..................................................................
TEMPERATURE (F)
 YESTERDAY
  MAXIMUM         66    425 PM  88    1955  66      0       64
  MINIMUM         40    520 AM  22    1908  41     -1       31
  AVERAGE         53                        53      0       48

PRECIPITATION (IN)
  YESTERDAY        0.00          2.05 1902   0.11  -0.11     0.00
  MONTH TO DATE    T                         0.22  -0.22     0.32
  SINCE MAR 1      5.40                      4.99   0.41     3.73
  SINCE JAN 1      6.94                      6.15   0.79     4.84

SNOWFALL (IN)
  YESTERDAY        0.0           0.2  1954   0.0    0.0      0.0
  MONTH TO DATE    0.0                       0.1   -0.1      2.2
  SINCE MAR 1     38.8                      13.1   25.7     11.5
  SINCE JUL 1     70.4                      44.6   25.8     42.9
  SNOW DEPTH       0

DEGREE DAYS
 HEATING
  YESTERDAY       12                        12      0       17
  MONTH TO DATE   19                        24     -5       38
  SINCE MAR 1   1809                      1581    228     1422
  SINCE JUL 1   7461                      7431     30     6228

 COOLING
  YESTERDAY        0                         0      0        0
  MONTH TO DATE    0                         0      0        0
  SINCE MAR 1      7                         5      2        1
  SINCE JAN 1      7                         5      2        1
..................................................................


WIND (MPH)
  HIGHEST WIND SPEED    15   HIGHEST WIND DIRECTION     N (360)
  HIGHEST GUST SPEED    22   HIGHEST GUST DIRECTION     N (360)
  AVERAGE WIND SPEED     6.5


SKY COVER
  POSSIBLE SUNSHINE  MM
  AVERAGE SKY COVER 0.8


WEATHER CONDITIONS
 THE FOLLOWING WEATHER WAS RECORDED YESTERDAY.
  NO SIGNIFICANT WEATHER WAS OBSERVED.


RELATIVE HUMIDITY (PERCENT)
 HIGHEST    89           300 AM
 LOWEST     48           400 PM
 AVERAGE    69

..........................................................


THE SIOUX FALLS SD CLIMATE NORMALS FOR TODAY
                         NORMAL    RECORD    YEAR
 MAXIMUM TEMPERATURE (F)   66        92      1949
 MINIMUM TEMPERATURE (F)   42        18      1967


SUNRISE AND SUNSET
MAY  3 2018...........SUNRISE   617 AM CDT   SUNSET   832 PM CDT
MAY  4 2018...........SUNRISE   615 AM CDT   SUNSET   833 PM CDT


-  INDICATES NEGATIVE NUMBERS.
R  INDICATES RECORD WAS SET OR TIED.
MM INDICATES DATA IS MISSING.
T  INDICATES TRACE AMOUNT.




$$
