000
CDUS43 KFSD 192304
CLIFSD


CLIMATE REPORT
NATIONAL WEATHER SERVICE SIOUX FALLS SD
604 PM CDT THU APR 19 2018


...................................

...THE SIOUX FALLS SD CLIMATE SUMMARY FOR APRIL 19 2018...
VALID TODAY AS OF 0500 PM LOCAL TIME.

CLIMATE NORMAL PERIOD 1981 TO 2010
CLIMATE RECORD PERIOD 1893 TO 2018


WEATHER ITEM   OBSERVED TIME   RECORD YEAR NORMAL DEPARTURE LAST
                VALUE   (LST)  VALUE       VALUE  FROM      YEAR
                                                  NORMAL
..................................................................
TEMPERATURE (F)
 TODAY
  MAXIMUM         50    308 PM  89    1987  60    -10       47
  MINIMUM         23    533 AM  15    1928  36    -13       44
  AVERAGE         37                        48    -11       46

PRECIPITATION (IN)
  TODAY            0.00          1.90 1916   0.11  -0.11     0.47
  MONTH TO DATE    3.14                      1.86   1.28     1.20
  SINCE MAR 1      5.20                      3.62   1.58     1.74
  SINCE JAN 1      6.74                      4.78   1.96     2.85

SNOWFALL (IN)
  TODAY            0.0           0.5  1966   0.1   -0.1      0.0
  MONTH TO DATE   31.4                       3.5   27.9       T
  SINCE MAR 1     38.8                      11.9   26.9      8.0
  SINCE JUL 1     70.4                      43.4   27.0     39.4
  SNOW DEPTH       3

DEGREE DAYS
 HEATING
  TODAY           28                        17     11       19
  MONTH TO DATE  650                       400    250      257
  SINCE MAR 1   1616                      1395    221     1167
  SINCE JUL 1   7268                      7245     23     5973

 COOLING
  TODAY            0                         0      0        0
  MONTH TO DATE    0                         0      0        1
  SINCE MAR 1      0                         0      0        1
  SINCE JAN 1      0                         0      0        1
..................................................................


WIND (MPH)
  HIGHEST WIND SPEED    10   HIGHEST WIND DIRECTION     N (360)
  HIGHEST GUST SPEED    13   HIGHEST GUST DIRECTION     N (360)
  AVERAGE WIND SPEED     3.6


SKY COVER
  POSSIBLE SUNSHINE  MM
  AVERAGE SKY COVER 0.2


WEATHER CONDITIONS
 THE FOLLOWING WEATHER WAS RECORDED TODAY.
  NO SIGNIFICANT WEATHER WAS OBSERVED.


RELATIVE HUMIDITY (PERCENT)
 HIGHEST    85           300 AM
 LOWEST     40           400 PM
 AVERAGE    63

..........................................................


THE SIOUX FALLS SD CLIMATE NORMALS FOR TOMORROW
                         NORMAL    RECORD    YEAR
 MAXIMUM TEMPERATURE (F)   61        93      1980
 MINIMUM TEMPERATURE (F)   36        16      2013


SUNRISE AND SUNSET
APRIL 19 2018.........SUNRISE   638 AM CDT   SUNSET   815 PM CDT
APRIL 20 2018.........SUNRISE   636 AM CDT   SUNSET   816 PM CDT


-  INDICATES NEGATIVE NUMBERS.
R  INDICATES RECORD WAS SET OR TIED.
MM INDICATES DATA IS MISSING.
T  INDICATES TRACE AMOUNT.




$$
