838
CDUS43 KFSD 190641
CLIFSD


CLIMATE REPORT
NATIONAL WEATHER SERVICE SIOUX FALLS SD
138 AM CDT SAT MAY 19 2018


...................................

...THE SIOUX FALLS SD CLIMATE SUMMARY FOR MAY 18 2018...

CLIMATE NORMAL PERIOD 1981 TO 2010
CLIMATE RECORD PERIOD 1893 TO 2018


WEATHER ITEM   OBSERVED TIME   RECORD YEAR NORMAL DEPARTURE LAST
                VALUE   (LST)  VALUE       VALUE  FROM      YEAR
                                                  NORMAL
..................................................................
TEMPERATURE (F)
 YESTERDAY
  MAXIMUM         76    557 PM  98    1934  70      6       55
  MINIMUM         55   1159 PM  28    1915  47      8       49
  AVERAGE         66                        59      7       52

PRECIPITATION (IN)
  YESTERDAY        T             1.22 1996   0.11  -0.11     0.00
  MONTH TO DATE    2.04                      1.91   0.13     2.39
  SINCE MAR 1      7.44                      6.68   0.76     5.80
  SINCE JAN 1      8.98                      7.84   1.14     6.91

SNOWFALL (IN)
  YESTERDAY        0.0           0.1  1968   0.0    0.0      0.0
  MONTH TO DATE    0.0                       0.4   -0.4      2.2
  SINCE MAR 1     38.8                      13.4   25.4     11.5
  SINCE JUL 1     70.4                      44.9   25.5     42.9
  SNOW DEPTH       0

DEGREE DAYS
 HEATING
  YESTERDAY        0                         7     -7       13
  MONTH TO DATE   94                       175    -81      124
  SINCE MAR 1   1884                      1732    152     1508
  SINCE JUL 1   7536                      7582    -46     6314

 COOLING
  YESTERDAY        1                         1      0        0
  MONTH TO DATE    9                        14     -5       25
  SINCE MAR 1     16                        19     -3       26
  SINCE JAN 1     16                        19     -3       26
..................................................................


WIND (MPH)
  HIGHEST WIND SPEED    23   HIGHEST WIND DIRECTION     S (180)
  HIGHEST GUST SPEED    34   HIGHEST GUST DIRECTION    SE (150)
  AVERAGE WIND SPEED    11.6


SKY COVER
  POSSIBLE SUNSHINE  MM
  AVERAGE SKY COVER 0.7


WEATHER CONDITIONS
 THE FOLLOWING WEATHER WAS RECORDED YESTERDAY.
  LIGHT RAIN


RELATIVE HUMIDITY (PERCENT)
 HIGHEST    80          1100 PM
 LOWEST     47          1200 AM
 AVERAGE    64

..........................................................


THE SIOUX FALLS SD CLIMATE NORMALS FOR TODAY
                         NORMAL    RECORD    YEAR
 MAXIMUM TEMPERATURE (F)   71        97      1934
 MINIMUM TEMPERATURE (F)   47        27      1894


SUNRISE AND SUNSET
MAY 19 2018...........SUNRISE   558 AM CDT   SUNSET   849 PM CDT
MAY 20 2018...........SUNRISE   557 AM CDT   SUNSET   850 PM CDT


-  INDICATES NEGATIVE NUMBERS.
R  INDICATES RECORD WAS SET OR TIED.
MM INDICATES DATA IS MISSING.
T  INDICATES TRACE AMOUNT.




$$
