000
CDUS43 KFSD 142317
CLIFSD


CLIMATE REPORT
NATIONAL WEATHER SERVICE SIOUX FALLS SD
616 PM CDT SAT APR 14 2018


...................................

...THE SIOUX FALLS SD CLIMATE SUMMARY FOR APRIL 14 2018...
VALID TODAY AS OF 0500 PM LOCAL TIME.

CLIMATE NORMAL PERIOD 1981 TO 2010
CLIMATE RECORD PERIOD 1893 TO 2018


WEATHER ITEM   OBSERVED TIME   RECORD YEAR NORMAL DEPARTURE LAST
                VALUE   (LST)  VALUE       VALUE  FROM      YEAR
                                                  NORMAL
..................................................................
TEMPERATURE (F)
 TODAY
  MAXIMUM         32   1204 AM  91    1954  58    -26       69
  MINIMUM         24   1111 AM  11    1928  34    -10       51
  AVERAGE         28                        46    -18       60

PRECIPITATION (IN)
  TODAY           MM             1.45 1919   0.10  MM        0.02
  MONTH TO DATE    1.44                      1.33   0.11     0.30
  SINCE MAR 1      3.50                      3.09   0.41     0.84
  SINCE JAN 1      5.04                      4.25   0.79     1.95

SNOWFALL (IN)
  TODAY            9.3 R         2.4  1983   0.2    9.1      0.0
  MONTH TO DATE   20.5                       2.7   17.8       T
  SINCE MAR 1     27.9                      11.1   16.8      8.0
  SINCE JUL 1     59.5                      42.6   16.9     39.4
  SNOW DEPTH       3

DEGREE DAYS
 HEATING
  TODAY           37                        19     18        5
  MONTH TO DATE  474                       310    164      201
  SINCE MAR 1   1440                      1305    135     1111
  SINCE JUL 1   7092                      7155    -63     5917

 COOLING
  TODAY            0                         0      0        0
  MONTH TO DATE    0                         0      0        1
  SINCE MAR 1      0                         0      0        1
  SINCE JAN 1      0                         0      0        1
..................................................................


WIND (MPH)
  HIGHEST WIND SPEED    51   HIGHEST WIND DIRECTION    NE (30)
  HIGHEST GUST SPEED    67   HIGHEST GUST DIRECTION    NE (30)
  AVERAGE WIND SPEED    28.8


SKY COVER
  POSSIBLE SUNSHINE  MM
  AVERAGE SKY COVER 0.9


WEATHER CONDITIONS
 THE FOLLOWING WEATHER WAS RECORDED TODAY.
  THUNDERSTORM
  HEAVY SNOW
  SNOW
  LIGHT SNOW
  FOG
  BLOWING SNOW


RELATIVE HUMIDITY (PERCENT)
 HIGHEST   100           500 AM
 LOWEST     84           300 PM
 AVERAGE    92

..........................................................


THE SIOUX FALLS SD CLIMATE NORMALS FOR TOMORROW
                         NORMAL    RECORD    YEAR
 MAXIMUM TEMPERATURE (F)   59        89      2002
 MINIMUM TEMPERATURE (F)   34        11      2014


SUNRISE AND SUNSET
APRIL 14 2018.........SUNRISE   646 AM CDT   SUNSET   809 PM CDT
APRIL 15 2018.........SUNRISE   644 AM CDT   SUNSET   810 PM CDT


-  INDICATES NEGATIVE NUMBERS.
R  INDICATES RECORD WAS SET OR TIED.
MM INDICATES DATA IS MISSING.
T  INDICATES TRACE AMOUNT.




$$
