381
CDUS43 KFSD 120644
CLIFSD


CLIMATE REPORT
NATIONAL WEATHER SERVICE SIOUX FALLS SD
143 AM CDT THU APR 12 2018


...................................

...THE SIOUX FALLS SD CLIMATE SUMMARY FOR APRIL 11 2018...

CLIMATE NORMAL PERIOD 1981 TO 2010
CLIMATE RECORD PERIOD 1893 TO 2018


WEATHER ITEM   OBSERVED TIME   RECORD YEAR NORMAL DEPARTURE LAST
                VALUE   (LST)  VALUE       VALUE  FROM      YEAR
                                                  NORMAL
..................................................................
TEMPERATURE (F)
 YESTERDAY
  MAXIMUM         53    431 PM  88    1985  57     -4       59
  MINIMUM         31    353 AM  11    1940  33     -2       26
  AVERAGE         42                        44     -2       43

PRECIPITATION (IN)
  YESTERDAY        0.00          1.67 1984   0.10  -0.10     0.00
  MONTH TO DATE    0.77                      1.02  -0.25     0.26
  SINCE MAR 1      2.83                      2.78   0.05     0.80
  SINCE JAN 1      4.37                      3.94   0.43     1.91

SNOWFALL (IN)
  YESTERDAY        0.0           3.2  2013   0.2   -0.2      0.0
  MONTH TO DATE   10.7                       2.1    8.6       T
  SINCE MAR 1     18.1                      10.5    7.6      8.0
  SINCE JUL 1     49.7                      42.0    7.7     39.4
  SNOW DEPTH       0

DEGREE DAYS
 HEATING
  YESTERDAY       23                        21      2       22
  MONTH TO DATE  392                       251    141      169
  SINCE MAR 1   1358                      1246    112     1079
  SINCE JUL 1   7010                      7096    -86     5885

 COOLING
  YESTERDAY        0                         0      0        0
  MONTH TO DATE    0                         0      0        1
  SINCE MAR 1      0                         0      0        1
  SINCE JAN 1      0                         0      0        1
..................................................................


WIND (MPH)
  HIGHEST WIND SPEED    24   HIGHEST WIND DIRECTION     E (100)
  HIGHEST GUST SPEED    32   HIGHEST GUST DIRECTION     E (110)
  AVERAGE WIND SPEED    10.9


SKY COVER
  POSSIBLE SUNSHINE  MM
  AVERAGE SKY COVER 0.7


WEATHER CONDITIONS
 THE FOLLOWING WEATHER WAS RECORDED YESTERDAY.
  FOG


RELATIVE HUMIDITY (PERCENT)
 HIGHEST    96          1200 AM
 LOWEST     54           200 PM
 AVERAGE    75

..........................................................


THE SIOUX FALLS SD CLIMATE NORMALS FOR TODAY
                         NORMAL    RECORD    YEAR
 MAXIMUM TEMPERATURE (F)   57        85      1908
 MINIMUM TEMPERATURE (F)   33        14      1957


SUNRISE AND SUNSET
APRIL 12 2018.........SUNRISE   649 AM CDT   SUNSET   807 PM CDT
APRIL 13 2018.........SUNRISE   648 AM CDT   SUNSET   808 PM CDT


-  INDICATES NEGATIVE NUMBERS.
R  INDICATES RECORD WAS SET OR TIED.
MM INDICATES DATA IS MISSING.
T  INDICATES TRACE AMOUNT.




$$
