000
CDUS43 KFSD 062225
CLIFSD


CLIMATE REPORT
NATIONAL WEATHER SERVICE SIOUX FALLS SD
523 PM CDT FRI APR 6 2018


...................................

...THE SIOUX FALLS SD CLIMATE SUMMARY FOR APRIL 6 2018...
VALID TODAY AS OF 0500 PM LOCAL TIME.

CLIMATE NORMAL PERIOD 1981 TO 2010
CLIMATE RECORD PERIOD 1893 TO 2018


WEATHER ITEM   OBSERVED TIME   RECORD YEAR NORMAL DEPARTURE LAST
                VALUE   (LST)  VALUE       VALUE  FROM      YEAR
                                                  NORMAL
..................................................................
TEMPERATURE (F)
 TODAY
  MAXIMUM         27    105 AM  88    1991  54    -27       56
  MINIMUM         15    905 AM   5    1982  31    -16       31
  AVERAGE         21                        42    -21       44

PRECIPITATION (IN)
  TODAY            0.00          1.60 2006   0.09  -0.09     0.00
  MONTH TO DATE    0.47                      0.53  -0.06     0.09
  SINCE MAR 1      2.53                      2.29   0.24     0.63
  SINCE JAN 1      4.07                      3.45   0.62     1.74

SNOWFALL (IN)
  TODAY            0.0           6.0  1909   0.2   -0.2      0.0
  MONTH TO DATE    5.9                       1.2    4.7      0.0
  SINCE MAR 1     13.3                       9.6    3.7      8.0
  SINCE JUL 1     44.9                      41.1    3.8     39.4
  SNOW DEPTH       1

DEGREE DAYS
 HEATING
  TODAY           44                        23     21       21
  MONTH TO DATE  239                       144     95       95
  SINCE MAR 1   1205                      1139     66     1005
  SINCE JUL 1   6857                      6989   -132     5811

 COOLING
  TODAY            0                         0      0        0
  MONTH TO DATE    0                         0      0        0
  SINCE MAR 1      0                         0      0        0
  SINCE JAN 1      0                         0      0        0
..................................................................


WIND (MPH)
  HIGHEST WIND SPEED    28   HIGHEST WIND DIRECTION     N (350)
  HIGHEST GUST SPEED    38   HIGHEST GUST DIRECTION    NW (330)
  AVERAGE WIND SPEED    19.2


SKY COVER
  POSSIBLE SUNSHINE  MM
  AVERAGE SKY COVER 0.8


WEATHER CONDITIONS
 THE FOLLOWING WEATHER WAS RECORDED TODAY.
  NO SIGNIFICANT WEATHER WAS OBSERVED.


RELATIVE HUMIDITY (PERCENT)
 HIGHEST    68          1200 AM
 LOWEST     45          1100 AM
 AVERAGE    57

..........................................................


THE SIOUX FALLS SD CLIMATE NORMALS FOR TOMORROW
                         NORMAL    RECORD    YEAR
 MAXIMUM TEMPERATURE (F)   54        86      1988
 MINIMUM TEMPERATURE (F)   31        11      1936


SUNRISE AND SUNSET
APRIL  6 2018.........SUNRISE   700 AM CDT   SUNSET   800 PM CDT
APRIL  7 2018.........SUNRISE   658 AM CDT   SUNSET   801 PM CDT


-  INDICATES NEGATIVE NUMBERS.
R  INDICATES RECORD WAS SET OR TIED.
MM INDICATES DATA IS MISSING.
T  INDICATES TRACE AMOUNT.




$$
