000
CDUS43 KFSD 050710
CLIFSD


CLIMATE REPORT
NATIONAL WEATHER SERVICE SIOUX FALLS SD
208 AM CDT THU APR 5 2018


...................................

...THE SIOUX FALLS SD CLIMATE SUMMARY FOR APRIL 4 2018...

CLIMATE NORMAL PERIOD 1981 TO 2010
CLIMATE RECORD PERIOD 1893 TO 2018


WEATHER ITEM   OBSERVED TIME   RECORD YEAR NORMAL DEPARTURE LAST
                VALUE   (LST)  VALUE       VALUE  FROM      YEAR
                                                  NORMAL
..................................................................
TEMPERATURE (F)
 YESTERDAY
  MAXIMUM         30    625 PM  83    1929  53    -23       65
  MINIMUM          5R   608 AM   5    1899  30    -25       38
  AVERAGE         18                        41    -23       52

PRECIPITATION (IN)
  YESTERDAY        0.00          1.02 1957   0.09  -0.09      T
  MONTH TO DATE    0.47                      0.35   0.12     0.09
  SINCE MAR 1      2.53                      2.11   0.42     0.63
  SINCE JAN 1      4.07                      3.27   0.80     1.74

SNOWFALL (IN)
  YESTERDAY        0.0           8.4  1957   0.2   -0.2      0.0
  MONTH TO DATE    5.9                       0.8    5.1      0.0
  SINCE MAR 1     13.3                       9.2    4.1      8.0
  SINCE JUL 1     44.9                      40.7    4.2     39.4
  SNOW DEPTH       4

DEGREE DAYS
 HEATING
  YESTERDAY       47                        24     23       13
  MONTH TO DATE  164                        98     66       55
  SINCE MAR 1   1130                      1093     37      965
  SINCE JUL 1   6782                      6943   -161     5771

 COOLING
  YESTERDAY        0                         0      0        0
  MONTH TO DATE    0                         0      0        0
  SINCE MAR 1      0                         0      0        0
  SINCE JAN 1      0                         0      0        0
..................................................................


WIND (MPH)
  HIGHEST WIND SPEED    17   HIGHEST WIND DIRECTION     S (180)
  HIGHEST GUST SPEED    21   HIGHEST GUST DIRECTION     S (180)
  AVERAGE WIND SPEED     6.9


SKY COVER
  POSSIBLE SUNSHINE  MM
  AVERAGE SKY COVER 0.5


WEATHER CONDITIONS
 THE FOLLOWING WEATHER WAS RECORDED YESTERDAY.
  NO SIGNIFICANT WEATHER WAS OBSERVED.


RELATIVE HUMIDITY (PERCENT)
 HIGHEST    87           500 AM
 LOWEST     50          1100 AM
 AVERAGE    69

..........................................................


THE SIOUX FALLS SD CLIMATE NORMALS FOR TODAY
                         NORMAL    RECORD    YEAR
 MAXIMUM TEMPERATURE (F)   53        87      1991
 MINIMUM TEMPERATURE (F)   30        11      1982
                                             1926


SUNRISE AND SUNSET
APRIL  5 2018.........SUNRISE   701 AM CDT   SUNSET   758 PM CDT
APRIL  6 2018.........SUNRISE   700 AM CDT   SUNSET   800 PM CDT


-  INDICATES NEGATIVE NUMBERS.
R  INDICATES RECORD WAS SET OR TIED.
MM INDICATES DATA IS MISSING.
T  INDICATES TRACE AMOUNT.




$$
