000
CDUS43 KFSD 302222
CLIFSD


CLIMATE REPORT
NATIONAL WEATHER SERVICE SIOUX FALLS SD
522 PM CDT FRI MAR 30 2018


...................................

...THE SIOUX FALLS SD CLIMATE SUMMARY FOR MARCH 30 2018...
VALID TODAY AS OF 0500 PM LOCAL TIME.

CLIMATE NORMAL PERIOD 1981 TO 2010
CLIMATE RECORD PERIOD 1893 TO 2018


WEATHER ITEM   OBSERVED TIME   RECORD YEAR NORMAL DEPARTURE LAST
                VALUE   (LST)  VALUE       VALUE  FROM      YEAR
                                                  NORMAL
..................................................................
TEMPERATURE (F)
 TODAY
  MAXIMUM         50    249 PM  88    1943  50      0       45
  MINIMUM         24   1229 AM  -5    1969  28     -4       39
  AVERAGE         37                        39     -2       42

PRECIPITATION (IN)
  TODAY            T             1.39 1949   0.09  -0.09      T
  MONTH TO DATE    2.06                      1.67   0.39     0.54
  SINCE MAR 1      2.06                      1.67   0.39     0.54
  SINCE JAN 1      3.60                      2.83   0.77     1.65

SNOWFALL (IN)
  TODAY            T             8.9  1949   0.3   -0.3      0.0
  MONTH TO DATE    7.4                       8.2   -0.8      8.0
  SINCE MAR 1      7.4                       8.2   -0.8      8.0
  SINCE JUL 1     39.0                      39.7   -0.7     39.4
  SNOW DEPTH       0

DEGREE DAYS
 HEATING
  TODAY           28                        26      2       23
  MONTH TO DATE  936                       969    -33      894
  SINCE MAR 1    936                       969    -33      894
  SINCE JUL 1   6588                      6819   -231     5700

 COOLING
  TODAY            0                         0      0        0
  MONTH TO DATE    0                         0      0        0
  SINCE MAR 1      0                         0      0        0
  SINCE JAN 1      0                         0      0        0
..................................................................


WIND (MPH)
  HIGHEST WIND SPEED    14   HIGHEST WIND DIRECTION     S (200)
  HIGHEST GUST SPEED    19   HIGHEST GUST DIRECTION    SW (210)
  AVERAGE WIND SPEED     6.0


SKY COVER
  POSSIBLE SUNSHINE  MM
  AVERAGE SKY COVER 0.8


WEATHER CONDITIONS
 THE FOLLOWING WEATHER WAS RECORDED TODAY.
  NO SIGNIFICANT WEATHER WAS OBSERVED.


RELATIVE HUMIDITY (PERCENT)
 HIGHEST    92          1200 AM
 LOWEST     42           400 PM
 AVERAGE    67

..........................................................


THE SIOUX FALLS SD CLIMATE NORMALS FOR TOMORROW
                         NORMAL    RECORD    YEAR
 MAXIMUM TEMPERATURE (F)   51        83      2012
 MINIMUM TEMPERATURE (F)   28         6      1899


SUNRISE AND SUNSET
MARCH 30 2018.........SUNRISE   712 AM CDT   SUNSET   751 PM CDT
MARCH 31 2018.........SUNRISE   710 AM CDT   SUNSET   753 PM CDT


-  INDICATES NEGATIVE NUMBERS.
R  INDICATES RECORD WAS SET OR TIED.
MM INDICATES DATA IS MISSING.
T  INDICATES TRACE AMOUNT.




$$
