000
CDUS43 KFSD 232227
CLIFSD


CLIMATE REPORT
NATIONAL WEATHER SERVICE SIOUX FALLS SD
525 PM CDT WED MAY 23 2018


...................................

...THE SIOUX FALLS SD CLIMATE SUMMARY FOR MAY 23 2018...
VALID TODAY AS OF 0500 PM LOCAL TIME.

CLIMATE NORMAL PERIOD 1981 TO 2010
CLIMATE RECORD PERIOD 1893 TO 2018


WEATHER ITEM   OBSERVED TIME   RECORD YEAR NORMAL DEPARTURE LAST
                VALUE   (LST)  VALUE       VALUE  FROM      YEAR
                                                  NORMAL
..................................................................
TEMPERATURE (F)
 TODAY
  MAXIMUM         86    302 PM  94    1950  72     14       58
  MINIMUM         63    311 AM  33    1893  49     14       47
  AVERAGE         75                        60     15       53

PRECIPITATION (IN)
  TODAY            0.00          3.96 1936   0.11  -0.11     0.05
  MONTH TO DATE    2.19                      2.47  -0.28     3.16
  SINCE MAR 1      7.59                      7.24   0.35     6.57
  SINCE JAN 1      9.13                      8.40   0.73     7.68

SNOWFALL (IN)
  TODAY            0.0          MM      MM   0.0    0.0      0.0
  MONTH TO DATE    0.0                       0.4   -0.4      2.2
  SINCE MAR 1     38.8                      13.4   25.4     11.5
  SINCE JUL 1     70.4                      44.9   25.5     42.9
  SNOW DEPTH       0

DEGREE DAYS
 HEATING
  TODAY            0                         6     -6       12
  MONTH TO DATE  121                       208    -87      198
  SINCE MAR 1   1911                      1765    146     1582
  SINCE JUL 1   7563                      7615    -52     6388

 COOLING
  TODAY           10                         1      9        0
  MONTH TO DATE   19                        19      0       25
  SINCE MAR 1     26                        24      2       26
  SINCE JAN 1     26                        24      2       26
..................................................................


WIND (MPH)
  HIGHEST WIND SPEED    26   HIGHEST WIND DIRECTION     S (170)
  HIGHEST GUST SPEED    35   HIGHEST GUST DIRECTION     S (170)
  AVERAGE WIND SPEED    13.2


SKY COVER
  POSSIBLE SUNSHINE  MM
  AVERAGE SKY COVER 0.6


WEATHER CONDITIONS
 THE FOLLOWING WEATHER WAS RECORDED TODAY.
  THUNDERSTORM


RELATIVE HUMIDITY (PERCENT)
 HIGHEST    93           300 AM
 LOWEST     48           300 PM
 AVERAGE    71

..........................................................


THE SIOUX FALLS SD CLIMATE NORMALS FOR TOMORROW
                         NORMAL    RECORD    YEAR
 MAXIMUM TEMPERATURE (F)   72        96      1939
 MINIMUM TEMPERATURE (F)   49        27      1897


SUNRISE AND SUNSET
MAY 23 2018...........SUNRISE   555 AM CDT   SUNSET   853 PM CDT
MAY 24 2018...........SUNRISE   554 AM CDT   SUNSET   854 PM CDT


-  INDICATES NEGATIVE NUMBERS.
R  INDICATES RECORD WAS SET OR TIED.
MM INDICATES DATA IS MISSING.
T  INDICATES TRACE AMOUNT.




$$
