000
CDUS43 KFSD 060650
CLIFSD


CLIMATE REPORT
NATIONAL WEATHER SERVICE SIOUX FALLS SD
150 AM CDT FRI APR 6 2018


...................................

...THE SIOUX FALLS SD CLIMATE SUMMARY FOR APRIL 5 2018...

CLIMATE NORMAL PERIOD 1981 TO 2010
CLIMATE RECORD PERIOD 1893 TO 2018


WEATHER ITEM   OBSERVED TIME   RECORD YEAR NORMAL DEPARTURE LAST
                VALUE   (LST)  VALUE       VALUE  FROM      YEAR
                                                  NORMAL
..................................................................
TEMPERATURE (F)
 YESTERDAY
  MAXIMUM         47    418 PM  87    1991  53     -6       58
  MINIMUM         20    606 AM  11    1982  30    -10       33
                                      1926
  AVERAGE         34                        42     -8       46

PRECIPITATION (IN)
  YESTERDAY        0.00          1.13 1999   0.09  -0.09      T
  MONTH TO DATE    0.47                      0.44   0.03     0.09
  SINCE MAR 1      2.53                      2.20   0.33     0.63
  SINCE JAN 1      4.07                      3.36   0.71     1.74

SNOWFALL (IN)
  YESTERDAY        0.0           5.0  1938   0.2   -0.2      0.0
  MONTH TO DATE    5.9                       1.0    4.9      0.0
  SINCE MAR 1     13.3                       9.4    3.9      8.0
  SINCE JUL 1     44.9                      40.9    4.0     39.4
  SNOW DEPTH       1

DEGREE DAYS
 HEATING
  YESTERDAY       31                        23      8       19
  MONTH TO DATE  195                       121     74       74
  SINCE MAR 1   1161                      1116     45      984
  SINCE JUL 1   6813                      6966   -153     5790

 COOLING
  YESTERDAY        0                         0      0        0
  MONTH TO DATE    0                         0      0        0
  SINCE MAR 1      0                         0      0        0
  SINCE JAN 1      0                         0      0        0
..................................................................


WIND (MPH)
  HIGHEST WIND SPEED    28   HIGHEST WIND DIRECTION    NW (320)
  HIGHEST GUST SPEED    34   HIGHEST GUST DIRECTION    NW (330)
  AVERAGE WIND SPEED     9.2


SKY COVER
  POSSIBLE SUNSHINE  MM
  AVERAGE SKY COVER 0.7


WEATHER CONDITIONS
 THE FOLLOWING WEATHER WAS RECORDED YESTERDAY.
  NO SIGNIFICANT WEATHER WAS OBSERVED.


RELATIVE HUMIDITY (PERCENT)
 HIGHEST    91           100 AM
 LOWEST     49           300 PM
 AVERAGE    70

..........................................................


THE SIOUX FALLS SD CLIMATE NORMALS FOR TODAY
                         NORMAL    RECORD    YEAR
 MAXIMUM TEMPERATURE (F)   54        88      1991
 MINIMUM TEMPERATURE (F)   31         5      1982


SUNRISE AND SUNSET
APRIL  6 2018.........SUNRISE   700 AM CDT   SUNSET   800 PM CDT
APRIL  7 2018.........SUNRISE   658 AM CDT   SUNSET   801 PM CDT


-  INDICATES NEGATIVE NUMBERS.
R  INDICATES RECORD WAS SET OR TIED.
MM INDICATES DATA IS MISSING.
T  INDICATES TRACE AMOUNT.




$$
