421
CDUS43 KFSD 110647
CLIFSD


CLIMATE REPORT
NATIONAL WEATHER SERVICE SIOUX FALLS SD
146 AM CDT WED APR 11 2018


...................................

...THE SIOUX FALLS SD CLIMATE SUMMARY FOR APRIL 10 2018...

CLIMATE NORMAL PERIOD 1981 TO 2010
CLIMATE RECORD PERIOD 1893 TO 2018


WEATHER ITEM   OBSERVED TIME   RECORD YEAR NORMAL DEPARTURE LAST
                VALUE   (LST)  VALUE       VALUE  FROM      YEAR
                                                  NORMAL
..................................................................
TEMPERATURE (F)
 YESTERDAY
  MAXIMUM         58    611 PM  83    1977  56      2       47
                                      1930
                                      1910
  MINIMUM         29    637 AM  18    1989  32     -3       29
  AVERAGE         44                        44      0       38

PRECIPITATION (IN)
  YESTERDAY        0.00          1.72 1929   0.10  -0.10     0.16
  MONTH TO DATE    0.77                      0.92  -0.15     0.26
  SINCE MAR 1      2.83                      2.68   0.15     0.80
  SINCE JAN 1      4.37                      3.84   0.53     1.91

SNOWFALL (IN)
  YESTERDAY        0.0          10.0  1929   0.1   -0.1       T
  MONTH TO DATE   10.7                       1.9    8.8       T
  SINCE MAR 1     18.1                      10.3    7.8      8.0
  SINCE JUL 1     49.7                      41.8    7.9     39.4
  SNOW DEPTH       1

DEGREE DAYS
 HEATING
  YESTERDAY       21                        21      0       27
  MONTH TO DATE  369                       230    139      147
  SINCE MAR 1   1335                      1225    110     1057
  SINCE JUL 1   6987                      7075    -88     5863

 COOLING
  YESTERDAY        0                         0      0        0
  MONTH TO DATE    0                         0      0        1
  SINCE MAR 1      0                         0      0        1
  SINCE JAN 1      0                         0      0        1
..................................................................


WIND (MPH)
  HIGHEST WIND SPEED    15   HIGHEST WIND DIRECTION     S (190)
  HIGHEST GUST SPEED    19   HIGHEST GUST DIRECTION     S (200)
  AVERAGE WIND SPEED     7.5


SKY COVER
  POSSIBLE SUNSHINE  MM
  AVERAGE SKY COVER 0.5


WEATHER CONDITIONS
 THE FOLLOWING WEATHER WAS RECORDED YESTERDAY.
  NO SIGNIFICANT WEATHER WAS OBSERVED.


RELATIVE HUMIDITY (PERCENT)
 HIGHEST    82           900 PM
 LOWEST     51           400 PM
 AVERAGE    67

..........................................................


THE SIOUX FALLS SD CLIMATE NORMALS FOR TODAY
                         NORMAL    RECORD    YEAR
 MAXIMUM TEMPERATURE (F)   57        88      1985
 MINIMUM TEMPERATURE (F)   33        11      1940


SUNRISE AND SUNSET
APRIL 11 2018.........SUNRISE   651 AM CDT   SUNSET   806 PM CDT
APRIL 12 2018.........SUNRISE   649 AM CDT   SUNSET   807 PM CDT


-  INDICATES NEGATIVE NUMBERS.
R  INDICATES RECORD WAS SET OR TIED.
MM INDICATES DATA IS MISSING.
T  INDICATES TRACE AMOUNT.




$$
