000
CDUS43 KFSD 312223
CLIFSD


CLIMATE REPORT
NATIONAL WEATHER SERVICE SIOUX FALLS SD
522 PM CDT SAT MAR 31 2018


...................................

...THE SIOUX FALLS SD CLIMATE SUMMARY FOR MARCH 31 2018...
VALID TODAY AS OF 0500 PM LOCAL TIME.

CLIMATE NORMAL PERIOD 1981 TO 2010
CLIMATE RECORD PERIOD 1893 TO 2018


WEATHER ITEM   OBSERVED TIME   RECORD YEAR NORMAL DEPARTURE LAST
                VALUE   (LST)  VALUE       VALUE  FROM      YEAR
                                                  NORMAL
..................................................................
TEMPERATURE (F)
 TODAY
  MAXIMUM         50   1239 AM  83    2012  51     -1       59
  MINIMUM         22    943 AM   6    1899  28     -6       39
  AVERAGE         36                        40     -4       49

PRECIPITATION (IN)
  TODAY            T             3.27 2007   0.09  -0.09     0.00
  MONTH TO DATE    2.06                      1.76   0.30     0.54
  SINCE MAR 1      2.06                      1.76   0.30     0.54
  SINCE JAN 1      3.60                      2.92   0.68     1.65

SNOWFALL (IN)
  TODAY            T             9.3  1998   0.2   -0.2      0.0
  MONTH TO DATE    7.4                       8.4   -1.0      8.0
  SINCE MAR 1      7.4                       8.4   -1.0      8.0
  SINCE JUL 1     39.0                      39.9   -0.9     39.4
  SNOW DEPTH       0

DEGREE DAYS
 HEATING
  TODAY           29                        26      3       16
  MONTH TO DATE  965                       995    -30      910
  SINCE MAR 1    965                       995    -30      910
  SINCE JUL 1   6617                      6845   -228     5716

 COOLING
  TODAY            0                         0      0        0
  MONTH TO DATE    0                         0      0        0
  SINCE MAR 1      0                         0      0        0
  SINCE JAN 1      0                         0      0        0
..................................................................


WIND (MPH)
  HIGHEST WIND SPEED    31   HIGHEST WIND DIRECTION     N (340)
  HIGHEST GUST SPEED    40   HIGHEST GUST DIRECTION     N (360)
  AVERAGE WIND SPEED    21.9


SKY COVER
  POSSIBLE SUNSHINE  MM
  AVERAGE SKY COVER 0.8


WEATHER CONDITIONS
 THE FOLLOWING WEATHER WAS RECORDED TODAY.
  LIGHT RAIN


RELATIVE HUMIDITY (PERCENT)
 HIGHEST    82           400 AM
 LOWEST     42           100 PM
 AVERAGE    62

..........................................................


THE SIOUX FALLS SD CLIMATE NORMALS FOR TOMORROW
                         NORMAL    RECORD    YEAR
 MAXIMUM TEMPERATURE (F)   51        89      2012
 MINIMUM TEMPERATURE (F)   29         5      1899


SUNRISE AND SUNSET
MARCH 31 2018.........SUNRISE   710 AM CDT   SUNSET   753 PM CDT
APRIL  1 2018.........SUNRISE   709 AM CDT   SUNSET   754 PM CDT


-  INDICATES NEGATIVE NUMBERS.
R  INDICATES RECORD WAS SET OR TIED.
MM INDICATES DATA IS MISSING.
T  INDICATES TRACE AMOUNT.




$$
