000
CXUS54 KTSA 010850
CF6FSM
PRELIMINARY LOCAL CLIMATOLOGICAL DATA (WS FORM: F-6)
STATION: FORT SMITH ARKANSAS
MONTH: SEPTEMBER
YEAR: 2023
LATITUDE: 35 19 N
LONGITUDE: 94 22 W
TEMPERATURE IN F: :PCPN: SNOW: WIND :SUNSHINE: SKY :PK WND
================================================================================
1 2 3 4 5 6A 6B 7 8 9 10 11 12 13 14 15 16 17 18
12Z AVG MX 2MIN
DY MAX MIN AVG DEP HDD CDD WTR SNW DPTH SPD SPD DIR MIN PSBL S-S WX SPD DR
================================================================================
1 94 66 80 1 0 15 0.00 0.0 0 5.2 10 60 M M 0 14 90
2 95 65 80 1 0 15 0.00 0.0 0 3.8 13 170 M M 0 19 180
3 100 71 86 7 0 21 0.00 0.0 0 5.6 14 70 M M 1 17 60
4 99 76 88 9 0 23 0.00 0.0 0 8.2 17 140 M M 1 3 24 150
5 102 73 88 10 0 23 0.00 0.0 0 7.7 17 230 M M 0 24 220
6 100 74 87 9 0 22 0.00 0.0 0 6.1 16 360 M M 1 23 360
7 100 70 85 7 0 20 0.00 0.0 0 5.3 13 70 M M 2 8 17 70
8 92 71 82 5 0 17 0.65 0.0 0 7.8 35 360 M M 2 138 47 360
9 93 66 80 3 0 15 0.00 0.0 0 5.9 18 360 M M 0 8 25 40
10 88 63 76 -1 0 11 0.00 0.0 0 3.8 12 70 M M 0 19 60
11 84 67 76 0 0 11 0.01 0.0 0 4.4 15 10 M M 2 19 360
12 74 68 71 -5 0 6 0.92 0.0 0 5.7 16 50 M M 9 1 20 60
13 81 65 73 -3 0 8 0.00 0.0 0 5.8 14 50 M M 4 1 21 70
14 83 64 74 -2 0 9 T 0.0 0 5.8 16 80 M M 2 22 80
15 85 60 73 -2 0 8 0.00 0.0 0 4.3 13 60 M M 1 19 60
16 84 65 75 0 0 10 0.00 0.0 0 3.3 8 320 M M 6 10 30
17 90 61 76 2 0 11 0.00 0.0 0 4.2 13 290 M M 1 19 220
18 91 60 76 2 0 11 0.00 0.0 0 5.2 12 80 M M 0 16 80
19 85 64 75 1 0 10 0.16 0.0 0 5.4 15 70 M M 4 3 20 90
20 85 64 75 2 0 10 0.58 0.0 0 6.7 18 120 M M 6 13 25 120
21 88 68 78 5 0 13 0.01 0.0 0 7.0 14 190 M M 4 3 21 210
22 78 69 74 1 0 9 0.52 0.0 0 6.2 16 350 M M 6 13 21 340
23 93 68 81 9 0 16 0.19 0.0 0 7.1 13 110 M M 1 13 18 160
24 83 70 77 5 0 12 0.36 0.0 0 5.5 14 340 M M 7 13 19 80
25 91 68 80 8 0 15 0.00 0.0 0 2.7 15 10 M M 2 1 19 10
26 92 63 78 7 0 13 0.00 0.0 0 1.4 7 40 M M 0 10 350
27 92 64 78 7 0 13 0.00 0.0 0 2.6 10 250 M M 0 8 18 220
28 93 65 79 9 0 14 0.00 0.0 0 4.2 10 80 M M 0 13 60
29 93 68 81 11 0 16 0.00 0.0 0 4.4 12 70 M M 0 16 80
30 94 66 80 10 0 15 0.00 0.0 0 4.0 9 50 M M 0 15 120
================================================================================
SM 2702 2002 0 412 3.40 0.0 155.3 M 62
================================================================================
AV 90.1 66.7 5.2 FASTST M M 2 MAX(MPH)
MISC ----> 35 360 47 360
================================================================================
NOTES:
# LAST OF SEVERAL OCCURRENCES
COLUMN 17 PEAK WIND IN M.P.H.
PRELIMINARY LOCAL CLIMATOLOGICAL DATA (WS FORM: F-6) , PAGE 2
STATION: FORT SMITH ARKANSAS
MONTH: SEPTEMBER
YEAR: 2023
LATITUDE: 35 19 N
LONGITUDE: 94 22 W
[TEMPERATURE DATA] [PRECIPITATION DATA] SYMBOLS USED IN COLUMN 16
AVERAGE MONTHLY: 78.4 TOTAL FOR MONTH: 3.40 1 = FOG OR MIST
DPTR FM NORMAL: 3.6 DPTR FM NORMAL: -0.64 2 = FOG REDUCING VISIBILITY
HIGHEST: 102 ON 5 GRTST 24HR 0.93 ON 11-12 TO 1/4 MILE OR LESS
LOWEST: 60 ON 18,15 3 = THUNDER
SNOW, ICE PELLETS, HAIL 4 = ICE PELLETS
TOTAL MONTH: 0.0 INCH 5 = HAIL
GRTST 24HR 0.0 6 = FREEZING RAIN OR DRIZZLE
GRTST DEPTH: 0 7 = DUSTSTORM OR SANDSTORM:
VSBY 1/2 MILE OR LESS
8 = SMOKE OR HAZE
[NO. OF DAYS WITH] [WEATHER - DAYS WITH] 9 = BLOWING SNOW
X = TORNADO
MAX 32 OR BELOW: 0 0.01 INCH OR MORE: 9
MAX 90 OR ABOVE: 18 0.10 INCH OR MORE: 7
MIN 32 OR BELOW: 0 0.50 INCH OR MORE: 4
MIN 0 OR BELOW: 0 1.00 INCH OR MORE: 0
[HDD (BASE 65) ]
TOTAL THIS MO. 0 CLEAR (SCALE 0-3) 22
DPTR FM NORMAL -10 PTCLDY (SCALE 4-7) 7
TOTAL FM JUL 1 0 CLOUDY (SCALE 8-10) 1
DPTR FM NORMAL -8
[CDD (BASE 65) ]
TOTAL THIS MO. 412
DPTR FM NORMAL 108 [PRESSURE DATA]
TOTAL FM JAN 1 2441 HIGHEST SLP 30.16 ON 10
DPTR FM NORMAL 356 LOWEST SLP 29.73 ON 23
[REMARKS]
#FINAL-09-23#