000
CXUS54 KMAF 011457
CF6FST
PRELIMINARY LOCAL CLIMATOLOGICAL DATA (WS FORM: F-6)
STATION: FORT STOCKTON
MONTH: AUGUST
YEAR: 2021
LATITUDE: 30 55 N
LONGITUDE: 102 55 W
TEMPERATURE IN F: :PCPN: SNOW: WIND :SUNSHINE: SKY :PK WND
================================================================================
1 2 3 4 5 6A 6B 7 8 9 10 11 12 13 14 15 16 17 18
12Z AVG MX 2MIN
DY MAX MIN AVG DEP HDD CDD WTR SNW DPTH SPD SPD DIR MIN PSBL S-S WX SPD DR
================================================================================
1 89 70 80 -3 0 15 0.00 M M 10.5 20 350 M M 2 24 110
2 77 67 72 -11 0 7 0.24 M M 6.6 14 20 M M 7 13 17 20
3 88 66 77 -6 0 12 0.00 M M 5.7 12 60 M M 1 1 16 120
4 90 62 76 -7 0 11 0.00 M M 7.7 20 120 M M 0 25 120
5 90 65 78 -5 0 13 0.00 M M 8.9 16 120 M M 1 24 140
6 93 67 80 -3 0 15 0.00 M M 9.9 18 160 M M 0 25 130
7 100 70 85 2 0 20 0.00 M M 12.2 25 160 M M 0 33 150
8 102 73 88 5 0 23 0.00 M M 12.8 23 170 M M 1 3 30 150
9 100 73 87 4 0 22 T M M 11.0 23 170 M M 0 3 30 170
10 98 73 86 3 0 21 T M M 12.7 29 220 M M 1 3 35 220
11 92 68 80 -3 0 15 0.05 M M 9.7 26 250 M M 1 13 33 270
12 93 73 83 0 0 18 T M M 8.6 25 190 M M 3 3 30 180
13 89 69 79 -4 0 14 1.00 0.0 0 7.2 30 210 M M 2 3 46 200
14 81 67 74 -9 0 9 0.00 M M 6.5 18 320 M M 2 22 320
15 83 68 76 -6 0 11 0.08 M M 6.4 25 130 M M 2 13 30 130
16 82 69 76 -6 0 11 0.02 M M 6.8 22 210 M M 5 3 26 220
17 83 67 75 -7 0 10 0.13 M M 6.1 16 160 M M 5 1 20 160
18 93 66 80 -2 0 15 T M M 7.1 20 160 M M 1 8 24 150
19 93 71 82 0 0 17 T M M 9.1 21 320 M M 0 3 26 330
20 91 70 81 -1 0 16 0.41 M M 7.2 41 10 M M 1 3 60 20
21 88 71 80 -2 0 15 T M M 11.5 21 140 M M 0 26 140
22 92 70 81 0 0 16 0.00 M M 14.0 22 150 M M 0 28 150
23 96 69 83 2 0 18 0.00 M M 11.9 21 160 M M 0 27 170
24 96 68 82 1 0 17 0.00 M M 10.9 18 150 M M 0 25 150
25 93 69 81 0 0 16 0.00 M M 12.0 23 110 M M 0 28 110
26 93 71 82 2 0 17 0.00 M M 9.4 17 130 M M 1 23 150
27 93 68 81 1 0 16 0.00 M M 9.3 17 110 M M 1 22 100
28 92 71 82 2 0 17 0.00 M M 12.0 23 120 M M 0 29 110
29 90 70 80 0 0 15 0.00 M M 11.2 23 100 M M 2 29 100
30 92 69 81 1 0 16 0.07 M M 6.2 16 120 M M 5 13 24 110
31 94 69 82 3 0 17 0.00 M M 6.8 21 160 M M 1 3 26 190
================================================================================
SM 2826 2139 0 475 2.00 0.0 287.9 M 45
================================================================================
AV 91.2 69.0 9.3 FASTST M M 1 MAX(MPH)
MISC ----> 41 10 60 20
================================================================================
NOTES:
# LAST OF SEVERAL OCCURRENCES
COLUMN 17 PEAK WIND IN M.P.H.
PRELIMINARY LOCAL CLIMATOLOGICAL DATA (WS FORM: F-6) , PAGE 2
STATION: FORT STOCKTON
MONTH: AUGUST
YEAR: 2021
LATITUDE: 30 55 N
LONGITUDE: 102 55 W
[TEMPERATURE DATA] [PRECIPITATION DATA] SYMBOLS USED IN COLUMN 16
AVERAGE MONTHLY: 80.1 TOTAL FOR MONTH: 2.00 1 = FOG OR MIST
DPTR FM NORMAL: -1.9 DPTR FM NORMAL: 0.55 2 = FOG REDUCING VISIBILITY
HIGHEST: 102 ON 8 GRTST 24HR 1.00 ON 13-14 TO 1/4 MILE OR LESS
LOWEST: 62 ON 4 3 = THUNDER
SNOW, ICE PELLETS, HAIL 4 = ICE PELLETS
TOTAL MONTH: 0.0 INCH 5 = HAIL
GRTST 24HR 0.0 6 = FREEZING RAIN OR DRIZZLE
GRTST DEPTH: 0 7 = DUSTSTORM OR SANDSTORM:
VSBY 1/2 MILE OR LESS
8 = SMOKE OR HAZE
[NO. OF DAYS WITH] [WEATHER - DAYS WITH] 9 = BLOWING SNOW
X = TORNADO
MAX 32 OR BELOW: 0 0.01 INCH OR MORE: 8
MAX 90 OR ABOVE: 22 0.10 INCH OR MORE: 4
MIN 32 OR BELOW: 0 0.50 INCH OR MORE: 1
MIN 0 OR BELOW: 0 1.00 INCH OR MORE: 1
[HDD (BASE 65) ]
TOTAL THIS MO. 0 CLEAR (SCALE 0-3) 26
DPTR FM NORMAL 0 PTCLDY (SCALE 4-7) 5
TOTAL FM JUL 1 0 CLOUDY (SCALE 8-10) 0
DPTR FM NORMAL 0
[CDD (BASE 65) ]
TOTAL THIS MO. 475
DPTR FM NORMAL -50 [PRESSURE DATA]
TOTAL FM JAN 1 1972 HIGHEST SLP 30.13 ON 14
DPTR FM NORMAL -138 LOWEST SLP 29.65 ON 31
[REMARKS]
#FINAL-08-21#