000
CXUS54 KFWD 010731
CF6FTW
PRELIMINARY LOCAL CLIMATOLOGICAL DATA (WS FORM: F-6)
STATION: FORT WORTH MEACHAM
MONTH: MAY
YEAR: 2023
LATITUDE: 32 49 N
LONGITUDE: 97 21 W
TEMPERATURE IN F: :PCPN: SNOW: WIND :SUNSHINE: SKY :PK WND
================================================================================
1 2 3 4 5 6A 6B 7 8 9 10 11 12 13 14 15 16 17 18
12Z AVG MX 2MIN
DY MAX MIN AVG DEP HDD CDD WTR SNW DPTH SPD SPD DIR MIN PSBL S-S WX SPD DR
================================================================================
1 77 51 64 -4 1 0 0.00 M M 6.8 15 90 M M 0 20 100
2 82 53 68 -1 0 3 0.00 M M 6.5 14 90 M M 3 8 19 120
3 80 65 73 4 0 8 0.00 M M 6.6 13 90 M M 3 M M
4 83 64 74 5 0 9 T M M 10.4 24 160 M M 2 33 160
5 97 68 83 13 0 18 0.00 M M 12.7 23 150 M M 2 1 31 140
6 88 66 77 7 0 12 0.79 M M 14.2 29 280 M M 3 13 42 290
7 87 66 77 7 0 12 0.02 M M 13.6 24 120 M M 5 3 33 200
8 89 67 78 7 0 13 0.00 M M 10.3 24 150 M M 0 31 160
9 83 70 77 6 0 12 0.00 M M 10.8 21 140 M M 3 1 29 140
10 73 65 69 -2 0 4 0.21 M M 4.8 14 130 M M 4 1 18 130
11 89 64 77 5 0 12 T M M 11.0 22 140 M M 7 18 28 150
12 89 72 81 9 0 16 0.00 M M 14.2 24 140 M M 6 8 33 150
13 83 66 75 3 0 10 0.01 M M 7.0 18 170 M M 2 25 160
14 74 66 70 -3 0 5 0.49 M M 3.6 13 110 M M 7 1 19 120
15 85 64 75 2 0 10 T M M 5.8 14 320 M M 3 1 19 250
16 79 66 73 0 0 8 T M M 8.1 16 330 M M 4 23 350
17 85 60 73 -1 0 8 0.00 M M 5.6 12 10 M M 0 17 340
18 89 64 77 3 0 12 0.00 M M 7.5 15 140 M M 1 23 150
19 90 70 80 6 0 15 0.38 M M 8.3 25 210 M M 4 3 35 200
20 79 61 70 -5 0 5 0.00 M M 10.8 21 340 M M 3 8 30 350
21 75 60 68 -7 0 3 0.00 M M 2.8 8 280 M M 1 10 260
22 84 61 73 -2 0 8 0.00 M M 6.1 14 120 M M 2 18 18 120
23 86 66 76 0 0 11 0.05 M M 8.5 25 130 M M 3 18 31 120
24 87 65 76 0 0 11 0.02 M M 7.2 25 300 M M 4 13 32 300
25 84 68 76 0 0 11 0.00 M M 7.2 15 100 M M 2 20 130
26 87 66 77 0 0 12 0.00 M M 6.3 16 100 M M 1 18 22 60
27 85 68 77 0 0 12 0.00 M M 6.2 14 120 M M 2 19 130
28 87 68 78 1 0 13 0.00 M M 8.7 15 180 M M 3 23 170
29 88 65 77 -1 0 12 0.25 M M 6.1 21 320 M M 2 13 30 330
30 89 67 78 0 0 13 0.02 M M 5.8 21 90 M M 2 3 26 100
31 90 67 79 1 0 14 0.00 M M 6.2 16 120 M M 1 22 120
================================================================================
SM 2623 2009 1 312 2.24 M 249.7 M 85
================================================================================
AV 84.6 64.8 8.1 FASTST M M 3 MAX(MPH)
MISC ----> 29 280 42 290
================================================================================
NOTES:
# LAST OF SEVERAL OCCURRENCES
COLUMN 17 PEAK WIND IN M.P.H.
PRELIMINARY LOCAL CLIMATOLOGICAL DATA (WS FORM: F-6) , PAGE 2
STATION: FORT WORTH MEACHAM
MONTH: MAY
YEAR: 2023
LATITUDE: 32 49 N
LONGITUDE: 97 21 W
[TEMPERATURE DATA] [PRECIPITATION DATA] SYMBOLS USED IN COLUMN 16
AVERAGE MONTHLY: 74.7 TOTAL FOR MONTH: 2.24 1 = FOG OR MIST
DPTR FM NORMAL: 1.4 DPTR FM NORMAL: -1.78 2 = FOG REDUCING VISIBILITY
HIGHEST: 97 ON 5 GRTST 24HR 0.79 ON 6- 6 TO 1/4 MILE OR LESS
LOWEST: 51 ON 1 3 = THUNDER
SNOW, ICE PELLETS, HAIL 4 = ICE PELLETS
TOTAL MONTH: M 5 = HAIL
GRTST 24HR M ON M 6 = FREEZING RAIN OR DRIZZLE
GRTST DEPTH: M ON M 7 = DUSTSTORM OR SANDSTORM:
VSBY 1/2 MILE OR LESS
8 = SMOKE OR HAZE
[NO. OF DAYS WITH] [WEATHER - DAYS WITH] 9 = BLOWING SNOW
X = TORNADO
MAX 32 OR BELOW: 0 0.01 INCH OR MORE: 10
MAX 90 OR ABOVE: 3 0.10 INCH OR MORE: 5
MIN 32 OR BELOW: 0 0.50 INCH OR MORE: 1
MIN 0 OR BELOW: 0 1.00 INCH OR MORE: 0
[HDD (BASE 65) ]
TOTAL THIS MO. 1 CLEAR (SCALE 0-3) 21
DPTR FM NORMAL -13 PTCLDY (SCALE 4-7) 10
TOTAL FM JUL 1 2021 CLOUDY (SCALE 8-10) 0
DPTR FM NORMAL -316
[CDD (BASE 65) ]
TOTAL THIS MO. 312
DPTR FM NORMAL 41 [PRESSURE DATA]
TOTAL FM JAN 1 436 HIGHEST SLP M ON M
DPTR FM NORMAL 36 LOWEST SLP 29.67 ON 11
[REMARKS]
#FINAL-05-23#