000
CXUS51 KCAR 021220
CLMFVE
CLIMATE REPORT
NATIONAL WEATHER SERVICE CARIBOU ME
820 AM EDT FRI JUN 02 2023
...................................
...THE FRENCHVILLE ME CLIMATE SUMMARY FOR THE MONTH OF MAY 2023...
CLIMATE NORMAL PERIOD: 1991 TO 2020
CLIMATE RECORD PERIOD: 9999 TO 9999
WEATHER OBSERVED NORMAL DEPART LAST YEAR`S
VALUE DATE(S) VALUE FROM VALUE DATE(S)
NORMAL
................................................................
TEMPERATURE (F)
RECORD
HIGH MM MM
LOW 25 05/12/2020
05/12/2020
HIGHEST 90 05/31 MM MM 89 05/13
LOWEST 30 05/09 MM MM 27 05/07
05/22
05/08
AVG. MAXIMUM 62.0 61.7 0.3 65.1
AVG. MINIMUM 39.7 41.7 -2.0 41.9
MEAN 50.9 51.7 -0.8 53.5
DAYS MAX >= 90 1 0.0 1.0 0
DAYS MAX <= 32 0 0.0 0.0 0
DAYS MIN <= 32 5 4.0 1.0 5
DAYS MIN <= 0 0 0.0 0.0 0
PRECIPITATION (INCHES)
RECORD
MAXIMUM 4.92 2022
MINIMUM 1.95 2020
TOTALS 1.92* 3.07 -1.15 4.92
DAILY AVG. 0.06 0.10 -0.04 0.16
DAYS >= .01 10 14.7 -4.7 9
DAYS >= .10 6 8.4 -2.4 7
DAYS >= .50 1 1.6 -0.6 4
DAYS >= 1.00 0 0.2 -0.2 2
GREATEST
24 HR. TOTAL 0.69 05/20 TO 05/21 2.76 05/27 TO 05/28
STORM TOTAL 0.58 1.94
(MM/DD(HH)) MM
SNOWFALL (INCHES)
RECORDS
TOTAL MM MM
TOTALS MM MM MM MM
SINCE 7/1 MM MM MM MM
SNOWDEPTH AVG. MM MM
DAYS >= 1.0 MM MM MM MM
GREATEST
SNOW DEPTH MM MM MM
24 HR TOTAL MM MM
DEGREE DAYS
HEATING TOTAL 440 419 21 368
SINCE 7/1 8294 9069 -775 MM
COOLING TOTAL 10 7 3 17
SINCE 1/1 10 7 3 MM
................................................................
WIND (MPH)
AVERAGE WIND SPEED 11.0
HIGHEST WIND SPEED/DIRECTION 37/320 DATE 05/28
HIGHEST GUST SPEED/DIRECTION 55/290 DATE 05/15
SKY COVER
POSSIBLE SUNSHINE (PERCENT) MM
AVERAGE SKY COVER 0.42
NUMBER OF DAYS FAIR 13
NUMBER OF DAYS PC 12
NUMBER OF DAYS CLOUDY 6
AVERAGE RH (PERCENT) 54
WEATHER CONDITIONS. NUMBER OF DAYS WITH
THUNDERSTORM 1 MIXED PRECIP 0
HEAVY RAIN 2 RAIN 5
LIGHT RAIN 13 FREEZING RAIN 0
LT FREEZING RAIN 0 HAIL 0
HEAVY SNOW 0 SNOW 0
LIGHT SNOW 1 SLEET 0
FOG 8 FOG W/VIS <= 1/4 MILE 3
HAZE 3
- INDICATES NEGATIVE NUMBERS.
* INDICATES RECORD WAS SET OR TIED.
MM INDICATES DATA IS MISSING.
T INDICATES TRACE AMOUNT.
$$