000
CXUS54 KOUN 010810
CF6GAG
PRELIMINARY LOCAL CLIMATOLOGICAL DATA (WS FORM: F-6)
STATION: GAGE
MONTH: AUGUST
YEAR: 2023
LATITUDE: 36 17 N
LONGITUDE: 99 46 W
TEMPERATURE IN F: :PCPN: SNOW: WIND :SUNSHINE: SKY :PK WND
================================================================================
1 2 3 4 5 6A 6B 7 8 9 10 11 12 13 14 15 16 17 18
12Z AVG MX 2MIN
DY MAX MIN AVG DEP HDD CDD WTR SNW DPTH SPD SPD DIR MIN PSBL S-S WX SPD DR
================================================================================
1 105 73 89 7 0 24 0.00 M M 13.1 23 210 M M 0 29 200
2 105 74 90 8 0 25 0.00 M M 13.6 22 200 M M 0 28 230
3 105 76 91 9 0 26 0.00 M M 11.6 18 180 M M 0 24 170
4 99 69 84 2 0 19 0.18 M M 7.2 17 40 M M 1 13 21 40
5 90 67 79 -3 0 14 0.54 M M 9.8 36 350 M M 2 3 44 10
6 88 69 79 -3 0 14 0.06 M M 8.2 22 40 M M 3 3 28 40
7 88 63 76 -6 0 11 0.23 M M 6.3 20 360 M M 3 13 25 350
8 92 66 79 -3 0 14 0.00 M M 13.5 38 360 M M 2 50 360
9 88 66 77 -5 0 12 0.00 M M 9.7 21 180 M M 1 29 170
10 95 60 78 -4 0 13 M M M 6.8 14 140 M M 0 M M
11 101 71 86 4 0 21 T M M 7.8 25 200 M M 0 3 32 190
12 94 66 80 -1 0 15 0.17 M M 8.8 25 60 M M 1 13 36 70
13 98 69 84 3 0 19 0.36 M M 6.5 33 170 M M 1 13 53 160
14 84 61 73 -8 0 8 0.18 0.0 M 9.9 18 340 M M 1 13 26 360
15 91 56 74 -7 0 9 0.00 0.0 M 4.6 12 160 M M 0 15 280
16 96 63 80 -1 0 15 0.00 0.0 M 16.0 26 190 M M 0 36 180
17 93 63 78 -3 0 13 0.00 M M 9.3 18 60 M M 0 27 170
18 102 61 82 2 0 17 0.00 M M 9.1 17 170 M M 0 25 170
19 107 66 87 7 0 22 0.00 M M 11.0 23 210 M M 0 33 200
20 104 67 86 6 0 21 0.00 M M 7.4 21 160 M M 0 30 160
21 105 68 87 7 0 22 0.00 M M 6.7 16 160 M M 0 23 140
22 103 69 86 6 0 21 0.00 M M 4.5 14 110 M M 0 21 130
23 101 73 87 7 0 22 0.00 M M 9.4 20 140 M M 0 30 130
24 101 66 84 5 0 19 0.00 M M 7.7 22 190 M M 0 29 180
25 105 68 87 8 0 22 0.00 M M 8.8 20 220 M M 1 26 270
26 93 69 81 2 0 16 0.00 M M 10.9 21 340 M M 1 29 50
27 89 62 76 -3 0 11 0.00 M M 5.8 14 40 M M 2 21 350
28 93 56 75 -3 0 10 0.00 M M 4.6 15 60 M M 0 20 60
29 93 63 78 0 0 13 0.00 M M 3.4 15 30 M M 2 26 350
30 95 58 77 -1 0 12 0.00 M M 5.1 12 70 M M 0 17 50
31 97 57 77 -1 0 12 0.00 M M 8.9 20 180 M M 0 26 180
================================================================================
SM 3000 2035 0 512 1.72 0.0 266.0 M 21
================================================================================
AV 96.8 65.6 8.6 FASTST M M 1 MAX(MPH)
MISC ----> 38 360 53 160
================================================================================
NOTES:
# LAST OF SEVERAL OCCURRENCES
COLUMN 17 PEAK WIND IN M.P.H.
PRELIMINARY LOCAL CLIMATOLOGICAL DATA (WS FORM: F-6) , PAGE 2
STATION: GAGE
MONTH: AUGUST
YEAR: 2023
LATITUDE: 36 17 N
LONGITUDE: 99 46 W
[TEMPERATURE DATA] [PRECIPITATION DATA] SYMBOLS USED IN COLUMN 16
AVERAGE MONTHLY: 81.2 TOTAL FOR MONTH: 1.72 1 = FOG OR MIST
DPTR FM NORMAL: 0.6 DPTR FM NORMAL: -0.78 2 = FOG REDUCING VISIBILITY
HIGHEST: 107 ON 19 GRTST 24HR 0.60 ON 5- 6 TO 1/4 MILE OR LESS
LOWEST: 56 ON 28,15 3 = THUNDER
SNOW, ICE PELLETS, HAIL 4 = ICE PELLETS
TOTAL MONTH: 0.0 INCH 5 = HAIL
GRTST 24HR 0.0 6 = FREEZING RAIN OR DRIZZLE
GRTST DEPTH: M ON M 7 = DUSTSTORM OR SANDSTORM:
VSBY 1/2 MILE OR LESS
8 = SMOKE OR HAZE
[NO. OF DAYS WITH] [WEATHER - DAYS WITH] 9 = BLOWING SNOW
X = TORNADO
MAX 32 OR BELOW: 0 0.01 INCH OR MORE: 7
MAX 90 OR ABOVE: 26 0.10 INCH OR MORE: 6
MIN 32 OR BELOW: 0 0.50 INCH OR MORE: 1
MIN 0 OR BELOW: 0 1.00 INCH OR MORE: 0
[HDD (BASE 65) ]
TOTAL THIS MO. 0 CLEAR (SCALE 0-3) 31
DPTR FM NORMAL 0 PTCLDY (SCALE 4-7) 0
TOTAL FM JUL 1 0 CLOUDY (SCALE 8-10) 0
DPTR FM NORMAL 0
[CDD (BASE 65) ]
TOTAL THIS MO. 512
DPTR FM NORMAL 30 [PRESSURE DATA]
TOTAL FM JAN 1 1522 HIGHEST SLP M ON M
DPTR FM NORMAL -82 LOWEST SLP 29.64 ON 9
[REMARKS]
#FINAL-08-23#