000
CXUS54 KMAF 011420
CF6GDP
PRELIMINARY LOCAL CLIMATOLOGICAL DATA (WS FORM: F-6)
STATION: GUADALUPE PASS
MONTH: NOVEMBER
YEAR: 2021
LATITUDE: 31 49 N
LONGITUDE: 104 48 W
TEMPERATURE IN F: :PCPN: SNOW: WIND :SUNSHINE: SKY :PK WND
================================================================================
1 2 3 4 5 6A 6B 7 8 9 10 11 12 13 14 15 16 17 18
12Z AVG MX 2MIN
DY MAX MIN AVG DEP HDD CDD WTR SNW DPTH SPD SPD DIR MIN PSBL S-S WX SPD DR
================================================================================
1 73 46 60 4 5 0 0.00 M M 12.3 29 60 M M 0 31 50
2 62 47 55 -1 10 0 0.00 M M 18.8 30 50 M M 1 128 32 50
3 47 41 44 -12 21 0 0.01 M M 28.5 43 50 M M 10 12 46 50
4 64 37 51 -4 14 0 0.00 M M 12.0 25 50 M M 4 128 28 50
5 72 45 59 4 6 0 0.00 M M 17.3 29 250 M M 0 8 33 260
6 75 53 64 10 1 0 0.00 M M 11.4 24 240 M M 0 30 250
7 79 53 66 12 0 1 0.00 M M 12.0 23 250 M M 0 29 260
8 78 58 68 14 0 3 0.00 M M 8.8 20 250 M M 0 26 250
9 77 54 66 13 0 1 0.00 M M 11.0 25 240 M M 0 31 250
10 71 48 60 7 5 0 0.00 M M 16.4 30 250 M M 0 38 260
11 69 49 59 7 6 0 0.00 M M 10.5 23 240 M M 0 26 230
12 62 44 53 1 12 0 0.00 M M 21.3 31 70 M M 0 8 34 80
13 47 40 44 -8 21 0 M M M 14.8 22 60 M M 0 M M
14 M M M M M M M M M M M M M M M M M
15 M M M M M M M M M M M M M M M M M
16 72 58 65 15 0 0 M M M 29.9 46 250 M M 0 54 240
17 71 40 56 6 9 0 0.00 M M 22.9 44 50 M M 0 50 50
18 45 32 39 -11 26 0 0.00 M M 32.2 51 40 M M 0 8 55 40
19 63 35 49 0 16 0 0.00 M M 15.7 30 240 M M 0 34 240
20 71 43 57 8 8 0 0.00 M M 21.3 37 240 M M 0 44 250
21 60 45 53 4 12 0 0.00 M M 26.7 46 70 M M 0 51 70
22 62 41 52 4 13 0 0.00 M M 15.5 31 40 M M 0 34 40
23 65 44 55 7 10 0 M M M 16.6 24 240 M M 0 32 250
24 61 47 54 6 11 0 M M M 19.5 40 250 M M 2 49 250
25 M M M M M M M M M M M M M M M M M
26 M M M M M M M M M M M M M M M M M
27 M M M M M M M M M M M M M M M M M
28 M M M M M M M M M M M M M M M M M
29 62 41 52 6 13 0 0.00 0.0 0 18.3 30 250 M M M 34 240
30 68 42 55 9 10 0 0.00 0.0 0 15.6 30 250 M M M 34 250
================================================================================
SM 1576 1083 229 5 0.01 0.0 429.3 M 17
================================================================================
AV 65.7 45.1 17.9 FASTST M M 1 MAX(MPH)
MISC ----> 51 40 55 40
================================================================================
NOTES:
# LAST OF SEVERAL OCCURRENCES
COLUMN 17 PEAK WIND IN M.P.H.
PRELIMINARY LOCAL CLIMATOLOGICAL DATA (WS FORM: F-6) , PAGE 2
STATION: GUADALUPE PASS
MONTH: NOVEMBER
YEAR: 2021
LATITUDE: 31 49 N
LONGITUDE: 104 48 W
[TEMPERATURE DATA] [PRECIPITATION DATA] SYMBOLS USED IN COLUMN 16
AVERAGE MONTHLY: 55.4 TOTAL FOR MONTH: 0.01 1 = FOG OR MIST
DPTR FM NORMAL: 4.6 DPTR FM NORMAL: -0.34 2 = FOG REDUCING VISIBILITY
HIGHEST: 79 ON 7 GRTST 24HR 0.01 ON 3- 3 TO 1/4 MILE OR LESS
LOWEST: 32 ON 18 3 = THUNDER
SNOW, ICE PELLETS, HAIL 4 = ICE PELLETS
TOTAL MONTH: 0.0 INCH 5 = HAIL
GRTST 24HR 0.0 6 = FREEZING RAIN OR DRIZZLE
GRTST DEPTH: 0 7 = DUSTSTORM OR SANDSTORM:
VSBY 1/2 MILE OR LESS
8 = SMOKE OR HAZE
[NO. OF DAYS WITH] [WEATHER - DAYS WITH] 9 = BLOWING SNOW
X = TORNADO
MAX 32 OR BELOW: 0 0.01 INCH OR MORE: 1
MAX 90 OR ABOVE: 0 0.10 INCH OR MORE: 0
MIN 32 OR BELOW: 1 0.50 INCH OR MORE: 0
MIN 0 OR BELOW: 0 1.00 INCH OR MORE: 0
[HDD (BASE 65) ]
TOTAL THIS MO. 229 CLEAR (SCALE 0-3) 20
DPTR FM NORMAL -200 PTCLDY (SCALE 4-7) 1
TOTAL FM JUL 1 316 CLOUDY (SCALE 8-10) 9
DPTR FM NORMAL -288
[CDD (BASE 65) ]
TOTAL THIS MO. 5
DPTR FM NORMAL 2 [PRESSURE DATA]
TOTAL FM JAN 1 1448 HIGHEST SLP M ON M
DPTR FM NORMAL -218 LOWEST SLP 29.79 ON 17
[REMARKS]
#FINAL-11-21#