000
CXUS54 KMAF 011210
CF6GDP
PRELIMINARY LOCAL CLIMATOLOGICAL DATA (WS FORM: F-6)
STATION: GUADALUPE PASS
MONTH: OCTOBER
YEAR: 2020
LATITUDE: 31 49 N
LONGITUDE: 104 48 W
TEMPERATURE IN F: :PCPN: SNOW: WIND :SUNSHINE: SKY :PK WND
================================================================================
1 2 3 4 5 6A 6B 7 8 9 10 11 12 13 14 15 16 17 18
12Z AVG MX 2MIN
DY MAX MIN AVG DEP HDD CDD WTR SNW DPTH SPD SPD DIR MIN PSBL S-S WX SPD DR
================================================================================
1 76 60 68 2 0 3 0.00 M M 23.8 36 70 M M 0 8 40 70
2 83 49 66 1 0 1 0.00 M M 17.2 37 50 M M 0 40 60
3 83 58 71 6 0 6 0.00 M M 19.7 43 40 M M 0 47 40
4 72 50 61 -4 4 0 0.00 M M 24.6 41 50 M M 0 45 40
5 87 56 72 8 0 7 0.00 0.0 0 17.2 28 240 M M 0 34 240
6 88 66 77 13 0 12 0.00 M M 13.2 28 40 M M 0 29 40
7 88 66 77 13 0 12 0.00 M M 13.1 29 50 M M 0 34 60
8 87 63 75 11 0 10 0.00 M M 12.3 23 250 M M 0 29 230
9 89 62 76 13 0 11 0.00 M M 13.7 23 250 M M 0 30 260
10 88 60 74 11 0 9 0.00 M M 18.1 38 250 M M 0 46 250
11 84 57 71 8 0 6 0.00 M M 22.3 44 250 M M 0 51 250
12 71 53 62 -1 3 0 0.00 M M 23.0 47 50 M M 0 8 52 60
13 86 59 73 11 0 8 0.00 M M 10.0 20 240 M M 0 26 230
14 89 62 76 14 0 11 0.00 M M 20.6 40 250 M M 0 47 240
15 70 51 61 -1 4 0 0.00 M M 28.6 49 50 M M 0 8 53 50
16 61 44 53 -9 12 0 0.00 M M 24.6 40 50 M M 0 8 45 40
17 84 51 68 7 0 3 0.00 M M 19.0 30 250 M M 0 36 260
18 87 61 74 13 0 9 0.00 M M 15.2 29 250 M M 0 8 34 250
19 85 54 70 10 0 5 0.00 M M 11.3 21 240 M M 0 26 250
20 85 62 74 14 0 9 0.00 M M 14.1 26 240 M M 0 33 250
21 86 63 75 15 0 10 0.00 M M 9.4 23 70 M M 1 24 70
22 83 63 73 13 0 8 0.00 0.0 0 17.5 39 250 M M 0 46 250
23 64 40 52 -7 13 0 0.00 0.0 0 29.6 43 70 M M 0 8 47 50
24 76 37 57 -2 8 0 0.00 0.0 0 16.5 37 50 M M 0 39 50
25 81 41 61 3 4 0 0.00 0.0 0 26.8 51 70 M M 0 53 70
26 41 20 31 -27 34 0 T M M 46.2 61 60 M M 8 126 186 220
27 22 18 20 -38 45 0 0.00 M M 27.1 51 60 M M 10 12 56 60
28 41 21 31 -26 34 0 T M M 21.5 40 250 M M 6 128 48 250
29 56 38 47 -10 18 0 0.00 M M 11.7 24 50 M M 0 8 29 50
30 68 44 56 -1 9 0 0.00 M M 8.1 18 240 M M 0 24 250
31 74 47 61 5 4 0 0.00 M M 15.1 37 40 M M 0 41 40
================================================================================
SM 2335 1576 192 140 T 0.0 591.1 M 25
================================================================================
AV 75.3 50.8 19.1 FASTST M M 1 MAX(MPH)
MISC ----> 61 60 186 220
================================================================================
NOTES:
# LAST OF SEVERAL OCCURRENCES
COLUMN 17 PEAK WIND IN M.P.H.
PRELIMINARY LOCAL CLIMATOLOGICAL DATA (WS FORM: F-6) , PAGE 2
STATION: GUADALUPE PASS
MONTH: OCTOBER
YEAR: 2020
LATITUDE: 31 49 N
LONGITUDE: 104 48 W
[TEMPERATURE DATA] [PRECIPITATION DATA] SYMBOLS USED IN COLUMN 16
AVERAGE MONTHLY: 63.1 TOTAL FOR MONTH: T 1 = FOG OR MIST
DPTR FM NORMAL: 1.8 DPTR FM NORMAL: -1.17 2 = FOG REDUCING VISIBILITY
HIGHEST: 89 ON 14, 9 GRTST 24HR T ON 26-26 TO 1/4 MILE OR LESS
LOWEST: 18 ON 27 3 = THUNDER
SNOW, ICE PELLETS, HAIL 4 = ICE PELLETS
TOTAL MONTH: 0.0 INCH 5 = HAIL
GRTST 24HR 0.0 6 = FREEZING RAIN OR DRIZZLE
GRTST DEPTH: 0 7 = DUSTSTORM OR SANDSTORM:
VSBY 1/2 MILE OR LESS
8 = SMOKE OR HAZE
[NO. OF DAYS WITH] [WEATHER - DAYS WITH] 9 = BLOWING SNOW
X = TORNADO
MAX 32 OR BELOW: 1 0.01 INCH OR MORE: 0
MAX 90 OR ABOVE: 0 0.10 INCH OR MORE: 0
MIN 32 OR BELOW: 3 0.50 INCH OR MORE: 0
MIN 0 OR BELOW: 0 1.00 INCH OR MORE: 0
[HDD (BASE 65) ]
TOTAL THIS MO. 192 CLEAR (SCALE 0-3) 28
DPTR FM NORMAL 32 PTCLDY (SCALE 4-7) 2
TOTAL FM JUL 1 258 CLOUDY (SCALE 8-10) 1
DPTR FM NORMAL 64
[CDD (BASE 65) ]
TOTAL THIS MO. 140
DPTR FM NORMAL 96 [PRESSURE DATA]
TOTAL FM JAN 1 1829 HIGHEST SLP 30.30 ON 16
DPTR FM NORMAL 390 LOWEST SLP 29.63 ON 25
[REMARKS]
#FINAL-10-20#