000
CXUS51 KPHI 010915
CF6GED
PRELIMINARY LOCAL CLIMATOLOGICAL DATA (WS FORM: F-6)
STATION: GEORGETOWN DE
MONTH: JANUARY
YEAR: 2023
LATITUDE: 38 41 N
LONGITUDE: 75 22 W
TEMPERATURE IN F: :PCPN: SNOW: WIND :SUNSHINE: SKY :PK WND
================================================================================
1 2 3 4 5 6A 6B 7 8 9 10 11 12 13 14 15 16 17 18
12Z AVG MX 2MIN
DY MAX MIN AVG DEP HDD CDD WTR SNW DPTH SPD SPD DIR MIN PSBL S-S WX SPD DR
================================================================================
1 62 42 52 14 13 0 0.00 M M 4.9 14 320 M M 2 21 310
2 67 39 53 15 12 0 0.00 M M 2.9 10 220 M M 2 12 13 200
3 69 52 61 23 4 0 T M M 12.7 25 220 M M 4 36 220
4 70 58 64 26 1 0 0.03 M M 10.7 22 240 M M 3 1 35 230
5 66 48 57 20 8 0 0.00 M M 5.5 16 230 M M 8 12 21 220
6 55 40 48 11 17 0 T M M 6.2 15 290 M M 8 12 24 300
7 50 35 43 6 22 0 0.00 M M 4.4 14 280 M M 4 22 290
8 45 28 37 0 28 0 0.01 M M 3.9 13 200 M M 4 15 190
9 49 36 43 6 22 0 0.02 M M 4.9 15 300 M M 5 1 23 290
10 47 26 37 0 28 0 0.00 M M 1.4 8 10 M M 0 1 13 340
11 47 26 37 0 28 0 0.00 M M 3.1 14 110 M M 2 18 17 120
12 65 39 52 15 13 0 0.01 M M 10.2 26 210 M M 8 37 200
13 65 41 53 16 12 0 0.02 M M 10.5 26 230 M M 7 37 230
14 41 31 36 -1 29 0 0.00 M M 10.3 17 360 M M 10 29 350
15 46 29 38 1 27 0 0.00 M M 9.1 18 10 M M 5 26 340
16 53 28 41 4 24 0 0.00 M M 4.7 14 280 M M 0 18 310
17 47 32 40 4 25 0 0.02 M M 5.0 13 240 M M 6 17 250
18 60 38 49 13 16 0 0.00 M M 5.6 16 280 M M 2 1 25 330
19 63 37 50 14 15 0 0.11 M M 5.5 15 290 M M 7 1 24 290
20 53 39 46 10 19 0 T M M 9.1 22 300 M M 5 12 33 280
21 46 35 41 5 24 0 0.00 M M 4.9 12 360 M M 6 20 10
22 45 30 38 2 27 0 0.31 M M 3.5 12 30 M M 6 1 14 40
23 46 40 43 7 22 0 0.12 M M 8.9 17 310 M M 10 1 29 300
24 49 29 39 2 26 0 0.00 M M 5.6 17 280 M M 1 23 280
25 61 28 45 8 20 0 0.81 M M 10.5 29 180 M M 5 1 39 200
26 62 43 53 16 12 0 0.18 M M 9.6 23 290 M M 8 1 36 290
27 45 27 36 -1 29 0 0.00 M M 2.6 14 290 M M 4 20 290
28 59 30 45 8 20 0 0.00 M M 6.1 15 230 M M 0 18 230
29 59 36 48 11 17 0 T M M 8.8 24 210 M M 4 32 210
30 62 41 52 15 13 0 0.00 M M 2.1 10 150 M M 3 13 150
31 49 38 44 7 21 0 0.16 M M 6.9 16 30 M M 9 12 21 30
================================================================================
SM 1703 1121 594 0 1.80 M 200.1 M 148
================================================================================
AV 54.9 36.2 6.5 FASTST M M 5 MAX(MPH)
MISC ----> 29 180 39 200
================================================================================
NOTES:
# LAST OF SEVERAL OCCURRENCES
COLUMN 17 PEAK WIND IN M.P.H.
PRELIMINARY LOCAL CLIMATOLOGICAL DATA (WS FORM: F-6) , PAGE 2
STATION: GEORGETOWN DE
MONTH: JANUARY
YEAR: 2023
LATITUDE: 38 41 N
LONGITUDE: 75 22 W
[TEMPERATURE DATA] [PRECIPITATION DATA] SYMBOLS USED IN COLUMN 16
AVERAGE MONTHLY: 45.5 TOTAL FOR MONTH: 1.80 1 = FOG OR MIST
DPTR FM NORMAL: 8.6 DPTR FM NORMAL: -1.21 2 = FOG REDUCING VISIBILITY
HIGHEST: 70 ON 4 GRTST 24HR 0.87 ON 22-23 TO 1/4 MILE OR LESS
LOWEST: 26 ON 11,10 3 = THUNDER
SNOW, ICE PELLETS, HAIL 4 = ICE PELLETS
TOTAL MONTH: M 5 = HAIL
GRTST 24HR M ON M 6 = FREEZING RAIN OR DRIZZLE
GRTST DEPTH: M ON M 7 = DUSTSTORM OR SANDSTORM:
VSBY 1/2 MILE OR LESS
8 = SMOKE OR HAZE
[NO. OF DAYS WITH] [WEATHER - DAYS WITH] 9 = BLOWING SNOW
X = TORNADO
MAX 32 OR BELOW: 0 0.01 INCH OR MORE: 12
MAX 90 OR ABOVE: 0 0.10 INCH OR MORE: 6
MIN 32 OR BELOW: 12 0.50 INCH OR MORE: 1
MIN 0 OR BELOW: 0 1.00 INCH OR MORE: 0
[HDD (BASE 65) ]
TOTAL THIS MO. 594 CLEAR (SCALE 0-3) 10
DPTR FM NORMAL -277 PTCLDY (SCALE 4-7) 17
TOTAL FM JUL 1 2031 CLOUDY (SCALE 8-10) 4
DPTR FM NORMAL -284
[CDD (BASE 65) ]
TOTAL THIS MO. 0
DPTR FM NORMAL 0 [PRESSURE DATA]
TOTAL FM JAN 1 0 HIGHEST SLP 30.37 ON 8
DPTR FM NORMAL 0 LOWEST SLP 29.48 ON 26
[REMARKS]
#FINAL-01-23#