793
CXUS51 KPHI 010815
CF6GED
PRELIMINARY LOCAL CLIMATOLOGICAL DATA (WS FORM: F-6)
STATION: GEORGETOWN DE
MONTH: MAY
YEAR: 2020
LATITUDE: 38 41 N
LONGITUDE: 75 22 W
TEMPERATURE IN F: :PCPN: SNOW: WIND :SUNSHINE: SKY :PK WND
================================================================================
1 2 3 4 5 6A 6B 7 8 9 10 11 12 13 14 15 16 17 18
12Z AVG MX 2MIN
DY MAX MIN AVG DEP HDD CDD WTR SNW DPTH SPD SPD DIR MIN PSBL S-S WX SPD DR
================================================================================
1 64 56 60 2 5 0 T M M 6.0 14 290 M M 9 12 20 310
2 72 52 62 3 3 0 0.00 M M 7.0 13 230 M M 1 21 350
3 80 58 69 10 0 4 0.75 M M 5.9 17 320 M M 6 13 28 320
4 76 55 66 7 0 1 0.59 M M 8.3 24 290 M M 3 13 35 290
5 62 49 56 -4 9 0 0.10 M M 5.1 13 250 M M 4 1 17 250
6 52 47 50 -10 15 0 0.13 M M 6.9 15 60 M M 10 1 18 70
7 65 45 55 -5 10 0 0.01 M M 6.8 17 280 M M 3 1 25 340
8 72 43 58 -2 7 0 0.17 M M 11.4 28 290 M M 4 1 45 290
9 51 35 43 -18 22 0 0.02 M M 10.1 22 290 M M 3 35 280
10 63 35 49 -12 16 0 0.00 M M 9.6 22 220 M M 0 28 220
11 64 47 56 -5 9 0 T M M 9.9 22 290 M M 3 31 270
12 61 42 52 -10 13 0 0.00 M M 7.3 17 290 M M 2 26 290
13 69 37 53 -9 12 0 0.00 M M 3.9 15 330 M M 0 23 320
14 74 41 58 -4 7 0 T M M 7.4 18 220 M M 4 23 210
15 85 66 76 13 0 11 0.00 M M 14.5 22 240 M M 1 30 220
16 80 54 67 4 0 2 0.00 M M 8.8 20 230 M M 2 23 230
17 67 52 60 -3 5 0 0.00 M M 9.7 17 120 M M 7 12 23 110
18 62 56 59 -5 6 0 0.04 M M 15.0 24 50 M M 10 1 31 60
19 65 53 59 -5 6 0 0.00 M M 20.1 35 60 M M 0 45 50
20 59 50 55 -9 10 0 0.00 M M 15.8 26 70 M M 5 34 70
21 68 51 60 -5 5 0 0.00 M M 9.6 17 50 M M 7 23 110
22 78 57 68 3 0 3 0.41 M M 8.1 17 160 M M 7 1 24 170
23 82 56 69 4 0 4 0.64 M M 6.2 17 60 M M 8 13 24 330
24 62 55 59 -7 6 0 0.00 M M 9.6 15 40 M M 10 1 19 40
25 72 57 65 -1 0 0 0.00 M M 6.3 14 40 M M 9 12 18 30
26 74 58 66 0 0 1 0.00 M M 5.8 10 80 M M 8 12 13 110
27 79 58 69 2 0 4 0.02 M M 7.9 16 160 M M 7 12 19 150
28 83 69 76 9 0 11 0.01 M M 10.9 22 190 M M 7 1 27 190
29 88 71 80 13 0 15 0.03 M M 10.6 18 190 M M 7 1 24 180
30 84 63 74 6 0 9 0.00 M M 5.1 14 230 M M 3 18 220
31 75 53 64 -4 1 0 0.00 M M 5.8 16 10 M M 2 23 30
================================================================================
SM 2188 1621 167 65 2.92 M 275.4 M 152
================================================================================
AV 70.6 52.3 8.9 FASTST M M 5 MAX(MPH)
MISC ----> 35 60 # 45 290
================================================================================
NOTES:
# LAST OF SEVERAL OCCURRENCES
COLUMN 17 PEAK WIND IN M.P.H.
PRELIMINARY LOCAL CLIMATOLOGICAL DATA (WS FORM: F-6) , PAGE 2
STATION: GEORGETOWN DE
MONTH: MAY
YEAR: 2020
LATITUDE: 38 41 N
LONGITUDE: 75 22 W
[TEMPERATURE DATA] [PRECIPITATION DATA] SYMBOLS USED IN COLUMN 16
AVERAGE MONTHLY: 61.4 TOTAL FOR MONTH: 2.92 1 = FOG OR MIST
DPTR FM NORMAL: -1.7 DPTR FM NORMAL: -0.63 2 = FOG REDUCING VISIBILITY
HIGHEST: 88 ON 29 GRTST 24HR 1.34 ON 3- 4 TO 1/4 MILE OR LESS
LOWEST: 35 ON 10, 9 3 = THUNDER
SNOW, ICE PELLETS, HAIL 4 = ICE PELLETS
TOTAL MONTH: M 5 = HAIL
GRTST 24HR M ON M 6 = FREEZING RAIN OR DRIZZLE
GRTST DEPTH: M ON M 7 = DUSTSTORM OR SANDSTORM:
VSBY 1/2 MILE OR LESS
8 = SMOKE OR HAZE
[NO. OF DAYS WITH] [WEATHER - DAYS WITH] 9 = BLOWING SNOW
X = TORNADO
MAX 32 OR BELOW: 0 0.01 INCH OR MORE: 13
MAX 90 OR ABOVE: 0 0.10 INCH OR MORE: 7
MIN 32 OR BELOW: 0 0.50 INCH OR MORE: 3
MIN 0 OR BELOW: 0 1.00 INCH OR MORE: 0
[HDD (BASE 65) ]
TOTAL THIS MO. 167 CLEAR (SCALE 0-3) 12
DPTR FM NORMAL 34 PTCLDY (SCALE 4-7) 14
TOTAL FM JUL 1 3723 CLOUDY (SCALE 8-10) 5
DPTR FM NORMAL -671
[CDD (BASE 65) ]
TOTAL THIS MO. 65
DPTR FM NORMAL -9 [PRESSURE DATA]
TOTAL FM JAN 1 76 HIGHEST SLP 30.38 ON 20
DPTR FM NORMAL -18 LOWEST SLP 29.60 ON 8
[REMARKS]
#FINAL-05-20#