000
CXUS55 KRIW 011010
CF6GEY
PRELIMINARY LOCAL CLIMATOLOGICAL DATA (WS FORM: F-6)
STATION: GREYBULL WY
MONTH: JUNE
YEAR: 2022
LATITUDE: 44 30 N
LONGITUDE: 108 4 W
TEMPERATURE IN F: :PCPN: SNOW: WIND :SUNSHINE: SKY :PK WND
================================================================================
1 2 3 4 5 6A 6B 7 8 9 10 11 12 13 14 15 16 17 18
12Z AVG MX 2MIN
DY MAX MIN AVG DEP HDD CDD WTR SNW DPTH SPD SPD DIR MIN PSBL S-S WX SPD DR
================================================================================
1 68 36 52 -11 13 0 0.00 M M 5.5 18 300 M M 5 26 280
2 73 50 62 -1 3 0 0.01 M M 5.6 17 160 M M 5 23 170
3 79 51 65 2 0 0 0.01 M M 7.3 24 330 M M 2 3 34 330
4 80 48 64 0 1 0 0.01 M M 4.0 31 200 M M 2 51 210
5 78 57 68 4 0 3 T M M 7.8 24 270 M M 6 32 290
6 75 52 64 0 1 0 T M M 10.9 26 320 M M 3 3 39 330
7 73 48 61 -3 4 0 T M M 6.8 21 320 M M 3 3 27 320
8 80 42 61 -4 4 0 0.00 M M 4.9 14 170 M M 2 21 170
9 83 60 72 7 0 7 0.00 M M 4.9 14 320 M M 3 22 20
10 88 53 71 6 0 6 0.00 M M 5.2 13 90 M M 0 17 100
11 89 58 74 8 0 9 0.00 M M 9.2 40 330 M M 0 51 330
12 74 51 63 -3 2 0 T M M 11.1 30 290 M M 3 40 290
13 66 53 60 -6 5 0 0.06 M M 7.4 26 240 M M 6 37 110
14 68 45 57 -9 8 0 0.00 M M 14.0 35 280 M M 4 45 280
15 78 38 58 -9 7 0 0.00 M M 11.9 28 270 M M 0 41 280
16 92 44 68 1 0 3 0.00 M M 7.2 18 180 M M 0 28 140
17 97 55 76 9 0 11 T M M 10.3 33 200 M M 0 3 53 190
18 98 67 83 15 0 18 T M M 9.7 30 190 M M 0 41 190
19 86 55 71 3 0 6 0.02 M M 12.2 41 290 M M 4 3 57 300
20 70 50 60 -8 5 0 0.01 M M 6.0 26 250 M M 4 3 37 240
21 79 44 62 -7 3 0 0.00 M M 3.9 13 350 M M 1 20 300
22 88 48 68 -1 0 3 0.00 M M 3.3 10 50 M M 0 17 180
23 94 53 74 5 0 9 0.00 M M 7.1 17 10 M M 0 25 350
24 83 56 70 0 0 5 0.02 M M 13.9 38 330 M M 4 3 49 350
25 71 48 60 -10 5 0 0.00 M M 13.4 31 330 M M 3 41 330
26 82 45 64 -6 1 0 0.00 M M 3.4 10 150 M M 1 15 80
27 94 47 71 0 0 6 0.00 M M 5.4 22 330 M M 0 27 330
28 97 56 77 6 0 12 T M M 7.2 47 10 M M 0 66 320
29 97 56 77 6 0 12 T M M 10.7 29 250 M M 0 38 230
30 86 57 72 0 0 7 0.00 M M 9.7 23 330 M M 0 30 330
================================================================================
SM 2466 1523 62 117 0.14 M 239.9 M 61
================================================================================
AV 82.2 50.8 8.0 FASTST M M 2 MAX(MPH)
MISC ----> 47 10 66 320
================================================================================
NOTES:
# LAST OF SEVERAL OCCURRENCES
COLUMN 17 PEAK WIND IN M.P.H.
PRELIMINARY LOCAL CLIMATOLOGICAL DATA (WS FORM: F-6) , PAGE 2
STATION: GREYBULL WY
MONTH: JUNE
YEAR: 2022
LATITUDE: 44 30 N
LONGITUDE: 108 4 W
[TEMPERATURE DATA] [PRECIPITATION DATA] SYMBOLS USED IN COLUMN 16
AVERAGE MONTHLY: 66.5 TOTAL FOR MONTH: 0.14 1 = FOG OR MIST
DPTR FM NORMAL: -0.5 DPTR FM NORMAL: -0.94 2 = FOG REDUCING VISIBILITY
HIGHEST: 98 ON 18 GRTST 24HR 0.06 ON 13-13 TO 1/4 MILE OR LESS
LOWEST: 36 ON 1 3 = THUNDER
SNOW, ICE PELLETS, HAIL 4 = ICE PELLETS
TOTAL MONTH: M 5 = HAIL
GRTST 24HR M ON M 6 = FREEZING RAIN OR DRIZZLE
GRTST DEPTH: M ON M 7 = DUSTSTORM OR SANDSTORM:
VSBY 1/2 MILE OR LESS
8 = SMOKE OR HAZE
[NO. OF DAYS WITH] [WEATHER - DAYS WITH] 9 = BLOWING SNOW
X = TORNADO
MAX 32 OR BELOW: 0 0.01 INCH OR MORE: 7
MAX 90 OR ABOVE: 7 0.10 INCH OR MORE: 0
MIN 32 OR BELOW: 0 0.50 INCH OR MORE: 0
MIN 0 OR BELOW: 0 1.00 INCH OR MORE: 0
[HDD (BASE 65) ]
TOTAL THIS MO. 62 CLEAR (SCALE 0-3) 20
DPTR FM NORMAL 0 PTCLDY (SCALE 4-7) 10
TOTAL FM JUL 1 7284 CLOUDY (SCALE 8-10) 0
DPTR FM NORMAL -264
[CDD (BASE 65) ]
TOTAL THIS MO. 117
DPTR FM NORMAL -5 [PRESSURE DATA]
TOTAL FM JAN 1 123 HIGHEST SLP 30.39 ON 26
DPTR FM NORMAL -23 LOWEST SLP 29.48 ON 18
[REMARKS]
#FINAL-06-22#