000
CXUS53 KFGF 011400
CF6GFK
PRELIMINARY LOCAL CLIMATOLOGICAL DATA (WS FORM: F-6)
STATION: GRAND FORKS INTL AP ND
MONTH: DECEMBER
YEAR: 2023
LATITUDE: 47 57 N
LONGITUDE: 97 11 W
TEMPERATURE IN F: :PCPN: SNOW: WIND :SUNSHINE: SKY :PK WND
================================================================================
1 2 3 4 5 6A 6B 7 8 9 10 11 12 13 14 15 16 17 18
12Z AVG MX 2MIN
DY MAX MIN AVG DEP HDD CDD WTR SNW DPTH SPD SPD DIR MIN PSBL S-S WX SPD DR
================================================================================
1 39 15 27 8 38 0 0.00 0.0 0 8.5 15 250 M M 4 21 230
2 38 23 31 13 34 0 0.00 0.0 0 12.8 23 160 M M 6 30 150
3 33 16 25 7 40 0 0.00 0.0 0 9.8 17 190 M M 4 128 24 180
4 30 12 21 3 44 0 0.00 0.0 0 4.2 12 20 M M 9 128 15 360
5 28 21 25 8 40 0 0.00 0.0 0 8.0 13 160 M M 8 12 M M
6 56 24 40 23 25 0 0.00 0.0 0 9.9 25 180 M M 6 32 190
7 55 23 39 23 26 0 0.00 0.0 0 8.7 17 130 M M 6 128 25 90
8 40 28 34 18 31 0 0.15 2.8 0 13.7 37 350 M M 7 189 50 350
9 30 23 27 12 38 0 0.08 1.6 3 26.7 46 340 M M 10 129 63 350
10 25 16 21 6 44 0 T 0.0 3 8.1 17 190 M M 10 128 21 180
11 29 19 24 10 41 0 T T 1 15.2 25 310 M M 8 1689 33 310
12 21 6 14 0 51 0 0.00 0.0 1 10.7 25 310 M M 4 33 300
13 30 4 17 3 48 0 0.00 0.0 1 10.2 18 190 M M 3 23 180
14 38 24 31 18 34 0 0.00 0.0 1 12.6 21 190 M M 0 26 180
15 35 25 30 17 35 0 0.01 0.0 1 10.1 20 360 M M 8 16 22 360
16 32 16 24 12 41 0 0.00 0.0 1 8.2 18 180 M M 6 25 180
17 38 14 26 14 39 0 T T 1 15.5 38 340 M M 4 51 310
18 19 -1 9 -3 56 0 0.00 0.0 1 12.6 24 180 M M 2 31 190
19 30 15 23 12 42 0 0.00 0.0 1 9.8 20 180 M M 6 27 180
20 34 25 30 19 35 0 0.00 0.0 1 10.2 16 160 M M 8 21 150
21 36 25 31 20 34 0 0.00 0.0 1 12.0 21 180 M M 5 18 28 180
22 33 18 26 16 39 0 0.00 0.0 1 7.2 14 180 M M 7 128 18 180
23 39 33 36 26 29 0 0.01 0.0 1 8.7 17 160 M M 10 12 23 170
24 37 25 31 21 34 0 0.43 T T 18.5 31 350 M M 10 15 40 340
25 30 19 25 15 40 0 0.11 0.0 T 19.2 24 10 M M 7 46 32 340
26 31 27 29 20 36 0 0.13 0.0 T 15.4 21 350 M M 10 16 27 350
27 32 29 31 22 34 0 0.01 0.0 T 9.5 14 350 M M 10 126 M M
28 32 20 26 17 39 0 0.00 0.0 T 3.1 7 160 M M 4 12 M M
29 38 19 29 21 36 0 0.00 0.0 T 8.3 15 280 M M 0 19 270
30 27 19 23 15 42 0 T T T 20.2 33 360 M M 9 189 42 360
31 20 17 19 11 46 0 0.00 0.0 T 9.2 17 190 M M 7 1 21 360
================================================================================
SM 1035 599 1191 0 0.93 4.4 356.8 M 198
================================================================================
AV 33.4 19.3 11.5 FASTST M M 6 MAX(MPH)
MISC ----> 46 340 63 350
================================================================================
NOTES:
# LAST OF SEVERAL OCCURRENCES
COLUMN 17 PEAK WIND IN M.P.H.
PRELIMINARY LOCAL CLIMATOLOGICAL DATA (WS FORM: F-6) , PAGE 2
STATION: GRAND FORKS INTL AP ND
MONTH: DECEMBER
YEAR: 2023
LATITUDE: 47 57 N
LONGITUDE: 97 11 W
[TEMPERATURE DATA] [PRECIPITATION DATA] SYMBOLS USED IN COLUMN 16
AVERAGE MONTHLY: 26.4 TOTAL FOR MONTH: 0.93 1 = FOG OR MIST
DPTR FM NORMAL: 13.6 DPTR FM NORMAL: 0.27 2 = FOG REDUCING VISIBILITY
HIGHEST: 56 ON 6 GRTST 24HR 0.44 ON 23-24 TO 1/4 MILE OR LESS
LOWEST: -1 ON 18 3 = THUNDER
SNOW, ICE PELLETS, HAIL 4 = ICE PELLETS
TOTAL MONTH: 4.4 INCHES 5 = HAIL
GRTST 24HR 2.8 ON 8- 8 6 = FREEZING RAIN OR DRIZZLE
GRTST DEPTH: 3 ON 10, 9 7 = DUSTSTORM OR SANDSTORM:
VSBY 1/2 MILE OR LESS
8 = SMOKE OR HAZE
[NO. OF DAYS WITH] [WEATHER - DAYS WITH] 9 = BLOWING SNOW
X = TORNADO
MAX 32 OR BELOW: 16 0.01 INCH OR MORE: 8
MAX 90 OR ABOVE: 0 0.10 INCH OR MORE: 4
MIN 32 OR BELOW: 30 0.50 INCH OR MORE: 0
MIN 0 OR BELOW: 1 1.00 INCH OR MORE: 0
[HDD (BASE 65) ]
TOTAL THIS MO. 1191 CLEAR (SCALE 0-3) 4
DPTR FM NORMAL -427 PTCLDY (SCALE 4-7) 18
TOTAL FM JUL 1 2989 CLOUDY (SCALE 8-10) 9
DPTR FM NORMAL -776
[CDD (BASE 65) ]
TOTAL THIS MO. 0
DPTR FM NORMAL 0 [PRESSURE DATA]
TOTAL FM JAN 1 634 HIGHEST SLP 30.47 ON 13
DPTR FM NORMAL 251 LOWEST SLP 29.15 ON 8
[REMARKS]
#FINAL-12-23#