000
CXUS55 KALY 010810
CF6GFL
PRELIMINARY LOCAL CLIMATOLOGICAL DATA (WS FORM: F-6)
STATION: GLENS FALLS NY
MONTH: FEBRUARY
YEAR: 2022
LATITUDE: 43 20 N
LONGITUDE: 73 37 W
TEMPERATURE IN F: :PCPN: SNOW: WIND :SUNSHINE: SKY :PK WND
================================================================================
1 2 3 4 5 6A 6B 7 8 9 10 11 12 13 14 15 16 17 18
12Z AVG MX 2MIN
DY MAX MIN AVG DEP HDD CDD WTR SNW DPTH SPD SPD DIR MIN PSBL S-S WX SPD DR
================================================================================
1 33 -2 16 -3 49 0 0.00 M M 3.7 14 190 M M 0 17 190
2 42 14 28 9 37 0 0.00 M M 5.6 20 190 M M 5 26 200
3 40 22 31 12 34 0 0.68 M M 8.5 17 360 M M 10 16 22 30
4 22 11 17 -2 48 0 0.58 M M 8.4 15 40 M M 10 168 19 40
5 21 2 12 -8 53 0 T M M 6.2 20 360 M M 4 18 26 350
6 24 -9 8 -12 57 0 0.00 M M 4.5 18 200 M M 0 23 200
7 35 3 19 -1 46 0 T M M 2.3 13 200 M M 7 1 17 200
8 36 25 31 11 34 0 0.00 M M 5.5 16 290 M M 8 22 300
9 38 13 26 6 39 0 0.00 M M 3.8 13 180 M M 2 17 200
10 43 26 35 15 30 0 0.03 M M 5.9 16 230 M M 10 12 24 230
11 47 28 38 17 27 0 0.00 M M 8.1 20 190 M M 5 26 180
12 49 26 38 17 27 0 T M M 9.2 24 220 M M 7 31 210
13 26 10 18 -3 47 0 0.00 M M 8.9 15 70 M M 6 18 300
14 19 0 10 -11 55 0 T M M 7.4 17 360 M M 4 18 20 350
15 27 -5 11 -11 54 0 0.00 M M 3.6 16 240 M M 2 23 230
16 39 2 21 -1 44 0 0.00 M M 8.5 25 190 M M 1 35 160
17 50 37 44 22 21 0 0.41 M M 6.0 17 190 M M 9 12 27 200
18 55 13 34 12 31 0 0.17 M M 10.9 23 60 M M 5 1 30 190
19 31 11 21 -2 44 0 0.04 M M 9.1 24 280 M M 6 128 35 280
20 30 0 15 -8 50 0 0.00 M M 8.5 20 200 M M 0 26 210
21 45 25 35 11 30 0 0.00 M M 5.0 12 210 M M 4 17 190
22 51 23 37 13 28 0 0.64 M M 3.4 17 210 M M 7 1 27 200
23 53 20 37 13 28 0 T M M 11.2 22 260 M M 7 1 33 270
24 26 12 19 -5 46 0 0.00 M M 5.9 16 350 M M 0 24 330
25 22 10 16 -9 49 0 0.44 M M 7.0 16 10 M M 10 12 20 10
26 30 -12 9 -16 56 0 0.00 M M 4.7 15 230 M M 3 18 21 260
27 35 12 24 -2 41 0 T M M 10.9 23 350 M M 9 18 33 220
28 22 2 12 -14 53 0 0.00 M M 5.9 15 10 M M 1 20 330
================================================================================
SM 991 319 1158 0 2.99 M 188.6 M 142
================================================================================
AV 35.4 11.4 6.7 FASTST M M 5 MAX(MPH)
MISC ----> 25 190 # 35 160
================================================================================
NOTES:
# LAST OF SEVERAL OCCURRENCES
COLUMN 17 PEAK WIND IN M.P.H.
PRELIMINARY LOCAL CLIMATOLOGICAL DATA (WS FORM: F-6) , PAGE 2
STATION: GLENS FALLS NY
MONTH: FEBRUARY
YEAR: 2022
LATITUDE: 43 20 N
LONGITUDE: 73 37 W
[TEMPERATURE DATA] [PRECIPITATION DATA] SYMBOLS USED IN COLUMN 16
AVERAGE MONTHLY: 23.4 TOTAL FOR MONTH: 2.99 1 = FOG OR MIST
DPTR FM NORMAL: 1.5 DPTR FM NORMAL: 1.04 2 = FOG REDUCING VISIBILITY
HIGHEST: 55 ON 18 GRTST 24HR 1.19 ON 3- 4 TO 1/4 MILE OR LESS
LOWEST: -12 ON 26 3 = THUNDER
SNOW, ICE PELLETS, HAIL 4 = ICE PELLETS
TOTAL MONTH: M 5 = HAIL
GRTST 24HR M ON M 6 = FREEZING RAIN OR DRIZZLE
GRTST DEPTH: M ON M 7 = DUSTSTORM OR SANDSTORM:
VSBY 1/2 MILE OR LESS
8 = SMOKE OR HAZE
[NO. OF DAYS WITH] [WEATHER - DAYS WITH] 9 = BLOWING SNOW
X = TORNADO
MAX 32 OR BELOW: 12 0.01 INCH OR MORE: 8
MAX 90 OR ABOVE: 0 0.10 INCH OR MORE: 6
MIN 32 OR BELOW: 27 0.50 INCH OR MORE: 3
MIN 0 OR BELOW: 6 1.00 INCH OR MORE: 0
[HDD (BASE 65) ]
TOTAL THIS MO. 1158 CLEAR (SCALE 0-3) 8
DPTR FM NORMAL -50 PTCLDY (SCALE 4-7) 14
TOTAL FM JUL 1 5117 CLOUDY (SCALE 8-10) 6
DPTR FM NORMAL -290
[CDD (BASE 65) ]
TOTAL THIS MO. 0
DPTR FM NORMAL 0 [PRESSURE DATA]
TOTAL FM JAN 1 0 HIGHEST SLP 30.73 ON 16
DPTR FM NORMAL 0 LOWEST SLP 29.13 ON 18
[REMARKS]
#FINAL-02-22#