000
CXUS51 KALY 192223 CCA
CLAGFL
CLIMATE REPORT...CORRECTED
NATIONAL WEATHER SERVICE ALBANY NY
0530 AM EST SAT JAN 4 2020
...................................
...THE GLENS FALLS NY CLIMATE SUMMARY FOR THE YEAR OF 2019...
CLIMATE NORMAL PERIOD 1981 TO 2010
CLIMATE RECORD PERIOD 1893 TO 2019
WEATHER OBSERVED NORMAL DEPART LAST YEAR`S
VALUE DATE(S) VALUE FROM VALUE DATE(S)
NORMAL
................................................................
TEMPERATURE (F)
HIGHEST 92 07/21 93 07/16
07/04
LOWEST -20 01/22 -25 01/02
AVG. MAXIMUM 57.6 56.3 1.3 56.2
AVG. MINIMUM 35.4 33.5 1.9 36.2
MEAN 46.5 44.9 1.6 46.2
DAYS MAX >= 90 5 4.6 0.4 12
DAYS MAX <= 32 49 50.2 -1.2 45
DAYS MIN <= 32 135 165.9 -30.9 165
DAYS MIN <= 0 20 21.4 -1.4 13
PRECIPITATION (INCHES)
RECORD
MAXIMUM 54.40 1983
MINIMUM 21.76 1964
TOTALS 44.04 39.06 4.98 40.33
DAILY AVG. 0.12 0.11 0.11
DAYS >= .01 133 132.3 0.7 130
DAYS >= .10 78 79.0 -1.0 79
DAYS >= .50 31 26.6 4.4 28
DAYS >= 1.00 8 8.0 0.0 6
GREATEST
24 HR. TOTAL 1.97 10/17 TO 10/17
DEGREE_DAYS
HEATING TOTAL 6493 7678 -1185 7336
SINCE 7/1 1909 2938 -1029 2747
COOLING TOTAL 416 353 63 600
SINCE 1/1 416 352 64 600
FREEZE DATES
RECORD
EARLIEST 08/29/1982
LATEST 06/01/2009
EARLIEST 09/29
LATEST 05/13
.................................................................
WIND (MPH)
AVERAGE WIND SPEED 5.3
HIGHEST WIND SPEED/DIRECTION 35/300 DATE 02/25
HIGHEST GUST SPEED/DIRECTION 45/300 DATE 02/25
WEATHER CONDITIONS. NUMBER OF DAYS WITH
THUNDERSTORM 24 MIXED PRECIP 0
HEAVY RAIN 32 RAIN 53
LIGHT RAIN 129 FREEZING RAIN 1
LT FREEZING RAIN 8 HAIL 0
HEAVY SNOW 7 SNOW 14
LIGHT SNOW 47 SLEET 1
FOG 214 FOG W/VIS <= 1/4 MILE 61
HAZE 40
- INDICATES NEGATIVE NUMBERS.
R INDICATES RECORD WAS SET OR TIED.
MM INDICATES DATA IS MISSING.
T INDICATES TRACE AMOUNT.
$$