000
CXUS51 KALY 010826
CLMGFL
CLIMATE REPORT
NATIONAL WEATHER SERVICE ALBANY NY
426 AM EDT WED NOV 01 2023
...................................
...THE GLENS FALLS NY CLIMATE SUMMARY FOR THE MONTH OF OCTOBER 2023...
CLIMATE NORMAL PERIOD: 1991 TO 2020
CLIMATE RECORD PERIOD: 1893 TO 2023
WEATHER OBSERVED NORMAL DEPART LAST YEAR`S
VALUE DATE(S) VALUE FROM VALUE DATE(S)
NORMAL
................................................................
TEMPERATURE (F)
RECORD
HIGH 87 10/07/1963
10/05/1951
10/12/1928
LOW 15 10/24/1969
HIGHEST 83 10/04 75 10/26
LOWEST 29 10/31 22 10/30
AVG. MAXIMUM 63.1 59.2 3.9 61.3
AVG. MINIMUM 42.2 36.8 5.4 34.6
MEAN 52.6 48.0 4.6 48.0
DAYS MAX >= 90 0 0.0 0.0 0
DAYS MAX <= 32 0 0.0 0.0 0
DAYS MIN <= 32 2 10.4 -8.4 13
DAYS MIN <= 0 0 0.0 0.0 0
PRECIPITATION (INCHES)
RECORD
MAXIMUM 8.49 2005
MINIMUM T 1963
TOTALS 3.47 3.68 -0.21 2.72
DAILY AVG. 0.11 0.09
DAYS >= .01 10 11.4 -1.4 8
DAYS >= .10 5 6.7 -1.7 6
DAYS >= .50 2 2.5 -0.5 2
DAYS >= 1.00 2 0.7 1.3 1
GREATEST
24 HR. TOTAL 1.42 10/07 TO 10/07
10/20 TO 10/21
DEGREE DAYS
HEATING TOTAL 378 528 -150 521
SINCE 7/1 547 769 -222 MM
COOLING TOTAL 2 2 0 0
SINCE 1/1 439 408 31 MM
................................................................
WIND (MPH)
AVERAGE WIND SPEED 3.7
HIGHEST WIND SPEED/DIRECTION 21/010 DATE 10/16
HIGHEST GUST SPEED/DIRECTION 27/310 DATE 10/12
SKY COVER
AVERAGE SKY COVER 0.60
AVERAGE RH (PERCENT) 78
WEATHER CONDITIONS. NUMBER OF DAYS WITH
THUNDERSTORM 0 MIXED PRECIP 0
HEAVY RAIN 3 RAIN 4
LIGHT RAIN 12 FREEZING RAIN 0
LT FREEZING RAIN 0 HAIL 0
HEAVY SNOW 0 SNOW 0
LIGHT SNOW 0 SLEET 0
FOG 22 FOG W/VIS <= 1/4 MILE 7
HAZE 4
- INDICATES NEGATIVE NUMBERS.
R INDICATES RECORD WAS SET OR TIED.
MM INDICATES DATA IS MISSING.
T INDICATES TRACE AMOUNT.
$$