000
CXUS54 KFWD 072147
CF6GKY
PRELIMINARY LOCAL CLIMATOLOGICAL DATA (WS FORM: F-6)
STATION: ARLINGTON
MONTH: JUNE
YEAR: 2022
LATITUDE: 32 39 N
LONGITUDE: 97 6 W
TEMPERATURE IN F: :PCPN: SNOW: WIND :SUNSHINE: SKY :PK WND
================================================================================
1 2 3 4 5 6A 6B 7 8 9 10 11 12 13 14 15 16 17 18
12Z AVG MX 2MIN
DY MAX MIN AVG DEP HDD CDD WTR SNW DPTH SPD SPD DIR MIN PSBL S-S WX SPD DR
================================================================================
1 91 76 84 5 0 19 T M M 8.0 18 150 M M 4 3 24 160
2 85 67 76 -3 0 11 0.14 M M 9.9 36 320 M M 1 13 51 280
3 84 69 77 -3 0 12 1.75 M M 6.1 32 250 M M 5 13 47 250
4 88 67 78 -2 0 13 0.00 M M 6.3 14 110 M M 2 1 18 90
5 93 72 83 3 0 18 0.00 M M 14.0 25 140 M M 0 34 140
6 95 76 86 6 0 21 0.00 M M 14.4 23 160 M M 0 34 140
7 94 76 85 4 0 20 0.00 M M 13.0 21 130 M M 1 31 130
8 91 75 83 2 0 18 T M M 11.5 26 360 M M 1 35 360
9 94 75 85 4 0 20 0.00 M M 6.5 12 100 M M 4 16 30
10 98 76 87 6 0 22 0.00 M M 7.1 15 160 M M 0 21 170
11 102 78 90 9 0 25 0.00 M M 9.9 20 140 M M 0 26 150
12 102 80 91 9 0 26 0.00 M M 11.6 21 140 M M 0 27 130
13 99 79 89 7 0 24 0.00 M M 14.4 24 150 M M 0 36 150
14 97 78 88 6 0 23 0.00 M M 16.7 26 150 M M 1 40 140
15 96 79 88 6 0 23 0.00 M M 14.2 23 150 M M 1 35 170
16 99 75 87 5 0 22 0.00 M M 8.1 16 150 M M 0 21 160
17 100 70 85 3 0 20 0.00 M M 4.6 23 100 M M 1 3 30 90
18 98 76 87 5 0 22 0.00 M M 6.0 17 110 M M 0 23 120
19 99 75 87 4 0 22 0.00 M M 6.4 26 90 M M 1 39 100
20 101 76 89 6 0 24 0.00 M M 9.1 17 130 M M 0 23 130
21 100 76 88 5 0 23 0.00 M M 7.8 16 110 M M 0 27 110
22 99 73 86 3 0 21 0.00 M M 5.1 15 120 M M 0 24 140
23 102 73 88 5 0 23 0.00 M M 5.0 14 110 M M 0 19 120
24 102 79 91 8 0 26 0.00 M M 7.2 18 140 M M 0 27 150
25 101 79 90 7 0 25 0.00 M M 8.1 17 150 M M 0 23 190
26 103 70 87 4 0 22 0.53 M M 8.0 33 100 M M 2 3 59 90
27 94 75 85 1 0 20 0.00 M M 10.1 17 40 M M 1 23 360
28 93 77 85 1 0 20 0.00 M M 7.9 16 40 M M 3 25 30
29 94 74 84 0 0 19 0.00 M M 6.4 14 30 M M 1 20 60
30 99 69 84 0 0 19 0.00 M M 7.2 17 140 M M 1 26 140
================================================================================
SM 2893 2240 0 623 2.42 M 270.6 M 30
================================================================================
AV 96.4 74.7 9.0 FASTST M M 1 MAX(MPH)
MISC ----> 36 320 59 90
================================================================================
NOTES:
# LAST OF SEVERAL OCCURRENCES
COLUMN 17 PEAK WIND IN M.P.H.
PRELIMINARY LOCAL CLIMATOLOGICAL DATA (WS FORM: F-6) , PAGE 2
STATION: ARLINGTON
MONTH: JUNE
YEAR: 2022
LATITUDE: 32 39 N
LONGITUDE: 97 6 W
[TEMPERATURE DATA] [PRECIPITATION DATA] SYMBOLS USED IN COLUMN 16
AVERAGE MONTHLY: 85.6 TOTAL FOR MONTH: 2.42 1 = FOG OR MIST
DPTR FM NORMAL: 3.7 DPTR FM NORMAL: -1.12 2 = FOG REDUCING VISIBILITY
HIGHEST: 103 ON 26 GRTST 24HR 1.75 ON 3- 3 TO 1/4 MILE OR LESS
LOWEST: 67 ON 4, 2 3 = THUNDER
SNOW, ICE PELLETS, HAIL 4 = ICE PELLETS
TOTAL MONTH: M 5 = HAIL
GRTST 24HR M ON M 6 = FREEZING RAIN OR DRIZZLE
GRTST DEPTH: M ON M 7 = DUSTSTORM OR SANDSTORM:
VSBY 1/2 MILE OR LESS
8 = SMOKE OR HAZE
[NO. OF DAYS WITH] [WEATHER - DAYS WITH] 9 = BLOWING SNOW
X = TORNADO
MAX 32 OR BELOW: 0 0.01 INCH OR MORE: 3
MAX 90 OR ABOVE: 27 0.10 INCH OR MORE: 3
MIN 32 OR BELOW: 0 0.50 INCH OR MORE: 2
MIN 0 OR BELOW: 0 1.00 INCH OR MORE: 1
[HDD (BASE 65) ]
TOTAL THIS MO. 0 CLEAR (SCALE 0-3) 27
DPTR FM NORMAL 0 PTCLDY (SCALE 4-7) 3
TOTAL FM JUL 1 1863 CLOUDY (SCALE 8-10) 0
DPTR FM NORMAL -262
[CDD (BASE 65) ]
TOTAL THIS MO. 623
DPTR FM NORMAL 116 [PRESSURE DATA]
TOTAL FM JAN 1 1212 HIGHEST SLP 30.18 ON 28
DPTR FM NORMAL 255 LOWEST SLP 29.58 ON 6
[REMARKS]
#FINAL-06-22#