000
CXUS52 KJAX 100922
CF6GNV
PRELIMINARY LOCAL CLIMATOLOGICAL DATA (WS FORM: F-6)
STATION: GAINESVILLE
MONTH: FEBRUARY
YEAR: 2024
LATITUDE: 29 40 N
LONGITUDE: 82 16 W
TEMPERATURE IN F: :PCPN: SNOW: WIND :SUNSHINE: SKY :PK WND
================================================================================
1 2 3 4 5 6A 6B 7 8 9 10 11 12 13 14 15 16 17 18
12Z AVG MX 2MIN
DY MAX MIN AVG DEP HDD CDD WTR SNW DPTH SPD SPD DIR MIN PSBL S-S WX SPD DR
================================================================================
1 67 36 52 -4 13 0 0.00 0.0 0 2.8 12 80 M M 0 15 30
2 71 42 57 1 8 0 0.00 0.0 0 4.0 13 260 M M 0 8 18 280
3 74 40 57 1 8 0 0.00 0.0 0 6.4 16 50 M M 1 1 22 50
4 71 55 63 6 2 0 0.15 0.0 0 8.5 26 110 M M 6 13 36 110
5 64 47 56 -1 9 0 0.00 0.0 0 6.1 17 10 M M 7 12 25 20
6 67 47 57 0 8 0 0.00 0.0 0 10.4 23 350 M M 2 31 360
7 62 41 52 -5 13 0 0.00 0.0 0 7.2 16 50 M M 1 8 23 40
8 74 40 57 0 8 0 0.00 0.0 0 3.8 14 130 M M 1 20 130
9 76 46 61 3 4 0 0.00 0.0 0 1.9 15 160 M M 3 1 20 160
10 78 49 64 6 1 0 0.00 0.0 0 3.0 14 180 M M 2 1 21 200
11 84 54 69 11 0 4 0.00 0.0 0 5.8 18 230 M M 4 25 230
12 81 59 70 12 0 5 0.34 0.0 0 10.5 25 210 M M 7 13 43 210
13 64 45 55 -3 10 0 0.00 0.0 0 9.1 20 260 M M 0 30 250
14 70 38 54 -4 11 0 0.00 0.0 0 4.4 13 50 M M 0 16 60
15 71 45 58 0 7 0 0.00 0.0 0 1.7 10 150 M M 0 15 160
16 71 48 60 1 5 0 0.00 0.0 0 2.5 13 280 M M 2 17 280
17 63 53 58 -1 7 0 0.69 0.0 0 2.1 7 20 M M 10 1 11 340
18 59 48 54 -5 11 0 0.91 0.0 0 7.5 14 20 M M 10 1 20 350
19 66 39 53 -6 12 0 0.03 0.0 0 5.2 12 330 M M 3 19 350
20 70 34 52 -7 13 0 0.00 0.0 0 2.0 12 130 M M 0 17 120
21 70 36 53 -6 12 0 0.00 0.0 0 4.5 17 60 M M 0 27 60
22 75 36 56 -4 9 0 0.00 0.0 0 4.3 15 250 M M 0 20 220
23 74 53 64 4 1 0 0.33 0.0 0 11.0 28 220 M M 6 1 41 200
24 73 49 61 1 4 0 0.00 0.0 0 9.3 22 240 M M 0 1 30 250
25 73 40 57 -3 8 0 0.00 0.0 0 3.6 12 100 M M 0 16 100
26 75 40 58 -2 7 0 0.00 0.0 0 3.2 14 180 M M 0 19 170
27 79 45 62 2 3 0 0.00 0.0 0 4.6 17 230 M M 0 24 170
28 81 53 67 7 0 2 T 0.0 0 9.5 23 230 M M 1 32 240
29 72 59 66 6 0 1 0.00 0.0 0 10.3 20 60 M M 9 1 26 60
================================================================================
SM 2075 1317 194 12 2.45 0.0 165.2 M 75
================================================================================
AV 71.6 45.4 5.7 FASTST M M 3 MAX(MPH)
MISC ----> 28 220 43 210
================================================================================
NOTES:
# LAST OF SEVERAL OCCURRENCES
COLUMN 17 PEAK WIND IN M.P.H.
PRELIMINARY LOCAL CLIMATOLOGICAL DATA (WS FORM: F-6) , PAGE 2
STATION: GAINESVILLE
MONTH: FEBRUARY
YEAR: 2024
LATITUDE: 29 40 N
LONGITUDE: 82 16 W
[TEMPERATURE DATA] [PRECIPITATION DATA] SYMBOLS USED IN COLUMN 16
AVERAGE MONTHLY: 58.5 TOTAL FOR MONTH: 2.45 1 = FOG OR MIST
DPTR FM NORMAL: 0.1 DPTR FM NORMAL: -0.22 2 = FOG REDUCING VISIBILITY
HIGHEST: 84 ON 11 GRTST 24HR 1.47 ON 17-18 TO 1/4 MILE OR LESS
LOWEST: 34 ON 20 3 = THUNDER
SNOW, ICE PELLETS, HAIL 4 = ICE PELLETS
TOTAL MONTH: 0.0 INCH 5 = HAIL
GRTST 24HR 0.0 6 = FREEZING RAIN OR DRIZZLE
GRTST DEPTH: 0 7 = DUSTSTORM OR SANDSTORM:
VSBY 1/2 MILE OR LESS
8 = SMOKE OR HAZE
[NO. OF DAYS WITH] [WEATHER - DAYS WITH] 9 = BLOWING SNOW
X = TORNADO
MAX 32 OR BELOW: 0 0.01 INCH OR MORE: 6
MAX 90 OR ABOVE: 0 0.10 INCH OR MORE: 5
MIN 32 OR BELOW: 0 0.50 INCH OR MORE: 2
MIN 0 OR BELOW: 0 1.00 INCH OR MORE: 0
[HDD (BASE 65) ]
TOTAL THIS MO. 194 CLEAR (SCALE 0-3) 21
DPTR FM NORMAL -19 PTCLDY (SCALE 4-7) 5
TOTAL FM JUL 1 787 CLOUDY (SCALE 8-10) 3
DPTR FM NORMAL -194
[CDD (BASE 65) ]
TOTAL THIS MO. 12
DPTR FM NORMAL -16 [PRESSURE DATA]
TOTAL FM JAN 1 48 HIGHEST SLP 30.36 ON 21
DPTR FM NORMAL 4 LOWEST SLP 29.51 ON 4
[REMARKS]
#FINAL-02-24#