000
CXUS55 KMSO 042133
CLMGPI
CLIMATE REPORT
NATIONAL WEATHER SERVICE MISSOULA MT
333 PM MDT MON SEP 04 2023
...................................
...THE KALISPELL MT CLIMATE SUMMARY FOR THE MONTH OF AUGUST 2023...
CLIMATE NORMAL PERIOD 1991 TO 2020
CLIMATE RECORD PERIOD 1894 TO 2023
WEATHER OBSERVED NORMAL DEPART LAST YEAR`S
VALUE DATE(S) VALUE FROM VALUE
NORMAL
..............................................................
TEMPERATURE (F)
RECORD
HIGH 105 08/04/1961
LOW 30 08/28/2000
08/25/1910
HIGHEST 100 08/17 MM MM 96
LOWEST 38 08/24 MM MM 35
AVG. MAXIMUM 83.8 81.7 2.1 86.9
AVG. MINIMUM 49.9 45.7 4.2 48.2
MEAN 66.8 63.7 3.1
DAYS MAX >= 90 11 6.1 4.9 11
DAYS MAX <= 32 0 0.0 0.0 0
DAYS MIN <= 32 0 0.3 -0.3 0
DAYS MIN <= 0 0 0.0 0.0 0
PRECIPITATION (INCHES)
RECORD
MAXIMUM 3.78 1976
MINIMUM T 1955
TOTALS 2.95 0.76 2.19
DAILY AVG. 0.10 0.02 0.08 0.00
DAYS >= .01 6 6.4 -0.4 5
DAYS >= .10 4 2.3 1.7 0
DAYS >= .50 3 0.2 2.8 0
DAYS >= 1.00 1 0.0 1.0 0
GREATEST
24 HR. TOTAL 1.31 08/29 TO 08/30 0.09
SNOWFALL (INCHES)
TOTALS 0.0 0.0 0.0 0.0
SINCE 7/1 0.0 0.0 0.0 MM
DAYS >= TRACE 0 0.0 0.0 0
DAYS >= 1.0 0 0.0 0.0 0
GREATEST
SNOW DEPTH 0
24 HR TOTAL MM MM
DEGREE DAYS
HEATING TOTAL 30 95 -65
SINCE 7/1 43 169 -126
COOLING TOTAL 94 54 40
SINCE 1/1 245 139 106
..............................................................
WIND (MPH)
AVERAGE WIND SPEED 5.4
HIGHEST WIND SPEED/DIRECTION 30/270 DATE 08/22
HIGHEST GUST SPEED/DIRECTION 67/230 DATE 08/22
SKY COVER
POSSIBLE SUNSHINE (PERCENT) MM
AVERAGE SKY COVER 0.19
NUMBER OF DAYS FAIR 25
NUMBER OF DAYS PC 4
NUMBER OF DAYS CLOUDY 2
AVERAGE RH (PERCENT) 57
WEATHER CONDITIONS. NUMBER OF DAYS WITH
THUNDERSTORM 4 MIXED PRECIP 0
HEAVY RAIN 1 RAIN 3
LIGHT RAIN 8 FREEZING RAIN 0
LT FREEZING RAIN 0 HAIL 0
HEAVY SNOW 0 SNOW 0
LIGHT SNOW 0 SLEET 0
FOG 10 FOG W/VIS <= 1/4 MILE 3
HAZE 18
- INDICATES NEGATIVE NUMBERS.
R INDICATES RECORD WAS SET OR TIED.
MM INDICATES DATA IS MISSING.
T INDICATES TRACE AMOUNT.
$$