000
CXUS53 KGID 011600 CCA
CF6GRI
PRELIMINARY LOCAL CLIMATOLOGICAL DATA (WS FORM: F-6)
STATION: GRAND ISLAND NE
MONTH: SEPTEMBER
YEAR: 2021
LATITUDE: 40 58 N
LONGITUDE: 98 19 W
TEMPERATURE IN F: :PCPN: SNOW: WIND :SUNSHINE: SKY :PK WND
================================================================================
1 2 3 4 5 6A 6B 7 8 9 10 11 12 13 14 15 16 17 18
12Z AVG MX 2MIN
DY MAX MIN AVG DEP HDD CDD WTR SNW DPTH SPD SPD DIR MIN PSBL S-S WX SPD DR
================================================================================
1 79 64 72 0 0 7 0.00 0.0 0 11.8 18 140 M M 4 27 140
2 77 66 72 1 0 7 0.19 0.0 0 11.4 25 160 M M 6 13 35 160
3 79 62 71 0 0 6 0.00 0.0 0 7.8 21 350 M M 5 1 28 350
4 79 62 71 0 0 6 0.00 0.0 0 4.9 13 340 M M 3 1 20 350
5 84 61 73 3 0 8 0.12 0.0 0 9.5 20 220 M M 3 3 28 220
6 91 62 77 7 0 12 0.00 0.0 0 9.2 15 200 M M 0 22 180
7 81 57 69 -1 0 4 0.00 0.0 0 11.1 25 10 M M 0 33 10
8 84 51 68 -2 0 3 0.00 0.0 0 5.2 10 280 M M 0 15 330
9 81 50 66 -3 0 1 0.00 0.0 0 5.9 14 110 M M 0 19 100
10 89 56 73 4 0 8 0.00 0.0 0 3.9 8 110 M M 0 18 12 140
11 99 60 80 12 0 15 0.00 0.0 0 7.0 18 220 M M 0 1 24 220
12 81 62 72 4 0 7 T 0.0 0 10.5 23 20 M M 1 13 34 350
13 87 60 74 6 0 9 0.00 0.0 0 6.2 16 10 M M 3 128 21 360
14 77 57 67 -1 0 2 0.00 0.0 0 7.4 16 360 M M 3 1 20 360
15 85 49 67 0 0 2 0.00 0.0 0 11.5 21 170 M M 1 1 28 190
16 94 67 81 14 0 16 0.00 0.0 0 16.5 26 190 M M 0 38 180
17 74 58 66 0 0 1 0.80 0.0 0 10.2 26 340 M M 4 13 37 360
18 88 54 71 5 0 6 0.00 0.0 0 9.4 22 190 M M 0 31 200
19 91 67 79 13 0 14 0.00 0.0 0 18.4 32 160 M M 0 45 170
20 76 50 63 -2 2 0 T 0.0 0 14.5 29 320 M M 4 3 37 330
21 73 47 60 -5 5 0 0.02 0.0 0 6.8 18 320 M M 2 25 320
22 77 41 59 -5 6 0 0.00 0.0 0 6.8 17 210 M M 0 18 210
23 85 49 67 3 0 2 0.00 0.0 0 9.6 20 170 M M 0 25 180
24 69 47 58 -5 7 0 T 0.0 0 9.3 25 350 M M 1 33 340
25 83 43 63 0 2 0 0.00 0.0 0 11.4 24 220 M M 0 38 240
26 95 49 72 10 0 7 0.00 0.0 0 7.4 18 200 M M 0 25 180
27 94 51 73 11 0 8 0.00 0.0 0 6.3 14 80 M M 0 8 18 110
28 95 52 74 12 0 9 0.00 0.0 0 8.6 18 180 M M 0 25 170
29 82 64 73 12 0 8 0.31 0.0 0 10.5 23 160 M M 2 13 32 140
30 69 56 63 2 2 0 0.04 0.0 0 11.6 21 320 M M 10 1 32 260
================================================================================
SM 2498 1674 24 168 1.48 0.0 280.6 M 52
================================================================================
AV 83.3 55.8 9.4 FASTST M M 2 MAX(MPH)
MISC ----> 32 160 45 170
================================================================================
NOTES:
# LAST OF SEVERAL OCCURRENCES
COLUMN 17 PEAK WIND IN M.P.H.
PRELIMINARY LOCAL CLIMATOLOGICAL DATA (WS FORM: F-6) , PAGE 2
STATION: GRAND ISLAND NE
MONTH: SEPTEMBER
YEAR: 2021
LATITUDE: 40 58 N
LONGITUDE: 98 19 W
[TEMPERATURE DATA] [PRECIPITATION DATA] SYMBOLS USED IN COLUMN 16
AVERAGE MONTHLY: 69.6 TOTAL FOR MONTH: 1.48 1 = FOG OR MIST
DPTR FM NORMAL: 3.0 DPTR FM NORMAL: -0.52 2 = FOG REDUCING VISIBILITY
HIGHEST: 99 ON 11 GRTST 24HR 0.80 ON 17-17 TO 1/4 MILE OR LESS
LOWEST: 41 ON 22 3 = THUNDER
SNOW, ICE PELLETS, HAIL 4 = ICE PELLETS
TOTAL MONTH: 0.0 INCH 5 = HAIL
GRTST 24HR 0.0 6 = FREEZING RAIN OR DRIZZLE
GRTST DEPTH: 0 7 = DUSTSTORM OR SANDSTORM:
VSBY 1/2 MILE OR LESS
8 = SMOKE OR HAZE
[NO. OF DAYS WITH] [WEATHER - DAYS WITH] 9 = BLOWING SNOW
X = TORNADO
MAX 32 OR BELOW: 0 0.01 INCH OR MORE: 6
MAX 90 OR ABOVE: 7 0.10 INCH OR MORE: 4
MIN 32 OR BELOW: 0 0.50 INCH OR MORE: 1
MIN 0 OR BELOW: 0 1.00 INCH OR MORE: 0
[HDD (BASE 65) ]
TOTAL THIS MO. 24 CLEAR (SCALE 0-3) 24
DPTR FM NORMAL -59 PTCLDY (SCALE 4-7) 5
TOTAL FM JUL 1 24 CLOUDY (SCALE 8-10) 1
DPTR FM NORMAL -65
[CDD (BASE 65) ]
TOTAL THIS MO. 168
DPTR FM NORMAL 37 [PRESSURE DATA]
TOTAL FM JAN 1 1339 HIGHEST SLP 30.42 ON 21
DPTR FM NORMAL 200 LOWEST SLP 29.55 ON 20
[REMARKS]
#FINAL-09-21#