758
CXGM50 PGUM 010005
CF6GSN
PRELIMINARY LOCAL CLIMATOLOGICAL DATA (WS FORM: F-6)
STATION: SAIPAN/ISLEY_(CGS) MP
MONTH: JUNE
YEAR: 2020
LATITUDE: 15 7 N
LONGITUDE: 145-44 E
TEMPERATURE IN F: :PCPN: SNOW: WIND :SUNSHINE: SKY :PK WND
================================================================================
1 2 3 4 5 6A 6B 7 8 9 10 11 12 13 14 15 16 17 18
12Z AVG MX 2MIN
DY MAX MIN AVG DEP HDD CDD WTR SNW DPTH SPD SPD DIR MIN PSBL S-S WX SPD DR
================================================================================
1 92 78 85 M 0 20 0.11 0.0 0 11.3 21 80 M M 4 26 70
2 90 77 84 M 0 19 0.38 0.0 0 10.4 18 40 M M 4 1 24 80
3 92 81 87 M 0 22 0.00 0.0 0 12.9 20 90 M M 2 24 80
4 92 81 87 M 0 22 0.00 0.0 0 13.2 20 70 M M 3 25 70
5 92 80 86 M 0 21 0.01 0.0 0 15.1 24 80 M M 2 28 100
6 91 80 86 M 0 21 0.04 0.0 0 13.6 21 90 M M 3 26 70
7 91 81 86 M 0 21 0.02 0.0 0 14.2 21 100 M M 4 25 80
8 92 81 87 M 0 22 T 0.0 0 15.9 22 80 M M 3 27 80
9 91 82 87 M 0 22 T 0.0 0 15.0 22 90 M M 3 27 90
10 92 78 85 M 0 20 0.47 0.0 0 13.3 24 80 M M 3 29 90
11 90 81 86 M 0 21 0.02 0.0 0 12.0 20 80 M M 3 24 80
12 90 81 86 M 0 21 0.00 0.0 0 13.1 20 80 M M 2 24 90
13 92 82 87 M 0 22 0.03 0.0 0 13.6 23 130 M M 3 32 120
14 92 82 87 M 0 22 0.00 0.0 0 14.6 21 90 M M 3 26 90
15 92 80 86 M 0 21 T 0.0 0 12.3 22 100 M M 3 29 100
16 89 80 85 M 0 20 0.07 0.0 M 12.4 18 70 M M 4 23 90
17 92 80 86 M 0 21 T 0.0 0 13.6 21 100 M M 3 27 90
18 93 83 88 M 0 23 0.01 0.0 0 13.8 20 100 M M 3 25 110
19 92 82 87 M 0 22 T 0.0 0 13.7 18 70 M M 2 25 90
20 91 82 87 M 0 22 0.01 0.0 0 11.8 16 90 M M 3 23 80
21 91 82 87 M 0 22 T 0.0 0 11.9 16 60 M M 3 22 90
22 92 82 87 M 0 22 0.06 0.0 0 13.0 21 90 M M 3 26 90
23 92 83 88 M 0 23 T 0.0 0 13.9 21 100 M M 3 27 90
24 92 82 87 M 0 22 0.01 0.0 0 13.8 22 100 M M 3 26 100
25 92 81 87 M 0 22 0.04 0.0 0 12.7 20 70 M M 3 24 70
26 92 81 87 M 0 22 0.13 0.0 0 14.1 22 80 M M 3 27 70
27 92 80 86 M 0 21 0.04 0.0 0 12.6 21 70 M M 3 24 70
28 92 80 86 M 0 21 0.01 0.0 0 11.0 23 80 M M 4 29 90
29 93 80 87 M 0 22 0.03 0.0 0 10.4 23 70 M M 3 27 70
30 92 79 86 M 0 21 0.37 0.0 0 13.4 28 90 M M 2 35 90
================================================================================
SM 2748 2422 0 643 1.86 0.0 392.6 M 90
================================================================================
AV 91.6 80.7 13.1 FASTST M M 3 MAX(MPH)
MISC ----> # 28 90 # 35 90
================================================================================
NOTES:
# LAST OF SEVERAL OCCURRENCES
COLUMN 17 PEAK WIND IN M.P.H.
PRELIMINARY LOCAL CLIMATOLOGICAL DATA (WS FORM: F-6) , PAGE 2
STATION: SAIPAN/ISLEY_(CGS) MP
MONTH: JUNE
YEAR: 2020
LATITUDE: 15 7 N
LONGITUDE: 145-44 E
[TEMPERATURE DATA] [PRECIPITATION DATA] SYMBOLS USED IN COLUMN 16
AVERAGE MONTHLY: 86.2 TOTAL FOR MONTH: 1.86 1 = FOG OR MIST
DPTR FM NORMAL: M DPTR FM NORMAL: -2.64 2 = FOG REDUCING VISIBILITY
HIGHEST: 93 ON 29,18 GRTST 24HR 0.47 ON 10-10 TO 1/4 MILE OR LESS
LOWEST: 77 ON 2 3 = THUNDER
SNOW, ICE PELLETS, HAIL 4 = ICE PELLETS
TOTAL MONTH: 0.0 INCH 5 = HAIL
GRTST 24HR 0.0 6 = FREEZING RAIN OR DRIZZLE
GRTST DEPTH: 0 7 = DUSTSTORM OR SANDSTORM:
VSBY 1/2 MILE OR LESS
8 = SMOKE OR HAZE
[NO. OF DAYS WITH] [WEATHER - DAYS WITH] 9 = BLOWING SNOW
X = TORNADO
MAX 32 OR BELOW: 0 0.01 INCH OR MORE: 19
MAX 90 OR ABOVE: 29 0.10 INCH OR MORE: 5
MIN 32 OR BELOW: 0 0.50 INCH OR MORE: 0
MIN 0 OR BELOW: 0 1.00 INCH OR MORE: 0
[HDD (BASE 65) ]
TOTAL THIS MO. 0 CLEAR (SCALE 0-3) 21
DPTR FM NORMAL M PTCLDY (SCALE 4-7) 9
TOTAL FM JUL 1 0 CLOUDY (SCALE 8-10) 0
DPTR FM NORMAL M
[CDD (BASE 65) ]
TOTAL THIS MO. 643
DPTR FM NORMAL M [PRESSURE DATA]
TOTAL FM JAN 1 3393 HIGHEST SLP M ON M
DPTR FM NORMAL M LOWEST SLP 29.86 ON M
[REMARKS]
#FINAL-06-20#