000
CXUS52 KGSP 010917
CF6GSP
PRELIMINARY LOCAL CLIMATOLOGICAL DATA (WS FORM: F-6)
STATION: GREENVILLE-SPARTANBURG SC
MONTH: FEBRUARY
YEAR: 2023
LATITUDE: 34 54 N
LONGITUDE: 82 13 W
TEMPERATURE IN F: :PCPN: SNOW: WIND :SUNSHINE: SKY :PK WND
================================================================================
1 2 3 4 5 6A 6B 7 8 9 10 11 12 13 14 15 16 17 18
12Z AVG MX 2MIN
DY MAX MIN AVG DEP HDD CDD WTR SNW DPTH SPD SPD DIR MIN PSBL S-S WX SPD DR
================================================================================
1 62 44 53 10 12 0 0.01 0.0 0 7.6 15 40 M M 9 1 20 80
2 47 42 45 1 20 0 0.78 0.0 0 3.1 9 50 M M 10 1 12 50
3 48 29 39 -5 26 0 T 0.0 0 8.0 17 360 M M 2 28 350
4 46 25 36 -8 29 0 0.00 0.0 0 3.1 10 120 M M 0 14 120
5 59 30 45 1 20 0 0.00 0.0 0 7.4 18 210 M M 1 22 210
6 65 34 50 6 15 0 0.00 0.0 0 4.3 14 360 M M 0 20 10
7 66 33 50 6 15 0 0.00 0.0 0 4.8 17 200 M M 0 27 220
8 71 39 55 11 10 0 0.00 0.0 0 4.5 12 210 M M 6 15 180
9 66 49 58 13 7 0 0.07 0.0 0 5.0 18 190 M M 7 1 22 190
10 68 50 59 14 6 0 0.05 0.0 0 5.3 13 220 M M 6 1 18 220
11 53 40 47 2 18 0 0.73 0.0 0 10.3 22 40 M M 3 13 31 30
12 47 37 42 -3 23 0 0.75 0.0 0 11.5 30 30 M M 9 1 40 30
13 68 35 52 6 13 0 0.00 0.0 0 5.6 18 240 M M 0 23 330
14 69 32 51 5 14 0 0.00 0.0 0 4.6 13 140 M M 0 19 140
15 57 40 49 3 16 0 0.02 0.0 0 4.4 12 210 M M 7 18 15 210
16 72 51 62 16 3 0 0.00 0.0 0 7.0 20 200 M M 9 1 24 220
17 66 36 51 5 14 0 0.68 0.0 0 13.0 23 230 M M 5 1 32 360
18 56 25 41 -5 24 0 0.00 0.0 0 2.5 8 140 M M 0 12 170
19 60 33 47 0 18 0 0.00 0.0 0 6.5 18 210 M M 2 25 200
20 71 46 59 12 6 0 0.00 0.0 0 11.5 22 210 M M 0 26 210
21 77 53 65 18 0 0 0.05 0.0 0 10.3 21 240 M M 3 1 30 240
22 78 56 67 20 0 2 0.00 0.0 0 12.2 26 220 M M 4 32 240
23 79 64 72 24 0 7 0.01 0.0 0 11.4 21 220 M M 6 1 29 240
24 77 53 65 17 0 0 0.01 0.0 0 6.8 17 10 M M 5 1 22 20
25 55 48 52 4 13 0 T 0.0 0 4.8 12 220 M M 10 18 15 90
26 63 50 57 9 8 0 0.00 0.0 0 2.3 9 60 M M 7 128 12 40
27 69 51 60 11 5 0 0.09 0.0 0 8.9 28 210 M M 6 12 39 230
28 79 53 66 17 0 1 0.00 0.0 0 8.3 18 210 M M 0 23 250
================================================================================
SM 1794 1178 335 10 3.25 0.0 195.0 M 117
================================================================================
AV 64.1 42.1 7.0 FASTST M M 4 MAX(MPH)
MISC ----> 30 30 40 30
================================================================================
NOTES:
# LAST OF SEVERAL OCCURRENCES
COLUMN 17 PEAK WIND IN M.P.H.
PRELIMINARY LOCAL CLIMATOLOGICAL DATA (WS FORM: F-6) , PAGE 2
STATION: GREENVILLE-SPARTANBURG SC
MONTH: FEBRUARY
YEAR: 2023
LATITUDE: 34 54 N
LONGITUDE: 82 13 W
[TEMPERATURE DATA] [PRECIPITATION DATA] SYMBOLS USED IN COLUMN 16
AVERAGE MONTHLY: 53.1 TOTAL FOR MONTH: 3.25 1 = FOG OR MIST
DPTR FM NORMAL: 7.2 DPTR FM NORMAL: -0.59 2 = FOG REDUCING VISIBILITY
HIGHEST: 79 ON 28,23 GRTST 24HR 1.48 ON 11-12 TO 1/4 MILE OR LESS
LOWEST: 25 ON 18, 4 3 = THUNDER
SNOW, ICE PELLETS, HAIL 4 = ICE PELLETS
TOTAL MONTH: 0.0 INCH 5 = HAIL
GRTST 24HR 0.0 6 = FREEZING RAIN OR DRIZZLE
GRTST DEPTH: 0 7 = DUSTSTORM OR SANDSTORM:
VSBY 1/2 MILE OR LESS
8 = SMOKE OR HAZE
[NO. OF DAYS WITH] [WEATHER - DAYS WITH] 9 = BLOWING SNOW
X = TORNADO
MAX 32 OR BELOW: 0 0.01 INCH OR MORE: 12
MAX 90 OR ABOVE: 0 0.10 INCH OR MORE: 4
MIN 32 OR BELOW: 5 0.50 INCH OR MORE: 4
MIN 0 OR BELOW: 0 1.00 INCH OR MORE: 0
[HDD (BASE 65) ]
TOTAL THIS MO. 335 CLEAR (SCALE 0-3) 11
DPTR FM NORMAL -201 PTCLDY (SCALE 4-7) 12
TOTAL FM JUL 1 2149 CLOUDY (SCALE 8-10) 5
DPTR FM NORMAL -277
[CDD (BASE 65) ]
TOTAL THIS MO. 10
DPTR FM NORMAL 9 [PRESSURE DATA]
TOTAL FM JAN 1 10 HIGHEST SLP 30.63 ON 4
DPTR FM NORMAL 10 LOWEST SLP 29.56 ON 27
[REMARKS]
#FINAL-02-23#