000
CXGM50 PGUM 010644
CF6GUM
PRELIMINARY LOCAL CLIMATOLOGICAL DATA (WS FORM: F-6)
STATION: GUAM INTERNATIONAL AIRPORT
MONTH: OCTOBER
YEAR: 2023
LATITUDE: 13 29 N
LONGITUDE: 144-48 E
TEMPERATURE IN F: :PCPN: SNOW: WIND :SUNSHINE: SKY :PK WND
================================================================================
1 2 3 4 5 6A 6B 7 8 9 10 11 12 13 14 15 16 17 18
12Z AVG MX 2MIN
DY MAX MIN AVG DEP HDD CDD WTR SNW DPTH SPD SPD DIR MIN PSBL S-S WX SPD DR
================================================================================
1 87 77 82 0 0 17 0.00 0.0 0 5.8 13 90 M M 3 16 90
2 88 78 83 1 0 18 0.09 0.0 0 9.8 22 30 M M 3 3 29 20
3 88 77 83 1 0 18 0.43 0.0 0 10.2 24 80 M M 3 3 32 80
4 87 77 82 0 0 17 0.33 0.0 0 9.9 22 80 M M 5 29 80
5 85 75 80 -2 0 15 2.35 0.0 0 10.1 22 110 M M 9 34 150
6 86 77 82 0 0 17 0.38 0.0 0 6.9 16 170 M M 4 24 180
7 87 75 81 -1 0 16 0.74 0.0 0 9.8 23 80 M M 4 29 70
8 87 78 83 1 0 18 0.19 0.0 0 11.3 20 90 M M 4 28 110
9 90 77 84 2 0 19 0.06 0.0 0 12.8 23 40 M M 3 31 40
10 82 75 79 -3 0 14 4.54 0.0 0 18.0 32 260 M M 9 46 260
11 87 78 83 1 0 18 0.04 0.0 0 14.3 30 230 M M 5 45 230
12 87 79 83 1 0 18 0.25 0.0 0 11.2 24 210 M M 5 38 170
13 82 75 79 -3 0 14 1.78 0.0 0 7.1 18 200 M M 7 3 28 230
14 86 73 80 -2 0 15 3.61 0.0 0 4.6 21 250 M M 6 3 28 240
15 86 73 80 -2 0 15 0.24 0.0 0 6.7 15 280 M M 6 20 290
16 86 74 80 -2 0 15 0.01 0.0 0 4.6 12 90 M M 2 16 110
17 86 78 82 0 0 17 0.02 0.0 0 6.9 15 60 M M 2 19 80
18 86 74 80 -2 0 15 0.05 0.0 0 10.0 23 80 M M 3 30 80
19 86 75 81 -1 0 16 0.68 0.0 0 7.5 24 70 M M 6 3 29 60
20 87 76 82 0 0 17 0.01 0.0 0 7.5 14 80 M M 2 20 90
21 89 75 82 0 0 17 0.02 0.0 0 9.1 17 70 M M 2 24 70
22 87 78 83 1 0 18 0.72 0.0 0 11.0 22 60 M M 4 3 29 40
23 87 78 83 1 0 18 0.12 0.0 0 12.4 23 100 M M 2 32 100
24 88 79 84 2 0 19 T 0.0 0 11.3 20 70 M M 2 27 80
25 87 77 82 0 0 17 0.03 0.0 0 6.9 17 90 M M 2 24 70
26 87 78 83 1 0 18 0.00 0.0 0 5.8 13 110 M M 2 17 110
27 85 77 81 -1 0 16 0.11 0.0 0 4.4 13 60 M M 4 16 60
28 87 77 82 0 0 17 0.23 0.0 0 8.5 17 110 M M 5 29 110
29 87 78 83 1 0 18 0.03 0.0 0 6.4 14 110 M M 5 20 120
30 88 79 84 2 0 19 0.01 0.0 0 9.1 17 100 M M 3 24 90
31 87 79 83 1 0 18 0.33 0.0 0 9.2 17 80 M M 3 26 110
================================================================================
SM 2685 2376 0 524 17.40 0.0 279.1 M 125
================================================================================
AV 86.6 76.6 9.0 FASTST M M 4 MAX(MPH)
MISC ----> 32 260 46 260
================================================================================
NOTES:
# LAST OF SEVERAL OCCURRENCES
COLUMN 17 PEAK WIND IN M.P.H.
PRELIMINARY LOCAL CLIMATOLOGICAL DATA (WS FORM: F-6) , PAGE 2
STATION: GUAM INTERNATIONAL AIRPORT
MONTH: OCTOBER
YEAR: 2023
LATITUDE: 13 29 N
LONGITUDE: 144-48 E
[TEMPERATURE DATA] [PRECIPITATION DATA] SYMBOLS USED IN COLUMN 16
AVERAGE MONTHLY: 81.6 TOTAL FOR MONTH: 17.40 1 = FOG OR MIST
DPTR FM NORMAL: -0.5 DPTR FM NORMAL: 4.67 2 = FOG REDUCING VISIBILITY
HIGHEST: 90 ON 9 GRTST 24HR 4.54 ON 10-10 TO 1/4 MILE OR LESS
LOWEST: 73 ON 15,14 3 = THUNDER
SNOW, ICE PELLETS, HAIL 4 = ICE PELLETS
TOTAL MONTH: 0.0 INCH 5 = HAIL
GRTST 24HR 0.0 6 = FREEZING RAIN OR DRIZZLE
GRTST DEPTH: 0 7 = DUSTSTORM OR SANDSTORM:
VSBY 1/2 MILE OR LESS
8 = SMOKE OR HAZE
[NO. OF DAYS WITH] [WEATHER - DAYS WITH] 9 = BLOWING SNOW
X = TORNADO
MAX 32 OR BELOW: 0 0.01 INCH OR MORE: 28
MAX 90 OR ABOVE: 1 0.10 INCH OR MORE: 17
MIN 32 OR BELOW: 0 0.50 INCH OR MORE: 7
MIN 0 OR BELOW: 0 1.00 INCH OR MORE: 4
[HDD (BASE 65) ]
TOTAL THIS MO. 0 CLEAR (SCALE 0-3) 14
DPTR FM NORMAL 0 PTCLDY (SCALE 4-7) 15
TOTAL FM JUL 1 0 CLOUDY (SCALE 8-10) 2
DPTR FM NORMAL 0
[CDD (BASE 65) ]
TOTAL THIS MO. 524
DPTR FM NORMAL -6 [PRESSURE DATA]
TOTAL FM JAN 1 5019 HIGHEST SLP 29.92 ON 1
DPTR FM NORMAL -141 LOWEST SLP 29.82 ON 1
[REMARKS]
#FINAL-10-23#