000
CXUS54 KAMA 010710
CF6GUY
PRELIMINARY LOCAL CLIMATOLOGICAL DATA (WS FORM: F-6)
STATION: GUYMON
MONTH: APRIL
YEAR: 2023
LATITUDE: 36 41 N
LONGITUDE: 101 30 W
TEMPERATURE IN F: :PCPN: SNOW: WIND :SUNSHINE: SKY :PK WND
================================================================================
1 2 3 4 5 6A 6B 7 8 9 10 11 12 13 14 15 16 17 18
12Z AVG MX 2MIN
DY MAX MIN AVG DEP HDD CDD WTR SNW DPTH SPD SPD DIR MIN PSBL S-S WX SPD DR
================================================================================
1 70 27 49 -3 16 0 0.00 M M 12.6 29 200 M M 0 40 210
2 85 44 65 12 0 0 0.00 M M 15.4 26 220 M M 0 34 220
3 87 40 64 11 1 0 0.00 M M 12.9 38 230 M M 0 51 230
4 78 34 56 3 9 0 0.00 M M 24.9 45 230 M M 4 8 62 220
5 53 25 39 -14 26 0 0.00 M M 11.5 22 350 M M 0 28 360
6 61 23 42 -12 23 0 0.00 M M 7.2 17 170 M M 0 30 160
7 69 25 47 -7 18 0 0.00 M M 10.3 22 200 M M 0 29 220
8 79 34 57 3 8 0 0.00 M M 14.3 23 200 M M 0 33 190
9 79 54 67 13 0 2 0.00 M M 13.1 22 20 M M 1 30 190
10 83 40 62 7 3 0 0.00 M M 6.9 17 10 M M 0 22 360
11 86 39 63 8 2 0 0.00 M M 9.1 22 180 M M 0 33 180
12 91 55 73 18 0 8 0.00 M M 20.7 30 210 M M 0 42 170
13 90 53 72 17 0 7 0.00 M M 18.7 38 240 M M 0 8 54 250
14 84 47 66 10 0 1 0.00 M M 14.8 40 350 M M 1 8 53 360
15 60 34 47 -9 18 0 T M M 17.2 40 350 M M 4 8 54 360
16 70 34 52 -4 13 0 0.00 M M 7.8 14 270 M M 0 20 230
17 86 39 63 7 2 0 0.00 M M 13.9 26 230 M M 0 40 210
18 91 53 72 16 0 7 0.00 M M 14.8 32 220 M M 0 46 200
19 86 50 68 11 0 3 0.00 M M 14.8 45 360 M M 0 8 59 360
20 63 38 51 -6 14 0 0.00 M M 16.5 41 360 M M 3 8 52 360
21 65 40 53 -4 12 0 0.00 M M 9.4 20 20 M M 2 27 210
22 50 37 44 -14 21 0 0.00 M M 14.2 26 30 M M 6 35 40
23 62 38 50 -8 15 0 0.00 M M 8.9 21 210 M M 4 32 230
24 56 37 47 -11 18 0 0.00 M M 13.8 24 200 M M 4 33 190
25 65 44 55 -3 10 0 0.43 M M 12.3 28 100 M M 9 13 39 130
26 49 44 47 -12 18 0 0.52 M M 12.9 23 20 M M 10 1 30 20
27 72 40 56 -3 9 0 T M M 8.2 30 20 M M 3 39 20
28 58 41 50 -9 15 0 0.22 M M 22.1 38 360 M M 8 53 20
29 78 37 58 -2 7 0 0.00 M M 11.0 25 340 M M 0 35 320
30 70 45 58 -2 7 0 0.00 M M 9.5 21 60 M M 0 30 50
================================================================================
SM 2176 1191 285 28 1.17 M 399.7 M 59
================================================================================
AV 72.5 39.7 13.3 FASTST M M 2 MAX(MPH)
MISC ----> # 45 230 62 220
================================================================================
NOTES:
# LAST OF SEVERAL OCCURRENCES
COLUMN 17 PEAK WIND IN M.P.H.
PRELIMINARY LOCAL CLIMATOLOGICAL DATA (WS FORM: F-6) , PAGE 2
STATION: GUYMON
MONTH: APRIL
YEAR: 2023
LATITUDE: 36 41 N
LONGITUDE: 101 30 W
[TEMPERATURE DATA] [PRECIPITATION DATA] SYMBOLS USED IN COLUMN 16
AVERAGE MONTHLY: 56.1 TOTAL FOR MONTH: 1.17 1 = FOG OR MIST
DPTR FM NORMAL: 0.1 DPTR FM NORMAL: -0.32 2 = FOG REDUCING VISIBILITY
HIGHEST: 91 ON 18,12 GRTST 24HR 0.94 ON 25-26 TO 1/4 MILE OR LESS
LOWEST: 23 ON 6 3 = THUNDER
SNOW, ICE PELLETS, HAIL 4 = ICE PELLETS
TOTAL MONTH: M 5 = HAIL
GRTST 24HR M ON M 6 = FREEZING RAIN OR DRIZZLE
GRTST DEPTH: M ON M 7 = DUSTSTORM OR SANDSTORM:
VSBY 1/2 MILE OR LESS
8 = SMOKE OR HAZE
[NO. OF DAYS WITH] [WEATHER - DAYS WITH] 9 = BLOWING SNOW
X = TORNADO
MAX 32 OR BELOW: 0 0.01 INCH OR MORE: 3
MAX 90 OR ABOVE: 3 0.10 INCH OR MORE: 3
MIN 32 OR BELOW: 4 0.50 INCH OR MORE: 1
MIN 0 OR BELOW: 0 1.00 INCH OR MORE: 0
[HDD (BASE 65) ]
TOTAL THIS MO. 285 CLEAR (SCALE 0-3) 21
DPTR FM NORMAL -4 PTCLDY (SCALE 4-7) 7
TOTAL FM JUL 1 4213 CLOUDY (SCALE 8-10) 2
DPTR FM NORMAL 12
[CDD (BASE 65) ]
TOTAL THIS MO. 28
DPTR FM NORMAL 9 [PRESSURE DATA]
TOTAL FM JAN 1 28 HIGHEST SLP M ON M
DPTR FM NORMAL 5 LOWEST SLP 29.21 ON 4
[REMARKS]
#FINAL-04-23#