000
CXUS54 KAMA 010710
CF6GUY
PRELIMINARY LOCAL CLIMATOLOGICAL DATA (WS FORM: F-6)
STATION: GUYMON
MONTH: JULY
YEAR: 2021
LATITUDE: 36 41 N
LONGITUDE: 101 30 W
TEMPERATURE IN F: :PCPN: SNOW: WIND :SUNSHINE: SKY :PK WND
================================================================================
1 2 3 4 5 6A 6B 7 8 9 10 11 12 13 14 15 16 17 18
12Z AVG MX 2MIN
DY MAX MIN AVG DEP HDD CDD WTR SNW DPTH SPD SPD DIR MIN PSBL S-S WX SPD DR
================================================================================
1 89 66 78 -2 0 13 0.35 M M 8.1 31 60 M M 4 13 45 60
2 83 65 74 -6 0 9 0.00 M M 6.0 18 100 M M 8 26 80
3 88 65 77 -3 0 12 0.00 M M 10.3 17 170 M M 4 12 25 140
4 88 64 76 -4 0 11 1.37 M M 11.7 40 80 M M 5 13 63 80
5 87 68 78 -2 0 13 0.00 M M 8.2 15 160 M M 4 1 23 130
6 87 66 77 -3 0 12 0.06 M M 8.7 25 10 M M 4 13 36 360
7 87 64 76 -4 0 11 0.00 M M 6.6 16 20 M M 2 21 20
8 92 61 77 -4 0 12 0.00 M M 7.7 15 190 M M 0 23 190
9 97 67 82 1 0 17 0.00 M M 15.0 25 190 M M 0 37 200
10 90 69 80 -1 0 15 T M M 10.0 20 40 M M 1 3 29 20
11 86 62 74 -7 0 9 0.00 M M 6.7 15 40 M M 2 22 50
12 93 57 75 -6 0 10 0.00 M M 7.5 17 170 M M 1 28 170
13 96 67 82 1 0 17 0.00 M M 13.5 24 200 M M 0 34 180
14 96 69 83 2 0 18 0.03 M M 20.8 31 270 M M 1 44 220
15 87 66 77 -4 0 12 0.01 M M 6.2 15 10 M M 2 20 320
16 95 62 79 -2 0 14 0.00 M M 5.8 14 160 M M 0 1 19 190
17 92 66 79 -2 0 14 0.38 M M 8.2 22 90 M M 4 13 35 170
18 94 65 80 -1 0 15 T M M 6.9 32 60 M M 1 3 53 50
19 87 63 75 -6 0 10 0.00 M M 4.7 13 100 M M 5 12 17 130
20 86 64 75 -6 0 10 0.00 M M 7.5 16 120 M M 1 1 23 110
21 88 60 74 -7 0 9 0.00 M M 11.4 21 190 M M 2 36 220
22 93 65 79 -2 0 14 0.00 M M 13.8 25 210 M M 1 33 210
23 96 63 80 -1 0 15 0.00 M M 12.5 22 210 M M 0 32 200
24 99 66 83 2 0 18 0.00 M M 7.4 15 170 M M 0 22 190
25 102 69 86 5 0 21 T M M 7.9 28 120 M M 3 3 40 130
26 94 68 81 0 0 16 0.07 M M 8.9 22 210 M M 2 13 31 210
27 98 66 82 1 0 17 0.00 M M 7.3 17 190 M M 0 25 210
28 101 70 86 5 0 21 0.00 M M 10.4 20 160 M M 0 32 170
29 97 66 82 1 0 17 0.00 M M 8.7 18 200 M M 1 27 190
30 100 68 84 3 0 19 0.00 M M 10.0 20 190 M M 1 28 210
31 99 67 83 2 0 18 0.37 M M 8.6 22 100 M M 1 13 34 110
================================================================================
SM 2867 2024 0 439 2.64 M 287.0 M 60
================================================================================
AV 92.5 65.3 9.3 FASTST M M 2 MAX(MPH)
MISC ----> 40 80 63 80
================================================================================
NOTES:
# LAST OF SEVERAL OCCURRENCES
COLUMN 17 PEAK WIND IN M.P.H.
PRELIMINARY LOCAL CLIMATOLOGICAL DATA (WS FORM: F-6) , PAGE 2
STATION: GUYMON
MONTH: JULY
YEAR: 2021
LATITUDE: 36 41 N
LONGITUDE: 101 30 W
[TEMPERATURE DATA] [PRECIPITATION DATA] SYMBOLS USED IN COLUMN 16
AVERAGE MONTHLY: 78.9 TOTAL FOR MONTH: 2.64 1 = FOG OR MIST
DPTR FM NORMAL: -1.9 DPTR FM NORMAL: 0.25 2 = FOG REDUCING VISIBILITY
HIGHEST: 102 ON 25 GRTST 24HR 1.37 ON 4- 4 TO 1/4 MILE OR LESS
LOWEST: 57 ON 12 3 = THUNDER
SNOW, ICE PELLETS, HAIL 4 = ICE PELLETS
TOTAL MONTH: M 5 = HAIL
GRTST 24HR M ON M 6 = FREEZING RAIN OR DRIZZLE
GRTST DEPTH: M ON M 7 = DUSTSTORM OR SANDSTORM:
VSBY 1/2 MILE OR LESS
8 = SMOKE OR HAZE
[NO. OF DAYS WITH] [WEATHER - DAYS WITH] 9 = BLOWING SNOW
X = TORNADO
MAX 32 OR BELOW: 0 0.01 INCH OR MORE: 8
MAX 90 OR ABOVE: 19 0.10 INCH OR MORE: 4
MIN 32 OR BELOW: 0 0.50 INCH OR MORE: 1
MIN 0 OR BELOW: 0 1.00 INCH OR MORE: 1
[HDD (BASE 65) ]
TOTAL THIS MO. 0 CLEAR (SCALE 0-3) 23
DPTR FM NORMAL 0 PTCLDY (SCALE 4-7) 8
TOTAL FM JUL 1 0 CLOUDY (SCALE 8-10) 0
DPTR FM NORMAL 0
[CDD (BASE 65) ]
TOTAL THIS MO. 439
DPTR FM NORMAL -49 [PRESSURE DATA]
TOTAL FM JAN 1 928 HIGHEST SLP M ON M
DPTR FM NORMAL -42 LOWEST SLP 29.71 ON 4
[REMARKS]
#FINAL-07-21#