636
CXUS54 KAMA 010710
CF6GUY
PRELIMINARY LOCAL CLIMATOLOGICAL DATA (WS FORM: F-6)
STATION: GUYMON
MONTH: JUNE
YEAR: 2020
LATITUDE: 36 41 N
LONGITUDE: 101 30 W
TEMPERATURE IN F: :PCPN: SNOW: WIND :SUNSHINE: SKY :PK WND
================================================================================
1 2 3 4 5 6A 6B 7 8 9 10 11 12 13 14 15 16 17 18
12Z AVG MX 2MIN
DY MAX MIN AVG DEP HDD CDD WTR SNW DPTH SPD SPD DIR MIN PSBL S-S WX SPD DR
================================================================================
1 92 58 75 5 0 10 0.00 M M 15.1 26 200 M M 0 32 160
2 98 63 81 11 0 16 0.00 M M 14.0 28 210 M M 0 34 210
3 98 63 81 11 0 16 T M M 7.7 31 260 M M 1 3 37 250
4 105 61 83 12 0 18 0.00 M M 10.9 25 50 M M 0 3 32 130
5 105 63 84 13 0 19 T M M 15.4 36 240 M M 0 43 220
6 100 71 86 15 0 21 0.00 M M 16.9 31 170 M M 0 42 180
7 98 74 86 14 0 21 0.00 M M 21.5 33 180 M M 0 45 140
8 102 70 86 14 0 21 0.00 M M 19.8 30 200 M M 0 41 190
9 82 47 65 -7 0 0 T M M 26.8 52 330 M M 6 8 63 320
10 86 42 64 -8 1 0 0.00 M M 7.8 15 310 M M 0 24 300
11 98 51 75 2 0 10 0.06 M M 14.5 30 210 M M 2 3 37 220
12 100 65 83 10 0 18 0.00 M M 15.1 29 220 M M 0 37 200
13 100 62 81 8 0 16 0.00 M M 18.1 33 210 M M 0 40 200
14 97 65 81 7 0 16 0.00 M M 20.1 33 200 M M 0 41 200
15 96 64 80 6 0 15 0.00 M M 17.0 28 200 M M 0 35 220
16 95 68 82 8 0 17 0.00 M M 16.9 31 190 M M 1 38 170
17 99 71 85 10 0 20 0.00 M M 21.9 32 190 M M 0 45 190
18 93 61 77 2 0 12 0.00 M M 14.6 26 180 M M 0 34 170
19 81 60 71 -4 0 6 0.11 M M 13.2 28 20 M M 6 13 34 20
20 91 63 77 1 0 12 0.03 M M 11.2 29 190 M M 4 1 40 180
21 100 64 82 6 0 17 T M M 12.1 28 40 M M 1 3 40 20
22 94 60 77 1 0 12 0.50 M M 10.1 43 260 M M 3 13 59 270
23 87 63 75 -1 0 10 0.00 M M 7.9 14 80 M M 0 20 150
24 95 66 81 4 0 16 0.00 M M 15.4 24 180 M M 0 32 180
25 98 68 83 6 0 18 0.00 M M 19.5 30 190 M M 0 42 190
26 101 69 85 8 0 20 0.00 M M 13.9 39 240 M M 0 49 250
27 102 68 85 8 0 20 T M M 13.9 32 10 M M 0 41 10
28 102 66 84 6 0 19 0.00 M M 14.6 29 180 M M 0 37 180
29 106 68 87 9 0 22 0.00 M M 13.3 26 200 M M 0 33 200
30 104 66 85 7 0 20 0.00 M M 13.0 26 210 M M 0 41 200
================================================================================
SM 2905 1900 1 458 0.70 M 452.2 M 24
================================================================================
AV 96.8 63.3 15.1 FASTST M M 1 MAX(MPH)
MISC ----> 52 330 63 320
================================================================================
NOTES:
# LAST OF SEVERAL OCCURRENCES
COLUMN 17 PEAK WIND IN M.P.H.
PRELIMINARY LOCAL CLIMATOLOGICAL DATA (WS FORM: F-6) , PAGE 2
STATION: GUYMON
MONTH: JUNE
YEAR: 2020
LATITUDE: 36 41 N
LONGITUDE: 101 30 W
[TEMPERATURE DATA] [PRECIPITATION DATA] SYMBOLS USED IN COLUMN 16
AVERAGE MONTHLY: 80.1 TOTAL FOR MONTH: 0.70 1 = FOG OR MIST
DPTR FM NORMAL: 6.0 DPTR FM NORMAL: -2.24 2 = FOG REDUCING VISIBILITY
HIGHEST: 106 ON 29 GRTST 24HR 0.50 ON 22-22 TO 1/4 MILE OR LESS
LOWEST: 42 ON 10 3 = THUNDER
SNOW, ICE PELLETS, HAIL 4 = ICE PELLETS
TOTAL MONTH: M 5 = HAIL
GRTST 24HR M ON M 6 = FREEZING RAIN OR DRIZZLE
GRTST DEPTH: M ON M 7 = DUSTSTORM OR SANDSTORM:
VSBY 1/2 MILE OR LESS
8 = SMOKE OR HAZE
[NO. OF DAYS WITH] [WEATHER - DAYS WITH] 9 = BLOWING SNOW
X = TORNADO
MAX 32 OR BELOW: 0 0.01 INCH OR MORE: 4
MAX 90 OR ABOVE: 26 0.10 INCH OR MORE: 2
MIN 32 OR BELOW: 0 0.50 INCH OR MORE: 1
MIN 0 OR BELOW: 0 1.00 INCH OR MORE: 0
[HDD (BASE 65) ]
TOTAL THIS MO. 1 CLEAR (SCALE 0-3) 27
DPTR FM NORMAL -7 PTCLDY (SCALE 4-7) 3
TOTAL FM JUL 1 4158 CLOUDY (SCALE 8-10) 0
DPTR FM NORMAL -297
[CDD (BASE 65) ]
TOTAL THIS MO. 458
DPTR FM NORMAL 178 [PRESSURE DATA]
TOTAL FM JAN 1 631 HIGHEST SLP M ON M
DPTR FM NORMAL 243 LOWEST SLP 29.33 ON 8
[REMARKS]
#FINAL-06-20#