000
CXUS52 KFFC 011010
CF6GVL
PRELIMINARY LOCAL CLIMATOLOGICAL DATA (WS FORM: F-6)
STATION: GAINESVILLE
MONTH: MAY
YEAR: 2022
LATITUDE: 34 16 N
LONGITUDE: 83 50 W
TEMPERATURE IN F: :PCPN: SNOW: WIND :SUNSHINE: SKY :PK WND
================================================================================
1 2 3 4 5 6A 6B 7 8 9 10 11 12 13 14 15 16 17 18
12Z AVG MX 2MIN
DY MAX MIN AVG DEP HDD CDD WTR SNW DPTH SPD SPD DIR MIN PSBL S-S WX SPD DR
================================================================================
1 81 61 71 6 0 6 0.00 M M 5.4 17 250 M M 4 24 270
2 85 63 74 9 0 9 0.00 M M 4.8 13 250 M M 1 3 18 260
3 86 63 75 10 0 10 0.00 M M 6.7 18 260 M M 2 26 270
4 84 64 74 8 0 9 0.32 M M 7.9 18 260 M M 3 13 28 260
5 85 60 73 7 0 8 T M M 3.4 12 240 M M 1 3 21 290
6 82 61 72 6 0 7 0.04 M M 9.2 31 250 M M 5 1 45 260
7 67 56 62 -4 3 0 0.01 M M 12.1 22 280 M M 7 1 32 290
8 72 52 62 -5 3 0 0.00 M M 7.3 16 100 M M 7 1 26 90
9 72 53 63 -4 2 0 0.00 M M 7.2 16 100 M M 5 22 100
10 81 53 67 0 0 2 0.00 M M 4.3 14 90 M M 0 19 60
11 82 59 71 4 0 6 0.00 M M 5.8 10 230 M M 0 17 230
12 84 61 73 5 0 8 0.00 M M 9.0 16 100 M M 1 30 50
13 79 63 71 3 0 6 0.00 M M 7.6 14 80 M M 7 3 21 70
14 82 60 71 3 0 6 0.00 M M 3.9 12 250 M M 4 12 19 220
15 82 64 73 5 0 8 0.00 M M 3.3 12 260 M M 2 18 250
16 86 62 74 5 0 9 0.00 M M 8.1 20 260 M M 0 28 290
17 82 58 70 1 0 5 0.00 M M 4.0 13 300 M M 0 19 260
18 87 57 72 3 0 7 0.00 M M 4.5 12 270 M M 0 17 180
19 91 68 80 11 0 15 0.00 M M 8.0 16 250 M M 1 24 260
20 88 70 79 9 0 14 0.00 M M 6.2 15 230 M M 0 22 230
21 87 68 78 8 0 13 0.13 M M 4.7 13 250 M M 2 13 18 230
22 87 67 77 7 0 12 0.01 M M 5.0 16 260 M M 3 22 250
23 74 66 70 0 0 5 1.32 M M 8.4 22 250 M M 7 1 39 230
24 83 64 74 3 0 9 0.00 M M 4.3 9 260 M M 2 128 14 230
25 70 62 66 -5 0 1 0.32 M M 12.0 28 90 M M 10 18 38 100
26 75 64 70 -1 0 5 0.83 M M 5.8 17 250 M M 10 13 26 260
27 80 64 72 0 0 7 0.07 M M 9.3 21 260 M M 5 1 29 240
28 82 57 70 -2 0 5 0.00 M M 3.8 10 290 M M 1 16 280
29 85 61 73 1 0 8 0.00 M M 4.3 12 140 M M 2 21 140
30 87 66 77 5 0 12 T M M 6.5 16 150 M M 5 28 160
31 87 66 77 5 0 12 0.00 M M 2.8 9 140 M M 2 13 140
================================================================================
SM 2535 1913 8 224 3.05 M 195.6 M 99
================================================================================
AV 81.8 61.7 6.3 FASTST M M 3 MAX(MPH)
MISC ----> 31 250 45 260
================================================================================
NOTES:
# LAST OF SEVERAL OCCURRENCES
COLUMN 17 PEAK WIND IN M.P.H.
PRELIMINARY LOCAL CLIMATOLOGICAL DATA (WS FORM: F-6) , PAGE 2
STATION: GAINESVILLE
MONTH: MAY
YEAR: 2022
LATITUDE: 34 16 N
LONGITUDE: 83 50 W
[TEMPERATURE DATA] [PRECIPITATION DATA] SYMBOLS USED IN COLUMN 16
AVERAGE MONTHLY: 71.7 TOTAL FOR MONTH: 3.05 1 = FOG OR MIST
DPTR FM NORMAL: 3.0 DPTR FM NORMAL: -0.96 2 = FOG REDUCING VISIBILITY
HIGHEST: 91 ON 19 GRTST 24HR 1.33 ON 22-23 TO 1/4 MILE OR LESS
LOWEST: 52 ON 8 3 = THUNDER
SNOW, ICE PELLETS, HAIL 4 = ICE PELLETS
TOTAL MONTH: M 5 = HAIL
GRTST 24HR M ON M 6 = FREEZING RAIN OR DRIZZLE
GRTST DEPTH: M ON M 7 = DUSTSTORM OR SANDSTORM:
VSBY 1/2 MILE OR LESS
8 = SMOKE OR HAZE
[NO. OF DAYS WITH] [WEATHER - DAYS WITH] 9 = BLOWING SNOW
X = TORNADO
MAX 32 OR BELOW: 0 0.01 INCH OR MORE: 9
MAX 90 OR ABOVE: 1 0.10 INCH OR MORE: 5
MIN 32 OR BELOW: 0 0.50 INCH OR MORE: 2
MIN 0 OR BELOW: 0 1.00 INCH OR MORE: 1
[HDD (BASE 65) ]
TOTAL THIS MO. 8 CLEAR (SCALE 0-3) 19
DPTR FM NORMAL -30 PTCLDY (SCALE 4-7) 10
TOTAL FM JUL 1 2356 CLOUDY (SCALE 8-10) 2
DPTR FM NORMAL -643
[CDD (BASE 65) ]
TOTAL THIS MO. 224
DPTR FM NORMAL 72 [PRESSURE DATA]
TOTAL FM JAN 1 259 HIGHEST SLP 30.31 ON 10
DPTR FM NORMAL 61 LOWEST SLP 29.59 ON 6
[REMARKS]
#FINAL-05-22#