000
CXUS52 KFFC 011110
CF6GVL
PRELIMINARY LOCAL CLIMATOLOGICAL DATA (WS FORM: F-6)
STATION: GAINESVILLE
MONTH: OCTOBER
YEAR: 2020
LATITUDE: 34 16 N
LONGITUDE: 83 50 W
TEMPERATURE IN F: :PCPN: SNOW: WIND :SUNSHINE: SKY :PK WND
================================================================================
1 2 3 4 5 6A 6B 7 8 9 10 11 12 13 14 15 16 17 18
12Z AVG MX 2MIN
DY MAX MIN AVG DEP HDD CDD WTR SNW DPTH SPD SPD DIR MIN PSBL S-S WX SPD DR
================================================================================
1 76 53 65 -1 0 0 0.00 M M 8.4 16 280 M M 0 21 260
2 69 46 58 -8 7 0 0.00 M M 4.7 10 320 M M 0 15 310
3 70 48 59 -7 6 0 0.00 M M 5.6 14 80 M M 0 23 110
4 70 49 60 -5 5 0 0.00 M M 3.2 10 70 M M 0 13 80
5 75 51 63 -2 2 0 0.00 M M 3.2 9 90 M M 0 12 110
6 77 53 65 0 0 0 0.00 M M 2.6 9 100 M M 0 12 80
7 80 54 67 3 0 2 0.00 M M 5.6 14 280 M M 0 18 290
8 83 58 71 7 0 6 0.00 M M 3.5 9 280 M M 0 11 160
9 69 61 65 1 0 0 0.19 M M 8.2 15 70 M M 3 1 22 80
10 71 61 66 3 0 1 5.51 M M 10.0 26 90 M M 10 123 34 80
11 72 68 70 7 0 5 0.16 M M 5.6 14 290 M M 9 1 17 290
12 77 64 71 8 0 6 T M M 5.6 14 260 M M 7 1 17 260
13 78 58 68 6 0 3 0.00 M M 6.8 14 290 M M 1 1 18 270
14 76 51 64 2 1 0 0.00 M M 5.2 12 60 M M 0 15 60
15 75 60 68 6 0 3 0.00 M M 3.5 9 100 M M 7 128 12 90
16 69 50 60 -2 5 0 0.00 M M 8.6 16 310 M M 3 12 22 300
17 64 41 53 -8 12 0 0.00 M M 7.1 14 90 M M 0 18 90
18 68 44 56 -5 9 0 0.00 M M 6.9 14 70 M M 1 19 70
19 74 49 62 1 3 0 0.00 M M 4.1 9 70 M M 1 12 100
20 77 53 65 5 0 0 0.00 M M 4.5 9 100 M M 0 14 100
21 80 58 69 9 0 4 0.00 M M 6.4 14 80 M M 4 17 80
22 79 61 70 10 0 5 0.00 M M 5.9 14 90 M M 3 19 110
23 80 64 72 12 0 7 0.00 M M 3.6 9 90 M M 5 12 150
24 79 63 71 12 0 6 T 0.0 M 3.4 12 260 M M 7 138 13 260
25 72 63 68 9 0 3 0.11 0.0 M 4.7 13 70 M M 10 1 16 80
26 66 58 62 3 3 0 T M M 5.1 12 80 M M 10 128 16 90
27 76 62 69 10 0 4 0.00 0.0 M 1.5 8 190 M M 7 1 11 150
28 71 65 68 10 0 3 0.57 M M 5.5 12 150 M M 10 12 17 160
29 79 51 65 7 0 0 1.22 M M 15.7 32 270 M M 7 1 47 170
30 64 48 56 -2 9 0 0.00 M M 10.4 21 270 M M 3 30 270
31 61 43 52 -6 13 0 T M M 9.9 20 90 M M 3 27 60
================================================================================
SM 2277 1708 75 58 7.76 0.0 185.0 M 111
================================================================================
AV 73.5 55.1 6.0 FASTST M M 4 MAX(MPH)
MISC ----> 32 270 47 170
================================================================================
NOTES:
# LAST OF SEVERAL OCCURRENCES
COLUMN 17 PEAK WIND IN M.P.H.
PRELIMINARY LOCAL CLIMATOLOGICAL DATA (WS FORM: F-6) , PAGE 2
STATION: GAINESVILLE
MONTH: OCTOBER
YEAR: 2020
LATITUDE: 34 16 N
LONGITUDE: 83 50 W
[TEMPERATURE DATA] [PRECIPITATION DATA] SYMBOLS USED IN COLUMN 16
AVERAGE MONTHLY: 64.3 TOTAL FOR MONTH: 7.76 1 = FOG OR MIST
DPTR FM NORMAL: 2.6 DPTR FM NORMAL: 3.68 2 = FOG REDUCING VISIBILITY
HIGHEST: 83 ON 8 GRTST 24HR 5.51 ON 10-10 TO 1/4 MILE OR LESS
LOWEST: 41 ON 17 3 = THUNDER
SNOW, ICE PELLETS, HAIL 4 = ICE PELLETS
TOTAL MONTH: 0.0 INCH 5 = HAIL
GRTST 24HR 0.0 6 = FREEZING RAIN OR DRIZZLE
GRTST DEPTH: M ON M 7 = DUSTSTORM OR SANDSTORM:
VSBY 1/2 MILE OR LESS
8 = SMOKE OR HAZE
[NO. OF DAYS WITH] [WEATHER - DAYS WITH] 9 = BLOWING SNOW
X = TORNADO
MAX 32 OR BELOW: 0 0.01 INCH OR MORE: 6
MAX 90 OR ABOVE: 0 0.10 INCH OR MORE: 6
MIN 32 OR BELOW: 0 0.50 INCH OR MORE: 3
MIN 0 OR BELOW: 0 1.00 INCH OR MORE: 2
[HDD (BASE 65) ]
TOTAL THIS MO. 75 CLEAR (SCALE 0-3) 18
DPTR FM NORMAL -70 PTCLDY (SCALE 4-7) 8
TOTAL FM JUL 1 103 CLOUDY (SCALE 8-10) 5
DPTR FM NORMAL -55
[CDD (BASE 65) ]
TOTAL THIS MO. 58
DPTR FM NORMAL 17 [PRESSURE DATA]
TOTAL FM JAN 1 1643 HIGHEST SLP 30.42 ON 31
DPTR FM NORMAL 61 LOWEST SLP 29.46 ON 29
[REMARKS]
#FINAL-10-20#