000
CXUS52 KFFC 011010
CF6GVL
PRELIMINARY LOCAL CLIMATOLOGICAL DATA (WS FORM: F-6)
STATION: GAINESVILLE
MONTH: JUNE
YEAR: 2020
LATITUDE: 34 16 N
LONGITUDE: 83 50 W
TEMPERATURE IN F: :PCPN: SNOW: WIND :SUNSHINE: SKY :PK WND
================================================================================
1 2 3 4 5 6A 6B 7 8 9 10 11 12 13 14 15 16 17 18
12Z AVG MX 2MIN
DY MAX MIN AVG DEP HDD CDD WTR SNW DPTH SPD SPD DIR MIN PSBL S-S WX SPD DR
================================================================================
1 79 65 72 0 0 7 0.00 0.0 M 7.5 15 90 M M 4 22 80
2 84 62 73 0 0 8 0.00 M M 3.2 12 240 M M 2 14 250
3 86 66 76 3 0 11 0.00 M M 6.3 14 290 M M 1 19 260
4 88 66 77 4 0 12 0.63 M M 6.2 15 240 M M 3 13 24 240
5 81 68 75 2 0 10 0.04 M M 6.2 16 250 M M 5 123 22 250
6 86 69 78 4 0 13 0.00 M M 3.8 9 230 M M 2 1 12 300
7 88 69 79 5 0 14 0.00 M M 3.4 10 130 M M 1 15 140
8 84 71 78 4 0 13 0.00 M M 6.5 13 90 M M 5 12 17 90
9 84 71 78 4 0 13 0.78 M M 5.2 21 260 M M 7 138 26 260
10 83 72 78 3 0 13 0.13 M M 5.1 12 200 M M 8 138 17 210
11 85 69 77 2 0 12 T M M 8.1 14 290 M M 3 18 300
12 85 67 76 1 0 11 0.00 M M 6.2 15 90 M M 4 21 80
13 85 66 76 1 0 11 0.00 M M 4.7 12 100 M M 3 16 80
14 82 62 72 -4 0 7 0.12 M M 5.6 15 20 M M 6 3 19 340
15 76 59 68 -8 0 3 0.37 M M 7.6 18 40 M M 5 13 23 30
16 72 56 64 -12 1 0 0.00 M M 7.8 18 60 M M 7 23 60
17 73 55 64 -12 1 0 0.00 M M 5.8 14 260 M M 8 18 270
18 79 62 71 -5 0 6 0.00 M M 3.9 13 260 M M 7 16 260
19 84 64 74 -3 0 9 0.09 M M 3.6 23 330 M M 2 3 30 320
20 87 62 75 -2 0 10 0.00 0.0 M 3.0 12 280 M M 0 24 210
21 87 66 77 0 0 12 0.80 0.0 M 3.6 23 260 M M 2 13 30 250
22 87 65 76 -1 0 11 0.53 0.0 M 5.8 18 230 M M 2 138 29 240
23 82 67 75 -2 0 10 0.54 0.0 M 7.8 21 230 M M 7 13 30 240
24 81 68 75 -2 0 10 0.09 M M 7.5 15 260 M M 5 21 260
25 82 67 75 -3 0 10 0.10 0.0 M 7.3 17 240 M M 5 1 21 240
26 83 68 76 -2 0 11 0.01 0.0 M 9.8 25 270 M M 4 32 260
27 85 66 76 -2 0 11 0.53 0.0 M 9.6 29 270 M M 4 138 41 280
28 87 68 78 0 0 13 0.10 0.0 M 8.5 20 250 M M 4 13 25 150
29 89 72 81 3 0 16 0.13 M M 7.5 22 290 M M 1 3 28 280
30 88 69 79 1 0 14 0.16 0.0 M 7.6 26 310 M M 1 37 320
================================================================================
SM 2502 1977 2 301 5.15 0.0 184.7 M 118
================================================================================
AV 83.4 65.9 6.2 FASTST M M 4 MAX(MPH)
MISC ----> 29 270 41 280
================================================================================
NOTES:
# LAST OF SEVERAL OCCURRENCES
COLUMN 17 PEAK WIND IN M.P.H.
PRELIMINARY LOCAL CLIMATOLOGICAL DATA (WS FORM: F-6) , PAGE 2
STATION: GAINESVILLE
MONTH: JUNE
YEAR: 2020
LATITUDE: 34 16 N
LONGITUDE: 83 50 W
[TEMPERATURE DATA] [PRECIPITATION DATA] SYMBOLS USED IN COLUMN 16
AVERAGE MONTHLY: 74.7 TOTAL FOR MONTH: 5.15 1 = FOG OR MIST
DPTR FM NORMAL: -1.0 DPTR FM NORMAL: 0.76 2 = FOG REDUCING VISIBILITY
HIGHEST: 89 ON 29 GRTST 24HR 0.99 ON 22-23 TO 1/4 MILE OR LESS
LOWEST: 55 ON 17 3 = THUNDER
SNOW, ICE PELLETS, HAIL 4 = ICE PELLETS
TOTAL MONTH: 0.0 INCH 5 = HAIL
GRTST 24HR 0.0 6 = FREEZING RAIN OR DRIZZLE
GRTST DEPTH: M ON M 7 = DUSTSTORM OR SANDSTORM:
VSBY 1/2 MILE OR LESS
8 = SMOKE OR HAZE
[NO. OF DAYS WITH] [WEATHER - DAYS WITH] 9 = BLOWING SNOW
X = TORNADO
MAX 32 OR BELOW: 0 0.01 INCH OR MORE: 17
MAX 90 OR ABOVE: 0 0.10 INCH OR MORE: 13
MIN 32 OR BELOW: 0 0.50 INCH OR MORE: 6
MIN 0 OR BELOW: 0 1.00 INCH OR MORE: 0
[HDD (BASE 65) ]
TOTAL THIS MO. 2 CLEAR (SCALE 0-3) 13
DPTR FM NORMAL -1 PTCLDY (SCALE 4-7) 15
TOTAL FM JUL 1 2644 CLOUDY (SCALE 8-10) 2
DPTR FM NORMAL -419
[CDD (BASE 65) ]
TOTAL THIS MO. 301
DPTR FM NORMAL -20 [PRESSURE DATA]
TOTAL FM JAN 1 467 HIGHEST SLP 30.27 ON 1
DPTR FM NORMAL -29 LOWEST SLP 29.83 ON 23
[REMARKS]
#FINAL-06-20#