000
CXUS54 KFWD 010730
CF6GVT
PRELIMINARY LOCAL CLIMATOLOGICAL DATA (WS FORM: F-6)
STATION: GREENVILLE
MONTH: OCTOBER
YEAR: 2021
LATITUDE: 33 4 N
LONGITUDE: 96 4 W
TEMPERATURE IN F: :PCPN: SNOW: WIND :SUNSHINE: SKY :PK WND
================================================================================
1 2 3 4 5 6A 6B 7 8 9 10 11 12 13 14 15 16 17 18
12Z AVG MX 2MIN
DY MAX MIN AVG DEP HDD CDD WTR SNW DPTH SPD SPD DIR MIN PSBL S-S WX SPD DR
================================================================================
1 77 66 72 0 0 7 0.03 M M 4.5 14 160 M M 5 M M
2 86 66 76 4 0 11 0.01 M M 5.5 10 240 M M 8 1 M M
3 86 60 73 2 0 8 0.00 M M 4.1 15 350 M M 2 1 17 350
4 87 56 72 1 0 7 0.01 M M 5.8 16 340 M M 1 1 21 320
5 87 55 71 1 0 6 0.00 M M 4.6 10 10 M M 0 M M
6 87 51 69 -1 0 4 0.00 M M 3.1 9 320 M M 0 M M
7 91 52 72 2 0 7 0.00 M M 5.5 13 140 M M 0 23 210
8 93 62 78 8 0 13 0.00 M M 9.8 18 190 M M 0 26 200
9 93 67 80 11 0 15 0.00 M M 12.4 18 190 M M 0 25 170
10 91 63 77 8 0 12 0.01 M M 17.4 26 170 M M 7 35 260
11 81 57 69 1 0 4 0.00 M M 6.7 14 250 M M 1 22 250
12 82 55 69 1 0 4 0.01 M M 7.1 18 140 M M 6 22 140
13 88 66 77 9 0 12 M M M 14.0 24 150 M M 8 1 30 170
14 86 66 76 8 0 11 0.01 M M 7.2 14 220 M M 7 1 23 90
15 82 54 68 1 0 3 0.01 M M 11.4 21 310 M M 4 28 310
16 73 46 60 -7 5 0 0.00 M M 6.1 14 360 M M 0 22 360
17 74 40 57 -10 8 0 0.00 M M 2.4 8 160 M M 0 M M
18 76 42 59 -7 6 0 0.00 M M 5.7 13 140 M M 0 8 18 160
19 79 49 64 -2 1 0 0.00 M M 9.6 16 140 M M 0 8 21 130
20 82 60 71 5 0 6 0.00 M M 6.8 14 170 M M 6 18 170
21 83 58 71 5 0 6 0.01 M M 5.6 10 10 M M 1 1 M M
22 83 50 67 2 0 2 0.00 M M 4.8 12 120 M M 0 M M
23 88 59 74 9 0 9 0.00 M M 10.4 18 180 M M 4 1 22 180
24 85 66 76 12 0 11 0.01 M M 12.4 21 170 M M 5 28 170
25 87 57 72 8 0 7 0.00 M M 4.6 12 360 M M 0 M M
26 83 62 73 9 0 8 0.00 M M 10.6 21 140 M M 5 8 28 150
27 75 58 67 3 0 2 0.02 M M 11.1 18 260 M M 7 18 40 260
28 71 57 64 1 1 0 0.00 M M 20.5 37 320 M M 2 44 320
29 70 51 61 -2 4 0 0.00 M M 14.3 24 340 M M 0 43 330
30 73 40 57 -6 8 0 0.00 M M 4.0 9 270 M M 0 M M
31 80 41 61 -1 4 0 0.00 M M 2.2 7 50 M M 0 8 M M
================================================================================
SM 2559 1732 37 175 0.13 M 250.2 M 79
================================================================================
AV 82.5 55.9 8.1 FASTST M M 3 MAX(MPH)
MISC ----> 37 320 44 320
================================================================================
NOTES:
# LAST OF SEVERAL OCCURRENCES
COLUMN 17 PEAK WIND IN M.P.H.
PRELIMINARY LOCAL CLIMATOLOGICAL DATA (WS FORM: F-6) , PAGE 2
STATION: GREENVILLE
MONTH: OCTOBER
YEAR: 2021
LATITUDE: 33 4 N
LONGITUDE: 96 4 W
[TEMPERATURE DATA] [PRECIPITATION DATA] SYMBOLS USED IN COLUMN 16
AVERAGE MONTHLY: 69.2 TOTAL FOR MONTH: 0.13 1 = FOG OR MIST
DPTR FM NORMAL: 2.2 DPTR FM NORMAL: -4.96 2 = FOG REDUCING VISIBILITY
HIGHEST: 93 ON 9, 8 GRTST 24HR 0.03 ON 1- 1 TO 1/4 MILE OR LESS
LOWEST: 40 ON 30,17 3 = THUNDER
SNOW, ICE PELLETS, HAIL 4 = ICE PELLETS
TOTAL MONTH: M 5 = HAIL
GRTST 24HR M ON M 6 = FREEZING RAIN OR DRIZZLE
GRTST DEPTH: M ON M 7 = DUSTSTORM OR SANDSTORM:
VSBY 1/2 MILE OR LESS
8 = SMOKE OR HAZE
[NO. OF DAYS WITH] [WEATHER - DAYS WITH] 9 = BLOWING SNOW
X = TORNADO
MAX 32 OR BELOW: 0 0.01 INCH OR MORE: 10
MAX 90 OR ABOVE: 4 0.10 INCH OR MORE: 0
MIN 32 OR BELOW: 0 0.50 INCH OR MORE: 0
MIN 0 OR BELOW: 0 1.00 INCH OR MORE: 0
[HDD (BASE 65) ]
TOTAL THIS MO. 37 CLEAR (SCALE 0-3) 19
DPTR FM NORMAL -37 PTCLDY (SCALE 4-7) 12
TOTAL FM JUL 1 37 CLOUDY (SCALE 8-10) 0
DPTR FM NORMAL -45
[CDD (BASE 65) ]
TOTAL THIS MO. 175
DPTR FM NORMAL 39 [PRESSURE DATA]
TOTAL FM JAN 1 2268 HIGHEST SLP M ON M
DPTR FM NORMAL -348 LOWEST SLP M ON M
[REMARKS]
#FINAL-10-21#