000
CXUS51 KGYX 012226
CF6GYX
PRELIMINARY LOCAL CLIMATOLOGICAL DATA (WS FORM: F-6)
STATION: GRAY ME
MONTH: JANUARY
YEAR: 2022
LATITUDE: 43 53 N
LONGITUDE: 70 15 W
TEMPERATURE IN F: :PCPN: SNOW: WIND :SUNSHINE: SKY :PK WND
================================================================================
1 2 3 4 5 6A 6B 7 8 9 10 11 12 13 14 15 16 17 18
12Z AVG MX 2MIN
DY MAX MIN AVG DEP HDD CDD WTR SNW DPTH SPD SPD DIR MIN PSBL S-S WX SPD DR
================================================================================
1 37 33 35 11 30 0 0.02 0.0 5 M M M M M M 12 M M
2 37 23 30 6 35 0 0.06 0.1 3 M M M M M M 1 M M
3 23 12 18 -5 47 0 0.00 0.0 2 M M M M M M M M
4 24 6 15 -8 50 0 0.00 0.0 2 M M M M M M M M
5 38 21 30 7 35 0 0.17 0.0 2 M M M M M M 12 M M
6 38 27 33 10 32 0 0.00 0.0 1 M M M M M M M M
7 29 20 25 2 40 0 0.29 3.4 2 M M M M M M M M
8 24 10 17 -5 48 0 0.00 0.0 5 M M M M M M M M
9 34 11 23 1 42 0 0.06 0.0 4 M M M M M M M M
10 35 9 22 0 43 0 0.00 0.0 3 M M M M M M M M
11 9 -3 3 -19 62 0 0.00 0.0 3 M M M M M M M M
12 25 -3 11 -11 54 0 0.00 0.0 3 M M M M M M M M
13 30 20 25 3 40 0 T T 3 M M M M M M M M
14 34 10 22 0 43 0 0.00 0.0 3 M M M M M M M M
15 10 -4 3 -19 62 0 0.00 0.0 3 M M M M M M M M
16 20 -3 9 -13 56 0 0.00 0.0 3 M M M M M M M M
17 44 15 30 8 35 0 0.96 4.5 3 M M M M M M M M
18 34 5 20 -1 45 0 T T 6 M M M M M M M M
19 30 3 17 -4 48 0 T T 6 M M M M M M M M
20 34 7 21 0 44 0 0.00 0.0 6 M M M M M M M M
21 15 -2 7 -14 58 0 0.00 0.0 6 M M M M M M M M
22 14 -6 4 -17 61 0 0.00 0.0 6 M M M M M M M M
23 29 4 17 -4 48 0 0.00 0.0 6 M M M M M M M M
24 24 12 18 -3 47 0 0.02 0.5 6 M M M M M M M M
25 31 15 23 2 42 0 0.07 1.0 7 M M M M M M 1 M M
26 19 -1 9 -12 56 0 0.00 0.0 7 M M M M M M M M
27 19 -9 5 -16 60 0 0.00 0.0 7 M M M M M M M M
28 29 18 24 2 41 0 0.00 0.0 7 M M M M M M M M
29 19 7 13 -9 52 0 0.52 8.1 7 M M M M M M M M
30 18 7 13 -9 52 0 T T 12 M M M M M M M M
31 24 0 12 -10 53 0 0.00 0.0 12 M M M M M M M M
================================================================================
SM 830 264 1461 0 2.17 17.6 M M M
================================================================================
AV 26.8 8.5 M FASTST M M M MAX(MPH)
MISC ----> M M M M
================================================================================
NOTES:
# LAST OF SEVERAL OCCURRENCES
COLUMN 17 PEAK WIND IN M.P.H.
PRELIMINARY LOCAL CLIMATOLOGICAL DATA (WS FORM: F-6) , PAGE 2
STATION: GRAY ME
MONTH: JANUARY
YEAR: 2022
LATITUDE: 43 53 N
LONGITUDE: 70 15 W
[TEMPERATURE DATA] [PRECIPITATION DATA] SYMBOLS USED IN COLUMN 16
AVERAGE MONTHLY: 17.6 TOTAL FOR MONTH: 2.17 1 = FOG OR MIST
DPTR FM NORMAL: -4.4 DPTR FM NORMAL: -1.38 2 = FOG REDUCING VISIBILITY
HIGHEST: 44 ON 17 GRTST 24HR 0.96 ON 17-17 TO 1/4 MILE OR LESS
LOWEST: -9 ON 27 3 = THUNDER
SNOW, ICE PELLETS, HAIL 4 = ICE PELLETS
TOTAL MONTH: 17.6 INCHES 5 = HAIL
GRTST 24HR 8.1 ON 29-29 6 = FREEZING RAIN OR DRIZZLE
GRTST DEPTH: 12 ON 31,30 7 = DUSTSTORM OR SANDSTORM:
VSBY 1/2 MILE OR LESS
8 = SMOKE OR HAZE
[NO. OF DAYS WITH] [WEATHER - DAYS WITH] 9 = BLOWING SNOW
X = TORNADO
MAX 32 OR BELOW: 21 0.01 INCH OR MORE: 9
MAX 90 OR ABOVE: 0 0.10 INCH OR MORE: 4
MIN 32 OR BELOW: 30 0.50 INCH OR MORE: 2
MIN 0 OR BELOW: 9 1.00 INCH OR MORE: 0
[HDD (BASE 65) ]
TOTAL THIS MO. 1461 CLEAR (SCALE 0-3) 0
DPTR FM NORMAL 128 PTCLDY (SCALE 4-7) 0
TOTAL FM JUL 1 3779 CLOUDY (SCALE 8-10) 31
DPTR FM NORMAL -170
[CDD (BASE 65) ]
TOTAL THIS MO. 0
DPTR FM NORMAL 0 [PRESSURE DATA]
TOTAL FM JAN 1 0 HIGHEST SLP M ON M
DPTR FM NORMAL 0 LOWEST SLP M ON M
[REMARKS]
#FINAL-01-22#