000
CXUS51 KGYX 011608
CF6GYX
PRELIMINARY LOCAL CLIMATOLOGICAL DATA (WS FORM: F-6)
STATION: GRAY ME
MONTH: SEPTEMBER
YEAR: 2021
LATITUDE: 43 53 N
LONGITUDE: 70 15 W
TEMPERATURE IN F: :PCPN: SNOW: WIND :SUNSHINE: SKY :PK WND
================================================================================
1 2 3 4 5 6A 6B 7 8 9 10 11 12 13 14 15 16 17 18
12Z AVG MX 2MIN
DY MAX MIN AVG DEP HDD CDD WTR SNW DPTH SPD SPD DIR MIN PSBL S-S WX SPD DR
================================================================================
1 73 57 65 -1 0 0 0.36 0.0 0 M M M M M M 1 M M
2 69 56 63 -3 2 0 1.21 0.0 0 M M M M M M M M
3 72 55 64 -2 1 0 T 0.0 0 M M M M M M M M
4 75 57 66 1 0 1 0.00 0.0 0 M M M M M M M M
5 70 51 61 -4 4 0 0.10 0.0 0 M M M M M M M M
6 77 57 67 2 0 2 0.16 0.0 0 M M M M M M M M
7 76 54 65 1 0 0 T 0.0 0 M M M M M M M M
8 78 55 67 3 0 2 0.00 0.0 0 M M M M M M M M
9 69 65 67 3 0 2 1.35 0.0 0 M M M M M M 1 M M
10 73 54 64 1 1 0 0.21 0.0 0 M M M M M M M M
11 74 52 63 0 2 0 0.00 0.0 0 M M M M M M M M
12 78 54 66 4 0 1 0.00 0.0 0 M M M M M M M M
13 74 57 66 4 0 1 T 0.0 0 M M M M M M M M
14 71 53 62 0 3 0 0.00 0.0 0 M M M M M M M M
15 78 62 70 9 0 5 0.35 0.0 0 M M M M M M 13 M M
16 70 54 62 1 3 0 0.05 0.0 0 M M M M M M M M
17 69 52 61 0 4 0 T 0.0 0 M M M M M M 1 M M
18 79 60 70 10 0 5 0.04 0.0 0 M M M M M M 123 M M
19 70 53 62 2 3 0 0.00 0.0 0 M M M M M M M M
20 67 49 58 -1 7 0 0.00 0.0 0 M M M M M M M M
21 68 51 60 1 5 0 0.00 0.0 0 M M M M M M 1 M M
22 73 61 67 9 0 2 0.02 0.0 0 M M M M M M 1 M M
23 75 62 69 11 0 4 0.03 0.0 0 M M M M M M M M
24 70 62 66 8 0 1 0.87 0.0 0 M M M M M M 1 M M
25 71 59 65 8 0 0 0.04 0.0 0 M M M M M M M M
26 70 52 61 4 4 0 0.40 0.0 0 M M M M M M M M
27 69 50 60 4 5 0 0.03 0.0 0 M M M M M M M M
28 63 51 57 1 8 0 0.01 0.0 0 M M M M M M M M
29 63 46 55 -1 10 0 T 0.0 0 M M M M M M M M
30 58 46 52 -3 13 0 0.09 0.0 0 M M M M M M M M
================================================================================
SM 2142 1647 75 26 5.32 0.0 M M M
================================================================================
AV 71.4 54.9 M FASTST M M M MAX(MPH)
MISC ----> M M M M
================================================================================
NOTES:
# LAST OF SEVERAL OCCURRENCES
COLUMN 17 PEAK WIND IN M.P.H.
PRELIMINARY LOCAL CLIMATOLOGICAL DATA (WS FORM: F-6) , PAGE 2
STATION: GRAY ME
MONTH: SEPTEMBER
YEAR: 2021
LATITUDE: 43 53 N
LONGITUDE: 70 15 W
[TEMPERATURE DATA] [PRECIPITATION DATA] SYMBOLS USED IN COLUMN 16
AVERAGE MONTHLY: 63.2 TOTAL FOR MONTH: 5.32 1 = FOG OR MIST
DPTR FM NORMAL: 2.3 DPTR FM NORMAL: 1.00 2 = FOG REDUCING VISIBILITY
HIGHEST: 79 ON 18 GRTST 24HR 1.35 ON 9- 9 TO 1/4 MILE OR LESS
LOWEST: 46 ON 30,29 3 = THUNDER
SNOW, ICE PELLETS, HAIL 4 = ICE PELLETS
TOTAL MONTH: 0.0 INCH 5 = HAIL
GRTST 24HR 0.0 6 = FREEZING RAIN OR DRIZZLE
GRTST DEPTH: 0 7 = DUSTSTORM OR SANDSTORM:
VSBY 1/2 MILE OR LESS
8 = SMOKE OR HAZE
[NO. OF DAYS WITH] [WEATHER - DAYS WITH] 9 = BLOWING SNOW
X = TORNADO
MAX 32 OR BELOW: 0 0.01 INCH OR MORE: 17
MAX 90 OR ABOVE: 0 0.10 INCH OR MORE: 9
MIN 32 OR BELOW: 0 0.50 INCH OR MORE: 3
MIN 0 OR BELOW: 0 1.00 INCH OR MORE: 2
[HDD (BASE 65) ]
TOTAL THIS MO. 75 CLEAR (SCALE 0-3) 0
DPTR FM NORMAL -83 PTCLDY (SCALE 4-7) 0
TOTAL FM JUL 1 123 CLOUDY (SCALE 8-10) 30
DPTR FM NORMAL -71
[CDD (BASE 65) ]
TOTAL THIS MO. 26
DPTR FM NORMAL -10 [PRESSURE DATA]
TOTAL FM JAN 1 536 HIGHEST SLP M ON M
DPTR FM NORMAL 143 LOWEST SLP M ON M
[REMARKS]
#FINAL-09-21#