000
CXUS51 KGYX 011021
CF6GYX
PRELIMINARY LOCAL CLIMATOLOGICAL DATA (WS FORM: F-6)
STATION: GRAY ME
MONTH: NOVEMBER
YEAR: 2023
LATITUDE: 43 53 N
LONGITUDE: 70 15 W
TEMPERATURE IN F: :PCPN: SNOW: WIND :SUNSHINE: SKY :PK WND
================================================================================
1 2 3 4 5 6A 6B 7 8 9 10 11 12 13 14 15 16 17 18
12Z AVG MX 2MIN
DY MAX MIN AVG DEP HDD CDD WTR SNW DPTH SPD SPD DIR MIN PSBL S-S WX SPD DR
================================================================================
1 43 27 35 -9 30 0 T T 0 M M M M M M M M
2 42 27 35 -9 30 0 0.00 0.0 0 M M M M M M M M
3 51 31 41 -2 24 0 0.00 0.0 0 M M M M M M M M
4 55 41 48 5 17 0 T 0.0 0 M M M M M M M M
5 53 36 45 2 20 0 T 0.0 0 M M M M M M M M
6 45 29 37 -5 28 0 0.00 0.0 0 M M M M M M M M
7 59 40 50 8 15 0 0.13 0.0 0 M M M M M M 3 M M
8 40 31 36 -6 29 0 0.00 0.0 0 M M M M M M M M
9 32 29 31 -10 34 0 0.03 T 0 M M M M M M 1 M M
10 45 31 38 -3 27 0 0.00 0.0 0 M M M M M M M M
11 40 27 34 -6 31 0 0.00 0.0 0 M M M M M M M M
12 38 25 32 -8 33 0 0.00 0.0 0 M M M M M M M M
13 37 22 30 -10 35 0 0.00 0.0 0 M M M M M M M M
14 41 29 35 -4 30 0 T T 0 M M M M M M M M
15 44 28 36 -3 29 0 0.00 0.0 0 M M M M M M M M
16 56 31 44 5 21 0 0.00 0.0 0 M M M M M M M M
17 57 36 47 9 18 0 T 0.0 0 M M M M M M M M
18 52 30 41 3 24 0 0.41 0.0 0 M M M M M M M M
19 46 26 36 -2 29 0 T 0.0 0 M M M M M M M M
20 35 24 30 -7 35 0 0.00 0.0 0 M M M M M M M M
21 36 21 29 -8 36 0 0.00 0.0 0 M M M M M M M M
22 42 32 37 1 28 0 1.44 0.1 0 M M M M M M M M
23 46 33 40 4 25 0 0.00 0.0 0 M M M M M M M M
24 42 22 32 -4 33 0 0.00 0.0 0 M M M M M M M M
25 31 17 24 -11 41 0 0.00 0.0 0 M M M M M M M M
26 42 22 32 -3 33 0 T 0.0 0 M M M M M M M M
27 50 34 42 8 23 0 1.29 0.0 0 M M M M M M M M
28 38 25 32 -2 33 0 T T 0 M M M M M M M M
29 30 21 26 -8 39 0 0.00 0.0 0 M M M M M M M M
30 41 21 31 -2 34 0 0.00 0.0 0 M M M M M M M M
================================================================================
SM 1309 848 864 0 3.30 0.1 M M M
================================================================================
AV 43.6 28.3 M FASTST M M M MAX(MPH)
MISC ----> M M M M
================================================================================
NOTES:
# LAST OF SEVERAL OCCURRENCES
COLUMN 17 PEAK WIND IN M.P.H.
PRELIMINARY LOCAL CLIMATOLOGICAL DATA (WS FORM: F-6) , PAGE 2
STATION: GRAY ME
MONTH: NOVEMBER
YEAR: 2023
LATITUDE: 43 53 N
LONGITUDE: 70 15 W
[TEMPERATURE DATA] [PRECIPITATION DATA] SYMBOLS USED IN COLUMN 16
AVERAGE MONTHLY: 36.0 TOTAL FOR MONTH: 3.30 1 = FOG OR MIST
DPTR FM NORMAL: -2.8 DPTR FM NORMAL: -1.35 2 = FOG REDUCING VISIBILITY
HIGHEST: 59 ON 7 GRTST 24HR 1.44 ON 22-22 TO 1/4 MILE OR LESS
LOWEST: 17 ON 25 3 = THUNDER
SNOW, ICE PELLETS, HAIL 4 = ICE PELLETS
TOTAL MONTH: 0.1 INCH 5 = HAIL
GRTST 24HR 0.1 ON 22-22 6 = FREEZING RAIN OR DRIZZLE
GRTST DEPTH: 0 7 = DUSTSTORM OR SANDSTORM:
VSBY 1/2 MILE OR LESS
8 = SMOKE OR HAZE
[NO. OF DAYS WITH] [WEATHER - DAYS WITH] 9 = BLOWING SNOW
X = TORNADO
MAX 32 OR BELOW: 3 0.01 INCH OR MORE: 5
MAX 90 OR ABOVE: 0 0.10 INCH OR MORE: 4
MIN 32 OR BELOW: 24 0.50 INCH OR MORE: 2
MIN 0 OR BELOW: 0 1.00 INCH OR MORE: 2
[HDD (BASE 65) ]
TOTAL THIS MO. 864 CLEAR (SCALE 0-3) 0
DPTR FM NORMAL 76 PTCLDY (SCALE 4-7) 0
TOTAL FM JUL 1 1302 CLOUDY (SCALE 8-10) 30
DPTR FM NORMAL -169
[CDD (BASE 65) ]
TOTAL THIS MO. 0
DPTR FM NORMAL 0 [PRESSURE DATA]
TOTAL FM JAN 1 429 HIGHEST SLP M ON M
DPTR FM NORMAL 34 LOWEST SLP M ON M
[REMARKS]
#FINAL-11-23#