000
CXUS54 KJAN 011510
CF6HBG
PRELIMINARY LOCAL CLIMATOLOGICAL DATA (WS FORM: F-6)
STATION: HATTIESBURG
MONTH: NOVEMBER
YEAR: 2021
LATITUDE: 31 16 N
LONGITUDE: 89 15 W
TEMPERATURE IN F: :PCPN: SNOW: WIND :SUNSHINE: SKY :PK WND
================================================================================
1 2 3 4 5 6A 6B 7 8 9 10 11 12 13 14 15 16 17 18
12Z AVG MX 2MIN
DY MAX MIN AVG DEP HDD CDD WTR SNW DPTH SPD SPD DIR MIN PSBL S-S WX SPD DR
================================================================================
1 75 48 62 1 3 0 0.00 0.0 0 1.4 9 330 M M 0 1 17 10
2 73 48 61 1 4 0 0.00 0.0 0 3.8 13 20 M M 0 1 17 30
3 69 48 59 -1 6 0 0.00 0.0 0 4.3 12 10 M M 1 18 360
4 60 49 55 -5 10 0 0.01 0.0 0 6.6 13 40 M M 9 21 50
5 62 47 55 -4 10 0 0.00 0.0 0 5.0 12 30 M M 8 1 18 360
6 64 42 53 -6 12 0 0.00 0.0 0 3.1 15 340 M M 1 12 22 360
7 68 38 53 -6 12 0 0.00 0.0 0 2.2 10 360 M M 0 1 19 10
8 76 38 57 -1 8 0 0.00 0.0 0 0.6 7 30 M M 0 1 9 40
9 76 40 58 0 7 0 0.00 0.0 0 0.4 6 330 M M 0 8 10 340
10 76 45 61 3 4 0 0.00 0.0 0 2.1 13 140 M M 3 12 15 130
11 76 51 64 6 1 0 0.02 0.0 0 4.2 18 200 M M 4 13 24 200
12 74 47 61 4 4 0 0.00 0.0 0 1.9 12 180 M M 4 12 17 160
13 57 37 47 -10 18 0 0.00 0.0 0 5.9 21 320 M M 0 30 310
14 67 33 50 -7 15 0 0.00 0.0 0 1.6 9 260 M M 0 13 190
15 73 41 57 1 8 0 0.00 0.0 0 2.0 10 240 M M 1 15 260
16 76 47 62 6 3 0 0.00 0.0 0 2.2 12 160 M M 0 16 150
17 80 50 65 9 0 0 0.00 0.0 0 4.9 16 150 M M 5 1 27 170
18 77 50 64 8 1 0 0.00 0.0 0 5.3 20 320 M M 8 12 29 340
19 64 37 51 -5 14 0 0.00 0.0 0 5.8 15 30 M M 0 25 40
20 73 34 54 -1 11 0 0.00 0.0 0 1.1 8 120 M M 0 10 120
21 77 47 62 7 3 0 0.00 0.0 0 2.7 9 230 M M 3 15 220
22 67 45 56 1 9 0 0.70 0.0 0 6.2 15 330 M M 5 13 25 330
23 62 36 49 -6 16 0 0.00 0.0 0 2.3 8 50 M M 0 15 60
24 69 33 51 -3 14 0 0.00 0.0 0 3.5 17 140 M M 0 23 130
25 74 46 60 6 5 0 0.07 0.0 0 2.9 13 340 M M 7 1 20 330
26 61 36 49 -5 16 0 0.00 0.0 0 6.5 16 30 M M 3 22 350
27 63 30 47 -7 18 0 T 0.0 0 1.8 8 230 M M 2 12 12 230
28 56 42 49 -5 16 0 T 0.0 0 2.9 9 340 M M 8 1 15 340
29 64 37 51 -3 14 0 0.00 0.0 0 2.3 10 350 M M 0 18 15 360
30 70 34 52 -2 13 0 0.00 0.0 0 0.5 7 180 M M 0 14 70
================================================================================
SM 2079 1256 275 0 0.80 0.0 96.0 M 72
================================================================================
AV 69.3 41.9 3.2 FASTST M M 2 MAX(MPH)
MISC ----> 21 320 30 310
================================================================================
NOTES:
# LAST OF SEVERAL OCCURRENCES
COLUMN 17 PEAK WIND IN M.P.H.
PRELIMINARY LOCAL CLIMATOLOGICAL DATA (WS FORM: F-6) , PAGE 2
STATION: HATTIESBURG
MONTH: NOVEMBER
YEAR: 2021
LATITUDE: 31 16 N
LONGITUDE: 89 15 W
[TEMPERATURE DATA] [PRECIPITATION DATA] SYMBOLS USED IN COLUMN 16
AVERAGE MONTHLY: 55.6 TOTAL FOR MONTH: 0.80 1 = FOG OR MIST
DPTR FM NORMAL: -1.0 DPTR FM NORMAL: -2.90 2 = FOG REDUCING VISIBILITY
HIGHEST: 80 ON 17 GRTST 24HR 0.70 ON 22-22 TO 1/4 MILE OR LESS
LOWEST: 30 ON 27 3 = THUNDER
SNOW, ICE PELLETS, HAIL 4 = ICE PELLETS
TOTAL MONTH: 0.0 INCH 5 = HAIL
GRTST 24HR 0.0 6 = FREEZING RAIN OR DRIZZLE
GRTST DEPTH: 0 7 = DUSTSTORM OR SANDSTORM:
VSBY 1/2 MILE OR LESS
8 = SMOKE OR HAZE
[NO. OF DAYS WITH] [WEATHER - DAYS WITH] 9 = BLOWING SNOW
X = TORNADO
MAX 32 OR BELOW: 0 0.01 INCH OR MORE: 4
MAX 90 OR ABOVE: 0 0.10 INCH OR MORE: 1
MIN 32 OR BELOW: 1 0.50 INCH OR MORE: 1
MIN 0 OR BELOW: 0 1.00 INCH OR MORE: 0
[HDD (BASE 65) ]
TOTAL THIS MO. 275 CLEAR (SCALE 0-3) 21
DPTR FM NORMAL -1 PTCLDY (SCALE 4-7) 7
TOTAL FM JUL 1 313 CLOUDY (SCALE 8-10) 2
DPTR FM NORMAL -35
[CDD (BASE 65) ]
TOTAL THIS MO. 0
DPTR FM NORMAL -24 [PRESSURE DATA]
TOTAL FM JAN 1 2469 HIGHEST SLP 30.43 ON 19
DPTR FM NORMAL 6 LOWEST SLP 29.92 ON 11
[REMARKS]
#FINAL-11-21#