000
CXUS54 KJAN 022116
CF6HBG
PRELIMINARY LOCAL CLIMATOLOGICAL DATA (WS FORM: F-6)
STATION: HATTIESBURG
MONTH: FEBRUARY
YEAR: 2021
LATITUDE: 31 16 N
LONGITUDE: 89 15 W
TEMPERATURE IN F: :PCPN: SNOW: WIND :SUNSHINE: SKY :PK WND
================================================================================
1 2 3 4 5 6A 6B 7 8 9 10 11 12 13 14 15 16 17 18
12Z AVG MX 2MIN
DY MAX MIN AVG DEP HDD CDD WTR SNW DPTH SPD SPD DIR MIN PSBL S-S WX SPD DR
================================================================================
1 49 37 43 -6 22 0 0.00 0.0 0 13.2 25 330 M M 9 37 320
2 56 30 43 -6 22 0 0.00 0.0 0 6.0 14 300 M M 0 18 340
3 62 28 45 -4 20 0 0.00 0.0 0 0.9 7 140 M M 0 18 11 360
4 72 33 53 4 12 0 0.00 0.0 0 8.0 21 200 M M 4 32 170
5 64 43 54 4 11 0 0.43 0.0 0 6.2 18 320 M M 10 1 28 320
6 47 44 46 -4 19 0 1.47 0.0 0 5.0 13 60 M M 10 1 19 70
7 53 35 44 -6 21 0 0.00 0.0 0 6.4 17 340 M M 6 26 360
8 65 31 48 -2 17 0 T 0.0 0 2.7 14 130 M M 5 1 19 150
9 71 49 60 10 5 0 0.31 0.0 0 1.9 12 40 M M 7 123 16 40
10 76 48 62 11 3 0 0.49 0.0 0 2.7 14 150 M M 9 123 18 150
11 67 46 57 6 8 0 2.53 0.0 0 4.6 24 300 M M 10 13 35 300
12 46 38 42 -9 23 0 0.03 0.0 0 9.0 17 350 M M 10 1 30 350
13 41 36 39 -12 26 0 T 0.0 0 9.2 15 340 M M 10 1 23 360
14 39 32 36 -15 29 0 T 0.0 0 9.2 14 360 M M 10 168 20 30
15 34 20 27 -25 38 0 0.49 M M 10.4 26 300 M M 10 13 41 300
16 25 18 22 -30 43 0 T T 0 7.7 15 320 M M 10 22 320
17 42 20 31 -21 34 0 0.94 0.0 0 7.3 17 120 M M 7 13 27 30
18 44 32 38 -15 27 0 0.23 0.0 0 8.9 17 350 M M 10 1 25 340
19 51 29 40 -13 25 0 0.00 0.0 0 9.2 16 350 M M 5 1 26 320
20 61 24 43 -10 22 0 0.00 0.0 0 1.1 7 170 M M 0 1 10 60
21 68 27 48 -5 17 0 0.00 0.0 0 6.8 20 140 M M 4 29 140
22 70 38 54 0 11 0 0.00 0.0 0 5.8 18 310 M M 4 12 26 320
23 74 30 52 -2 13 0 0.00 0.0 0 3.4 10 190 M M 0 16 190
24 78 34 56 2 9 0 0.00 0.0 0 5.5 16 240 M M 4 27 240
25 77 55 66 11 0 1 0.00 0.0 0 1.1 8 340 M M 7 1 13 310
26 83 61 72 17 0 7 0.08 0.0 0 8.2 20 200 M M 6 1 26 170
27 83 64 74 19 0 9 0.00 0.0 0 8.5 17 160 M M 6 1 26 170
28 84 68 76 21 0 11 T 0.0 0 11.1 22 170 M M 6 30 170
================================================================================
SM 1682 1050 477 28 7.00 T 180.0 M 179
================================================================================
AV 60.1 37.5 6.4 FASTST M M 6 MAX(MPH)
MISC ----> 26 300 41 300
================================================================================
NOTES:
# LAST OF SEVERAL OCCURRENCES
COLUMN 17 PEAK WIND IN M.P.H.
PRELIMINARY LOCAL CLIMATOLOGICAL DATA (WS FORM: F-6) , PAGE 2
STATION: HATTIESBURG
MONTH: FEBRUARY
YEAR: 2021
LATITUDE: 31 16 N
LONGITUDE: 89 15 W
[TEMPERATURE DATA] [PRECIPITATION DATA] SYMBOLS USED IN COLUMN 16
AVERAGE MONTHLY: 48.8 TOTAL FOR MONTH: 7.00 1 = FOG OR MIST
DPTR FM NORMAL: -3.0 DPTR FM NORMAL: 1.61 2 = FOG REDUCING VISIBILITY
HIGHEST: 84 ON 28 GRTST 24HR 2.84 ON 10-11 TO 1/4 MILE OR LESS
LOWEST: 18 ON 16 3 = THUNDER
SNOW, ICE PELLETS, HAIL 4 = ICE PELLETS
TOTAL MONTH: T 5 = HAIL
GRTST 24HR T ON 16-16 6 = FREEZING RAIN OR DRIZZLE
GRTST DEPTH: 0 7 = DUSTSTORM OR SANDSTORM:
VSBY 1/2 MILE OR LESS
8 = SMOKE OR HAZE
[NO. OF DAYS WITH] [WEATHER - DAYS WITH] 9 = BLOWING SNOW
X = TORNADO
MAX 32 OR BELOW: 1 0.01 INCH OR MORE: 10
MAX 90 OR ABOVE: 0 0.10 INCH OR MORE: 8
MIN 32 OR BELOW: 12 0.50 INCH OR MORE: 3
MIN 0 OR BELOW: 0 1.00 INCH OR MORE: 2
[HDD (BASE 65) ]
TOTAL THIS MO. 477 CLEAR (SCALE 0-3) 4
DPTR FM NORMAL 98 PTCLDY (SCALE 4-7) 13
TOTAL FM JUL 1 1640 CLOUDY (SCALE 8-10) 11
DPTR FM NORMAL -37
[CDD (BASE 65) ]
TOTAL THIS MO. 28
DPTR FM NORMAL 19 [PRESSURE DATA]
TOTAL FM JAN 1 34 HIGHEST SLP 30.48 ON 20
DPTR FM NORMAL 25 LOWEST SLP 29.82 ON 5
[REMARKS]
#FINAL-02-21#